{"id":20873,"date":"2022-03-04T13:03:33","date_gmt":"2022-03-04T12:03:33","guid":{"rendered":"https:\/\/agora.xtec.cat\/ieslaromanica\/?page_id=20873"},"modified":"2023-01-23T10:50:57","modified_gmt":"2023-01-23T09:50:57","slug":"innovafp-2","status":"publish","type":"page","link":"https:\/\/agora.xtec.cat\/ieslaromanica\/cicles-formatius\/xarxes-de-fp\/innovafp-2\/","title":{"rendered":"InnovaFP"},"content":{"rendered":"<p><a href=\"https:\/\/agora.xtec.cat\/ieslaromanica\/wp-content\/uploads\/usu857\/2021\/09\/innovaFP.png\"><img loading=\"lazy\" decoding=\"async\" class=\"wp-image-19812 aligncenter\" src=\"https:\/\/agora.xtec.cat\/ieslaromanica\/wp-content\/uploads\/usu857\/2021\/09\/innovaFP-1024x284.png\" alt=\"\" width=\"349\" height=\"97\" srcset=\"https:\/\/agora.xtec.cat\/ieslaromanica\/wp-content\/uploads\/usu857\/2021\/09\/innovaFP-1024x284.png 1024w, https:\/\/agora.xtec.cat\/ieslaromanica\/wp-content\/uploads\/usu857\/2021\/09\/innovaFP-300x83.png 300w, https:\/\/agora.xtec.cat\/ieslaromanica\/wp-content\/uploads\/usu857\/2021\/09\/innovaFP-768x213.png 768w, https:\/\/agora.xtec.cat\/ieslaromanica\/wp-content\/uploads\/usu857\/2021\/09\/innovaFP.png 1362w\" sizes=\"auto, (max-width: 349px) 100vw, 349px\" \/><\/a><\/p>\n<p style=\"text-align: justify;\">L&#8217;objectiu de la xarxa InnovaFP \u00e9s promoure la col\u00b7laboraci\u00f3 entre els centres de formaci\u00f3 professional i les empreses mitjan\u00e7ant projectes d\u2019innovaci\u00f3. Es fonamenta, principalment en l\u2019actualitzaci\u00f3 de coneixements per poder desenvolupar projectes d\u2019innovaci\u00f3 que comptin amb el suport d\u2019altres organitzacions per tal de promoure la transferencia de coneixements entre aquests espais.<\/p>\n<p style=\"text-align: justify;\">Es busca tamb\u00e9, la creaci\u00f3 de vincles entre centres i empreses. Mitjan\u00e7ant el treball conjunt es poden portar a terme projectes que facin m\u00e9s forta la uni\u00f3 entre el camp educatiu i empresarial, ja que ambd\u00f3s poden nodrir-se del coneixement de l\u2019altre, actualitzar-se cont\u00ednuament i guanyar en competitivitat.<\/p>\n<p style=\"text-align: justify;\">En aquest programa trobem 4 actors principals: els alumnes, el professorat, els centres educatius i les entitats o organitzacions.<\/p>\n","protected":false},"excerpt":{"rendered":"<p><a href=\"https:\/\/agora.xtec.cat\/ieslaromanica\/wp-content\/uploads\/usu857\/2021\/09\/innovaFP.png\"><\/a><br \/>\nL&#8217;objectiu de la xarxa InnovaFP \u00e9s promoure la col\u00b7laboraci\u00f3 entre els centres de formaci\u00f3 professional i les empreses mitjan\u00e7ant projectes d\u2019innovaci\u00f3. Es fonamenta, principalment en l\u2019actualitzaci\u00f3 de coneixements per poder desenvolupar projectes d\u2019innovaci\u00f3 que comptin amb el suport d\u2019altres organitzacions per tal de promoure&hellip;  <a href=\"https:\/\/agora.xtec.cat\/ieslaromanica\/cicles-formatius\/xarxes-de-fp\/innovafp-2\/\" title=\"Read InnovaFP\">Llegeix m\u00e9s\u00bb<\/a><\/p>\n","protected":false},"author":35,"featured_media":0,"parent":20868,"menu_order":0,"comment_status":"closed","ping_status":"closed","template":"page-templates\/side-menu.php","meta":{"_bbp_topic_count":0,"_bbp_reply_count":0,"_bbp_total_topic_count":0,"_bbp_total_reply_count":0,"_bbp_voice_count":0,"_bbp_anonymous_reply_count":0,"_bbp_topic_count_hidden":0,"_bbp_reply_count_hidden":0,"_bbp_forum_subforum_count":0,"footnotes":""},"class_list":["post-20873","page","type-page","status-publish","hentry"],"post_mailing_queue_ids":[],"_links":{"self":[{"href":"https:\/\/agora.xtec.cat\/ieslaromanica\/wp-json\/wp\/v2\/pages\/20873","targetHints":{"allow":["GET"]}}],"collection":[{"href":"https:\/\/agora.xtec.cat\/ieslaromanica\/wp-json\/wp\/v2\/pages"}],"about":[{"href":"https:\/\/agora.xtec.cat\/ieslaromanica\/wp-json\/wp\/v2\/types\/page"}],"author":[{"embeddable":true,"href":"https:\/\/agora.xtec.cat\/ieslaromanica\/wp-json\/wp\/v2\/users\/35"}],"replies":[{"embeddable":true,"href":"https:\/\/agora.xtec.cat\/ieslaromanica\/wp-json\/wp\/v2\/comments?post=20873"}],"version-history":[{"count":3,"href":"https:\/\/agora.xtec.cat\/ieslaromanica\/wp-json\/wp\/v2\/pages\/20873\/revisions"}],"predecessor-version":[{"id":22275,"href":"https:\/\/agora.xtec.cat\/ieslaromanica\/wp-json\/wp\/v2\/pages\/20873\/revisions\/22275"}],"up":[{"embeddable":true,"href":"https:\/\/agora.xtec.cat\/ieslaromanica\/wp-json\/wp\/v2\/pages\/20868"}],"wp:attachment":[{"href":"https:\/\/agora.xtec.cat\/ieslaromanica\/wp-json\/wp\/v2\/media?parent=20873"}],"curies":[{"name":"wp","href":"https:\/\/api.w.org\/{rel}","templated":true}]}}

<p><a href="https://agora.xtec.cat/ieslaromanica/wp-content/uploads/usu857/2021/09/innovaFP.png"><img loading="lazy" decoding="async" class="wp-image-19812 aligncenter" src="https://agora.xtec.cat/ieslaromanica/wp-content/uploads/usu857/2021/09/innovaFP-1024x284.png" alt="" width="349" height="97" srcset="https://agora.xtec.cat/ieslaromanica/wp-content/uploads/usu857/2021/09/innovaFP-1024x284.png 1024w, https://agora.xtec.cat/ieslaromanica/wp-content/uploads/usu857/2021/09/innovaFP-300x83.png 300w, https://agora.xtec.cat/ieslaromanica/wp-content/uploads/usu857/2021/09/innovaFP-768x213.png 768w, https://agora.xtec.cat/ieslaromanica/wp-content/uploads/usu857/2021/09/innovaFP.png 1362w" sizes="auto, (max-width: 349px) 100vw, 349px" /></a></p>
<p style="text-align: justify;">L&#8217;objectiu de la xarxa InnovaFP és promoure la col·laboració entre els centres de formació professional i les empreses mitjançant projectes d’innovació. Es fonamenta, principalment en l’actualització de coneixements per poder desenvolupar projectes d’innovació que comptin amb el suport d’altres organitzacions per tal de promoure la transferencia de coneixements entre aquests espais.</p>
<p style="text-align: justify;">Es busca també, la creació de vincles entre centres i empreses. Mitjançant el treball conjunt es poden portar a terme projectes que facin més forta la unió entre el camp educatiu i empresarial, ja que ambdós poden nodrir-se del coneixement de l’altre, actualitzar-se contínuament i guanyar en competitivitat.</p>
<p style="text-align: justify;">En aquest programa trobem 4 actors principals: els alumnes, el professorat, els centres educatius i les entitats o organitzacions.</p>

<p><a href="https://agora.xtec.cat/ieslaromanica/wp-content/uploads/usu857/2021/09/innovaFP.png"></a><br />
L&#8217;objectiu de la xarxa InnovaFP és promoure la col·laboració entre els centres de formació professional i les empreses mitjançant projectes d’innovació. Es fonamenta, principalment en l’actualització de coneixements per poder desenvolupar projectes d’innovació que comptin amb el suport d’altres organitzacions per tal de promoure&hellip;  <a href="https://agora.xtec.cat/ieslaromanica/cicles-formatius/xarxes-de-fp/innovafp-2/" title="Read InnovaFP">Llegeix més»</a></p>
