{"id":20868,"date":"2022-03-04T12:58:59","date_gmt":"2022-03-04T11:58:59","guid":{"rendered":"https:\/\/agora.xtec.cat\/ieslaromanica\/?page_id=20868"},"modified":"2022-03-04T13:41:43","modified_gmt":"2022-03-04T12:41:43","slug":"xarxes-de-fp","status":"publish","type":"page","link":"https:\/\/agora.xtec.cat\/ieslaromanica\/cicles-formatius\/xarxes-de-fp\/","title":{"rendered":"Xarxes de FP on participa el nostre institut"},"content":{"rendered":"<p>l&#8217;Institut La Rom\u00e0nica participa en diferents programes amb altres centres de formaci\u00f3 professional de Catalunya. Cliqueu sobre els diferents programes per con\u00e8ixer quines activitats es desenvolupen en cadascun d&#8217;ells.<\/p>\n<ul>\n<li>\n<h3><a href=\"https:\/\/agora.xtec.cat\/ieslaromanica\/cicles-formatius\/xarxes-de-fp\/innovafp-2\/\" target=\"_blank\" rel=\"noopener\">INNOVAFP<\/a><\/h3>\n<\/li>\n<li>\n<h3><a href=\"https:\/\/agora.xtec.cat\/ieslaromanica\/cicles-formatius\/xarxes-de-fp\/activafp-2\/\" target=\"_blank\" rel=\"noopener\">ACTIVAFP<\/a><\/h3>\n<\/li>\n<li>\n<h3><a href=\"https:\/\/agora.xtec.cat\/ieslaromanica\/cicles-formatius\/xarxes-de-fp\/empresafp-2\/\" target=\"_blank\" rel=\"noopener\">EMPRESAFP<\/a><\/h3>\n<\/li>\n<li>\n<h3><a href=\"https:\/\/agora.xtec.cat\/ieslaromanica\/cicles-formatius\/xarxes-de-fp\/emprenfp-2\/\" target=\"_blank\" rel=\"noopener\">EMPR\u00c8N FP<\/a><\/h3>\n<\/li>\n<li>\n<h3><a href=\"https:\/\/agora.xtec.cat\/ieslaromanica\/cicles-formatius\/xarxes-de-fp\/futurafp-2\/\" target=\"_blank\" rel=\"noopener\">FUTURAFP<\/a><\/h3>\n<\/li>\n<li>\n<h3><a href=\"https:\/\/agora.xtec.cat\/ieslaromanica\/cicles-formatius\/xarxes-de-fp\/orientafp-2\/\" target=\"_blank\" rel=\"noopener\">ORIENTAFP<\/a><\/h3>\n<\/li>\n<li>\n<h3><a href=\"https:\/\/agora.xtec.cat\/ieslaromanica\/cicles-formatius\/servei-dassessorament-i-reconeixement-academic\/\" target=\"_blank\" rel=\"noopener\">SERVEI D&#8217;ASSESSORAMENT I RECONEIXEMENT ACAD\u00c8MIC<\/a><\/h3>\n<\/li>\n<\/ul>\n<p>&nbsp;<\/p>\n<p>&nbsp;<\/p>\n<p style=\"text-align: center;\">\n","protected":false},"excerpt":{"rendered":"<p>l&#8217;Institut La Rom\u00e0nica participa en diferents programes amb altres centres de formaci\u00f3 professional de Catalunya. Cliqueu sobre els diferents programes per con\u00e8ixer quines activitats es desenvolupen en cadascun d&#8217;ells.<\/p>\n<ul>\n<li>\n<a href=\"https:\/\/agora.xtec.cat\/ieslaromanica\/cicles-formatius\/xarxes-de-fp\/innovafp-2\/\" target=\"_blank\" rel=\"noopener\">INNOVAFP<\/a>\n<\/li>\n<li>\n<a href=\"https:\/\/agora.xtec.cat\/ieslaromanica\/cicles-formatius\/xarxes-de-fp\/activafp-2\/\" target=\"_blank\" rel=\"noopener\">ACTIVAFP<\/a>\n<\/li>\n<li>\n<a href=\"https:\/\/agora.xtec.cat\/ieslaromanica\/cicles-formatius\/xarxes-de-fp\/empresafp-2\/\" target=\"_blank\" rel=\"noopener\">EMPRESAFP<\/a>\n<\/li>\n<li>\n<a href=\"https:\/\/agora.xtec.cat\/ieslaromanica\/cicles-formatius\/xarxes-de-fp\/emprenfp-2\/\" target=\"_blank\" rel=\"noopener\">EMPR\u00c8N FP<\/a>\n<\/li>\n<li>\n<a href=\"https:\/\/agora.xtec.cat\/ieslaromanica\/cicles-formatius\/xarxes-de-fp\/futurafp-2\/\" target=\"_blank\" rel=\"noopener\">FUTURAFP<\/a>\n<\/li>\n<li>\n<a&hellip;  <a href=\"https:\/\/agora.xtec.cat\/ieslaromanica\/cicles-formatius\/xarxes-de-fp\/\" title=\"Read Xarxes de FP on participa el nostre institut\">Llegeix m\u00e9s\u00bb<\/a><\/p>\n","protected":false},"author":35,"featured_media":0,"parent":2214,"menu_order":28,"comment_status":"closed","ping_status":"closed","template":"page-templates\/side-menu.php","meta":{"_bbp_topic_count":0,"_bbp_reply_count":0,"_bbp_total_topic_count":0,"_bbp_total_reply_count":0,"_bbp_voice_count":0,"_bbp_anonymous_reply_count":0,"_bbp_topic_count_hidden":0,"_bbp_reply_count_hidden":0,"_bbp_forum_subforum_count":0,"footnotes":""},"class_list":["post-20868","page","type-page","status-publish","hentry"],"post_mailing_queue_ids":[],"_links":{"self":[{"href":"https:\/\/agora.xtec.cat\/ieslaromanica\/wp-json\/wp\/v2\/pages\/20868","targetHints":{"allow":["GET"]}}],"collection":[{"href":"https:\/\/agora.xtec.cat\/ieslaromanica\/wp-json\/wp\/v2\/pages"}],"about":[{"href":"https:\/\/agora.xtec.cat\/ieslaromanica\/wp-json\/wp\/v2\/types\/page"}],"author":[{"embeddable":true,"href":"https:\/\/agora.xtec.cat\/ieslaromanica\/wp-json\/wp\/v2\/users\/35"}],"replies":[{"embeddable":true,"href":"https:\/\/agora.xtec.cat\/ieslaromanica\/wp-json\/wp\/v2\/comments?post=20868"}],"version-history":[{"count":4,"href":"https:\/\/agora.xtec.cat\/ieslaromanica\/wp-json\/wp\/v2\/pages\/20868\/revisions"}],"predecessor-version":[{"id":20895,"href":"https:\/\/agora.xtec.cat\/ieslaromanica\/wp-json\/wp\/v2\/pages\/20868\/revisions\/20895"}],"up":[{"embeddable":true,"href":"https:\/\/agora.xtec.cat\/ieslaromanica\/wp-json\/wp\/v2\/pages\/2214"}],"wp:attachment":[{"href":"https:\/\/agora.xtec.cat\/ieslaromanica\/wp-json\/wp\/v2\/media?parent=20868"}],"curies":[{"name":"wp","href":"https:\/\/api.w.org\/{rel}","templated":true}]}}

<p>l&#8217;Institut La Romànica participa en diferents programes amb altres centres de formació professional de Catalunya. Cliqueu sobre els diferents programes per conèixer quines activitats es desenvolupen en cadascun d&#8217;ells.</p>
<ul>
<li>
<h3><a href="https://agora.xtec.cat/ieslaromanica/cicles-formatius/xarxes-de-fp/innovafp-2/" target="_blank" rel="noopener">INNOVAFP</a></h3>
</li>
<li>
<h3><a href="https://agora.xtec.cat/ieslaromanica/cicles-formatius/xarxes-de-fp/activafp-2/" target="_blank" rel="noopener">ACTIVAFP</a></h3>
</li>
<li>
<h3><a href="https://agora.xtec.cat/ieslaromanica/cicles-formatius/xarxes-de-fp/empresafp-2/" target="_blank" rel="noopener">EMPRESAFP</a></h3>
</li>
<li>
<h3><a href="https://agora.xtec.cat/ieslaromanica/cicles-formatius/xarxes-de-fp/emprenfp-2/" target="_blank" rel="noopener">EMPRÈN FP</a></h3>
</li>
<li>
<h3><a href="https://agora.xtec.cat/ieslaromanica/cicles-formatius/xarxes-de-fp/futurafp-2/" target="_blank" rel="noopener">FUTURAFP</a></h3>
</li>
<li>
<h3><a href="https://agora.xtec.cat/ieslaromanica/cicles-formatius/xarxes-de-fp/orientafp-2/" target="_blank" rel="noopener">ORIENTAFP</a></h3>
</li>
<li>
<h3><a href="https://agora.xtec.cat/ieslaromanica/cicles-formatius/servei-dassessorament-i-reconeixement-academic/" target="_blank" rel="noopener">SERVEI D&#8217;ASSESSORAMENT I RECONEIXEMENT ACADÈMIC</a></h3>
</li>
</ul>
<p>&nbsp;</p>
<p>&nbsp;</p>
<p style="text-align: center;">

<p>l&#8217;Institut La Romànica participa en diferents programes amb altres centres de formació professional de Catalunya. Cliqueu sobre els diferents programes per conèixer quines activitats es desenvolupen en cadascun d&#8217;ells.</p>
<ul>
<li>
<a href="https://agora.xtec.cat/ieslaromanica/cicles-formatius/xarxes-de-fp/innovafp-2/" target="_blank" rel="noopener">INNOVAFP</a>
</li>
<li>
<a href="https://agora.xtec.cat/ieslaromanica/cicles-formatius/xarxes-de-fp/activafp-2/" target="_blank" rel="noopener">ACTIVAFP</a>
</li>
<li>
<a href="https://agora.xtec.cat/ieslaromanica/cicles-formatius/xarxes-de-fp/empresafp-2/" target="_blank" rel="noopener">EMPRESAFP</a>
</li>
<li>
<a href="https://agora.xtec.cat/ieslaromanica/cicles-formatius/xarxes-de-fp/emprenfp-2/" target="_blank" rel="noopener">EMPRÈN FP</a>
</li>
<li>
<a href="https://agora.xtec.cat/ieslaromanica/cicles-formatius/xarxes-de-fp/futurafp-2/" target="_blank" rel="noopener">FUTURAFP</a>
</li>
<li>
<a&hellip;  <a href="https://agora.xtec.cat/ieslaromanica/cicles-formatius/xarxes-de-fp/" title="Read Xarxes de FP on participa el nostre institut">Llegeix més»</a></p>
