{"id":19654,"date":"2021-06-30T12:52:26","date_gmt":"2021-06-30T10:52:26","guid":{"rendered":"http:\/\/agora.xtec.cat\/ieslaromanica\/?page_id=19654"},"modified":"2022-03-04T12:33:45","modified_gmt":"2022-03-04T11:33:45","slug":"sollicitud-del-titol-de-cicles-formatius-acabats","status":"publish","type":"page","link":"https:\/\/agora.xtec.cat\/ieslaromanica\/cicles-formatius\/sollicitud-del-titol-de-cicles-formatius-acabats\/","title":{"rendered":"Sol\u00b7licitud del t\u00edtol de cicles formatius acabats"},"content":{"rendered":"<p>4Procediment:<\/p>\n<p>1.1. Has d&#8217;accedir a la\u00a0<strong>web del institut<\/strong>\u00a0a on trobar\u00e0s el document per sol\u00b7licitar el t\u00edtol del cicle acabat.<\/p>\n<p>T&#8217;adjunto tamb\u00e9 aqu\u00ed el link directe al formulari:<\/p>\n<p><a href=\"https:\/\/agora.xtec.cat\/ieslaromanica\/wp-content\/uploads\/usu857\/2020\/06\/Sol%C2%B7licitud-de-t%C3%ADtol-acad%C3%A8mic-i-professional.pdf\">https:\/\/agora.xtec.cat\/ieslaromanica\/wp-content\/uploads\/usu857\/2020\/06\/Sol%C2%B7licitud-de-t%C3%ADtol-acad%C3%A8mic-i-professional.pdf<\/a><\/p>\n<p>1.2. L&#8217;haur\u00e0s d&#8217;omplir, i enviar-lo juntament amb una fotoc\u00f2pia del DNI\u00a0<strong>per ambdues cares<\/strong>\u00a0a l\u2019adre\u00e7a:\u00a0<a href=\"mailto:romanica.baixes@inslaromanica.org\">romanica.baixes<span class=\"atwho-query\">@inslaromanica.org<\/span><\/a><\/p>\n<p>En el cas que tinguis dret a alguna bonificaci\u00f3 o exempci\u00f3 en el pagament de les taxes, cal que\u00a0<strong>en el mateix mail<\/strong>\u00a0adjuntis escanejada la documentaci\u00f3 corresponent:<\/p>\n<ol>\n<li style=\"list-style-type: none;\">\n<ol style=\"list-style-type: upper-alpha;\">\n<li>Carnet de Fam\u00edlia nombrosa de car\u00e0cter general (bonificaci\u00f3 del 50% de les taxes)<\/li>\n<li>Carnet de Fam\u00edlia nombrosa especial (exemple: fam\u00edlia monoparental) i\/o certificat de disminuci\u00f3 del 33% o m\u00e9s (exempci\u00f3 del 100% de les taxes)<\/li>\n<\/ol>\n<\/li>\n<\/ol>\n<p>1.3. A Secretaria rebran el teu e-mail i tant d\u2019hora el programa del Dpt. d&#8217;Educaci\u00f3 ens deixi tramitar les cartes de pagament, te la faran arribar per correu electr\u00f2nic (nom\u00e9s als que l&#8217;hagueu demanat; \u00e9s a dir, als que heu fet la sol\u00b7licitud seguint el punt 1.2).<\/p>\n<p>1.4. Amb la carta de pagament haur\u00e0s de fer el pagament corresponent.<\/p>\n<p>1.5. El rebut del pagament l\u2019haur\u00e0s de reenviar a la mateixa adre\u00e7a electr\u00f2nica (\u00a0<a href=\"mailto:romanica.baixes@inslaromanica.org\">romanica.baixes@inslaromanica.org<\/a>\u00a0) i rebr\u00e0s per e-mail l\u2019esc\u00e0ner del resguard del t\u00edtol (signat i segellat). L\u2019original es guardar\u00e0 en el seu expedient i en cas que el necessitis, podr\u00e0s demanar cita pr\u00e8via per passar a recollir-lo (l&#8217;haur\u00e0s de gestionar via e-mail).<\/p>\n","protected":false},"excerpt":{"rendered":"<p>4Procediment:<br \/>\n1.1. Has d&#8217;accedir a la\u00a0web del institut\u00a0a on trobar\u00e0s el document per sol\u00b7licitar el t\u00edtol del cicle acabat.<br \/>\nT&#8217;adjunto tamb\u00e9 aqu\u00ed el link directe al formulari:<br \/>\n<a href=\"https:\/\/agora.xtec.cat\/ieslaromanica\/wp-content\/uploads\/usu857\/2020\/06\/Sol%C2%B7licitud-de-t%C3%ADtol-acad%C3%A8mic-i-professional.pdf\">https:\/\/agora.xtec.cat\/ieslaromanica\/wp-content\/uploads\/usu857\/2020\/06\/Sol%C2%B7licitud-de-t%C3%ADtol-acad%C3%A8mic-i-professional.pdf<\/a><br \/>\n1.2. L&#8217;haur\u00e0s d&#8217;omplir, i enviar-lo juntament amb una fotoc\u00f2pia del DNI\u00a0per ambdues cares\u00a0a l\u2019adre\u00e7a:\u00a0<a href=\"mailto:romanica.baixes@inslaromanica.org\">romanica.baixes@inslaromanica.org<\/a><br \/>\nEn el cas que tinguis dret&hellip;  <a href=\"https:\/\/agora.xtec.cat\/ieslaromanica\/cicles-formatius\/sollicitud-del-titol-de-cicles-formatius-acabats\/\" title=\"Read Sol\u00b7licitud del t\u00edtol de cicles formatius acabats\">Llegeix m\u00e9s\u00bb<\/a><\/p>\n","protected":false},"author":35,"featured_media":0,"parent":2214,"menu_order":30,"comment_status":"closed","ping_status":"closed","template":"page-templates\/side-menu.php","meta":{"_bbp_topic_count":0,"_bbp_reply_count":0,"_bbp_total_topic_count":0,"_bbp_total_reply_count":0,"_bbp_voice_count":0,"_bbp_anonymous_reply_count":0,"_bbp_topic_count_hidden":0,"_bbp_reply_count_hidden":0,"_bbp_forum_subforum_count":0,"footnotes":""},"class_list":["post-19654","page","type-page","status-publish","hentry"],"post_mailing_queue_ids":[],"_links":{"self":[{"href":"https:\/\/agora.xtec.cat\/ieslaromanica\/wp-json\/wp\/v2\/pages\/19654","targetHints":{"allow":["GET"]}}],"collection":[{"href":"https:\/\/agora.xtec.cat\/ieslaromanica\/wp-json\/wp\/v2\/pages"}],"about":[{"href":"https:\/\/agora.xtec.cat\/ieslaromanica\/wp-json\/wp\/v2\/types\/page"}],"author":[{"embeddable":true,"href":"https:\/\/agora.xtec.cat\/ieslaromanica\/wp-json\/wp\/v2\/users\/35"}],"replies":[{"embeddable":true,"href":"https:\/\/agora.xtec.cat\/ieslaromanica\/wp-json\/wp\/v2\/comments?post=19654"}],"version-history":[{"count":3,"href":"https:\/\/agora.xtec.cat\/ieslaromanica\/wp-json\/wp\/v2\/pages\/19654\/revisions"}],"predecessor-version":[{"id":20867,"href":"https:\/\/agora.xtec.cat\/ieslaromanica\/wp-json\/wp\/v2\/pages\/19654\/revisions\/20867"}],"up":[{"embeddable":true,"href":"https:\/\/agora.xtec.cat\/ieslaromanica\/wp-json\/wp\/v2\/pages\/2214"}],"wp:attachment":[{"href":"https:\/\/agora.xtec.cat\/ieslaromanica\/wp-json\/wp\/v2\/media?parent=19654"}],"curies":[{"name":"wp","href":"https:\/\/api.w.org\/{rel}","templated":true}]}}

Sol·licitud del títol de cicles formatius acabats

<p>4Procediment:</p>
<p>1.1. Has d&#8217;accedir a la <strong>web del institut</strong> a on trobaràs el document per sol·licitar el títol del cicle acabat.</p>
<p>T&#8217;adjunto també aquí el link directe al formulari:</p>
<p><a href="https://agora.xtec.cat/ieslaromanica/wp-content/uploads/usu857/2020/06/Sol%C2%B7licitud-de-t%C3%ADtol-acad%C3%A8mic-i-professional.pdf">https://agora.xtec.cat/ieslaromanica/wp-content/uploads/usu857/2020/06/Sol%C2%B7licitud-de-t%C3%ADtol-acad%C3%A8mic-i-professional.pdf</a></p>
<p>1.2. L&#8217;hauràs d&#8217;omplir, i enviar-lo juntament amb una fotocòpia del DNI <strong>per ambdues cares</strong> a l’adreça: <a href="mailto:romanica.baixes@inslaromanica.org">romanica.baixes<span class="atwho-query">@inslaromanica.org</span></a></p>
<p>En el cas que tinguis dret a alguna bonificació o exempció en el pagament de les taxes, cal que <strong>en el mateix mail</strong> adjuntis escanejada la documentació corresponent:</p>
<ol>
<li style="list-style-type: none;">
<ol style="list-style-type: upper-alpha;">
<li>Carnet de Família nombrosa de caràcter general (bonificació del 50% de les taxes)</li>
<li>Carnet de Família nombrosa especial (exemple: família monoparental) i/o certificat de disminució del 33% o més (exempció del 100% de les taxes)</li>
</ol>
</li>
</ol>
<p>1.3. A Secretaria rebran el teu e-mail i tant d’hora el programa del Dpt. d&#8217;Educació ens deixi tramitar les cartes de pagament, te la faran arribar per correu electrònic (només als que l&#8217;hagueu demanat; és a dir, als que heu fet la sol·licitud seguint el punt 1.2).</p>
<p>1.4. Amb la carta de pagament hauràs de fer el pagament corresponent.</p>
<p>1.5. El rebut del pagament l’hauràs de reenviar a la mateixa adreça electrònica ( <a href="mailto:romanica.baixes@inslaromanica.org">romanica.baixes@inslaromanica.org</a> ) i rebràs per e-mail l’escàner del resguard del títol (signat i segellat). L’original es guardarà en el seu expedient i en cas que el necessitis, podràs demanar cita prèvia per passar a recollir-lo (l&#8217;hauràs de gestionar via e-mail).</p>

<p>4Procediment:<br />
1.1. Has d&#8217;accedir a la web del institut a on trobaràs el document per sol·licitar el títol del cicle acabat.<br />
T&#8217;adjunto també aquí el link directe al formulari:<br />
<a href="https://agora.xtec.cat/ieslaromanica/wp-content/uploads/usu857/2020/06/Sol%C2%B7licitud-de-t%C3%ADtol-acad%C3%A8mic-i-professional.pdf">https://agora.xtec.cat/ieslaromanica/wp-content/uploads/usu857/2020/06/Sol%C2%B7licitud-de-t%C3%ADtol-acad%C3%A8mic-i-professional.pdf</a><br />
1.2. L&#8217;hauràs d&#8217;omplir, i enviar-lo juntament amb una fotocòpia del DNI per ambdues cares a l’adreça: <a href="mailto:romanica.baixes@inslaromanica.org">romanica.baixes@inslaromanica.org</a><br />
En el cas que tinguis dret&hellip;  <a href="https://agora.xtec.cat/ieslaromanica/cicles-formatius/sollicitud-del-titol-de-cicles-formatius-acabats/" title="Read Sol·licitud del títol de cicles formatius acabats">Llegeix més»</a></p>
