{"id":19,"date":"2014-09-17T14:56:56","date_gmt":"2014-09-17T14:56:56","guid":{"rendered":"http:\/\/agora.xtec.cat\/ieslaromanica\/?page_id=19"},"modified":"2018-02-06T10:11:46","modified_gmt":"2018-02-06T09:11:46","slug":"linstitut","status":"publish","type":"page","link":"https:\/\/agora.xtec.cat\/ieslaromanica\/linstitut\/","title":{"rendered":"L&#8217;institut"},"content":{"rendered":"<p><strong>Entorn social i cultural <\/strong><\/p>\n<p style=\"text-align: justify;\">L&#8217;institut est\u00e0 situat al barri de La Rom\u00e0nica de Barber\u00e0 del Vall\u00e8s. Tot i que pertany, doncs, al municipi de Barber\u00e0 del Vall\u00e8s, una part important de l\u2019alumnat que rep prov\u00e9 de Sabadell, ja que l&#8217;institut est\u00e0 situat al l\u00edmit entre ambdues poblacions.<\/p>\n<p style=\"text-align: justify;\">Des del seu desenvolupament amb la industrialitzaci\u00f3, el barri de La Rom\u00e0nica s&#8217;ha anat configurant com una zona receptora d&#8217;immigraci\u00f3. La instal\u00b7laci\u00f3 d&#8217;ind\u00fastries al municipi, principalment qu\u00edmiques, va anar acompanyada de l&#8217;arribada de gran quantitat de poblaci\u00f3 procedent d&#8217;altres zones de l\u2019estat espanyol. Aquesta caracter\u00edstica ha anat creixent al llarg del temps, des de les diferents migracions internes de l&#8217;estat espanyol fins a la situaci\u00f3 actual, amb l&#8217;arribada de poblaci\u00f3 d&#8217;arreu del m\u00f3n.<\/p>\n<p><strong>Tipologia escolar i caracter\u00edstiques <\/strong><\/p>\n<p style=\"text-align: justify;\">L\u2019Institut La Rom\u00e0nica fou el primer institut de Barber\u00e0 del Vall\u00e8s.\u00a0S\u2019hi impartiren els estudis de BUP i COU fins al curs 1994\/1995. A partir del curs 1995\/1996, quan s\u2019implant\u00e0 la reforma educativa de la LOGSE i a partir de 2006 s&#8217;implant\u00e0 la LOE a Barber\u00e0 del Vall\u00e8s. En aquests moments els centres educatius es troben en fase d&#8217;implantaci\u00f3 de la LOMCE. L\u2019institut La Rom\u00e0nica imparteix ESO (Educaci\u00f3 Secund\u00e0ria Obligat\u00f2ria), Batxillerat i Cicles Formatius.<\/p>\n<p style=\"text-align: justify;\">En aquests moments, el centre ofereix els ensenyaments d&#8217;Educaci\u00f3 Secund\u00e0ria Obligat\u00f2ria de primer fins a quart, Batxillerat Cient\u00edfic, Tecnol\u00f2gic, Human\u00edstic i Social, i Cicles Formatius de Grau Mitj\u00e0 i de Grau Superior (fam\u00edlia Qu\u00edmica). Justament, per aquesta \u00e0mplia oferta, i gr\u00e0cies a una bona situaci\u00f3 i comunicaci\u00f3, a m\u00e9s de la qualitat dels ensenyaments impartits, l&#8217;alumnat que es matricula als nostres cursos provenen d\u2019una \u00e0rea geogr\u00e0fica m\u00e9s extensa que la del nostre municipi.<\/p>\n","protected":false},"excerpt":{"rendered":"<p>Entorn social i cultural<br \/>\nL&#8217;institut est\u00e0 situat al barri de La Rom\u00e0nica de Barber\u00e0 del Vall\u00e8s. Tot i que pertany, doncs, al municipi de Barber\u00e0 del Vall\u00e8s, una part important de l\u2019alumnat que rep prov\u00e9 de Sabadell, ja que l&#8217;institut est\u00e0 situat al l\u00edmit entre&hellip;  <a href=\"https:\/\/agora.xtec.cat\/ieslaromanica\/linstitut\/\" title=\"Read L&#8217;institut\">Llegeix m\u00e9s\u00bb<\/a><\/p>\n","protected":false},"author":1,"featured_media":0,"parent":0,"menu_order":0,"comment_status":"closed","ping_status":"closed","template":"","meta":{"_bbp_topic_count":0,"_bbp_reply_count":0,"_bbp_total_topic_count":0,"_bbp_total_reply_count":0,"_bbp_voice_count":0,"_bbp_anonymous_reply_count":0,"_bbp_topic_count_hidden":0,"_bbp_reply_count_hidden":0,"_bbp_forum_subforum_count":0,"footnotes":""},"class_list":["post-19","page","type-page","status-publish","hentry"],"post_mailing_queue_ids":[],"_links":{"self":[{"href":"https:\/\/agora.xtec.cat\/ieslaromanica\/wp-json\/wp\/v2\/pages\/19","targetHints":{"allow":["GET"]}}],"collection":[{"href":"https:\/\/agora.xtec.cat\/ieslaromanica\/wp-json\/wp\/v2\/pages"}],"about":[{"href":"https:\/\/agora.xtec.cat\/ieslaromanica\/wp-json\/wp\/v2\/types\/page"}],"author":[{"embeddable":true,"href":"https:\/\/agora.xtec.cat\/ieslaromanica\/wp-json\/wp\/v2\/users\/1"}],"replies":[{"embeddable":true,"href":"https:\/\/agora.xtec.cat\/ieslaromanica\/wp-json\/wp\/v2\/comments?post=19"}],"version-history":[{"count":5,"href":"https:\/\/agora.xtec.cat\/ieslaromanica\/wp-json\/wp\/v2\/pages\/19\/revisions"}],"predecessor-version":[{"id":2896,"href":"https:\/\/agora.xtec.cat\/ieslaromanica\/wp-json\/wp\/v2\/pages\/19\/revisions\/2896"}],"wp:attachment":[{"href":"https:\/\/agora.xtec.cat\/ieslaromanica\/wp-json\/wp\/v2\/media?parent=19"}],"curies":[{"name":"wp","href":"https:\/\/api.w.org\/{rel}","templated":true}]}}

<p><strong>Entorn social i cultural </strong></p>
<p style="text-align: justify;">L&#8217;institut està situat al barri de La Romànica de Barberà del Vallès. Tot i que pertany, doncs, al municipi de Barberà del Vallès, una part important de l’alumnat que rep prové de Sabadell, ja que l&#8217;institut està situat al límit entre ambdues poblacions.</p>
<p style="text-align: justify;">Des del seu desenvolupament amb la industrialització, el barri de La Romànica s&#8217;ha anat configurant com una zona receptora d&#8217;immigració. La instal·lació d&#8217;indústries al municipi, principalment químiques, va anar acompanyada de l&#8217;arribada de gran quantitat de població procedent d&#8217;altres zones de l’estat espanyol. Aquesta característica ha anat creixent al llarg del temps, des de les diferents migracions internes de l&#8217;estat espanyol fins a la situació actual, amb l&#8217;arribada de població d&#8217;arreu del món.</p>
<p><strong>Tipologia escolar i característiques </strong></p>
<p style="text-align: justify;">L’Institut La Romànica fou el primer institut de Barberà del Vallès. S’hi impartiren els estudis de BUP i COU fins al curs 1994/1995. A partir del curs 1995/1996, quan s’implantà la reforma educativa de la LOGSE i a partir de 2006 s&#8217;implantà la LOE a Barberà del Vallès. En aquests moments els centres educatius es troben en fase d&#8217;implantació de la LOMCE. L’institut La Romànica imparteix ESO (Educació Secundària Obligatòria), Batxillerat i Cicles Formatius.</p>
<p style="text-align: justify;">En aquests moments, el centre ofereix els ensenyaments d&#8217;Educació Secundària Obligatòria de primer fins a quart, Batxillerat Científic, Tecnològic, Humanístic i Social, i Cicles Formatius de Grau Mitjà i de Grau Superior (família Química). Justament, per aquesta àmplia oferta, i gràcies a una bona situació i comunicació, a més de la qualitat dels ensenyaments impartits, l&#8217;alumnat que es matricula als nostres cursos provenen d’una àrea geogràfica més extensa que la del nostre municipi.</p>

<p>Entorn social i cultural<br />
L&#8217;institut està situat al barri de La Romànica de Barberà del Vallès. Tot i que pertany, doncs, al municipi de Barberà del Vallès, una part important de l’alumnat que rep prové de Sabadell, ja que l&#8217;institut està situat al límit entre&hellip;  <a href="https://agora.xtec.cat/ieslaromanica/linstitut/" title="Read L&#8217;institut">Llegeix més»</a></p>
