{"id":16766,"date":"2020-03-05T23:41:13","date_gmt":"2020-03-05T22:41:13","guid":{"rendered":"http:\/\/agora.xtec.cat\/ieslaromanica\/?page_id=16766"},"modified":"2021-09-07T13:30:46","modified_gmt":"2021-09-07T11:30:46","slug":"projecte-llavors-economia-social-i-solidaria","status":"publish","type":"page","link":"https:\/\/agora.xtec.cat\/ieslaromanica\/projectes\/historic-projectes\/projecte-llavors-economia-social-i-solidaria\/","title":{"rendered":"Projecte Llavors 2019-2020"},"content":{"rendered":"<p class=\"p1\">ECONOMIA SOCIAL I SOLID\u00c0RIA<\/p>\n<p class=\"p1\">El passat mes de desembre, en Xavier Ibars va compartir amb els alumnes de 4t d&#8217;ESO -que cursen la mat\u00e8ria d&#8217;economia- la forma d&#8217;organitzaci\u00f3 empresarial del cooperativisme\u00a0 durant vuit sessions formatives.<\/p>\n<p class=\"p1\">Es va fer una presentaci\u00f3 a la biblioteca sobre projectes cooperatius que van elaborar durant les darreres sessions d&#8217;aquest taller buscant un benefici social al municipi de Barber\u00e0.<\/p>\n<p class=\"p1\">El projecte es va engegar des de la fundaci\u00f3 Barber\u00e0 Promoci\u00f3: &#8220;Tallers d&#8217;economia social i solid\u00e0ria als instituts&#8221;\u00a0 Projecte Llavors.<\/p>\n<p>&nbsp;<\/p>\n<p>&nbsp;<\/p>\n","protected":false},"excerpt":{"rendered":"<p>ECONOMIA SOCIAL I SOLID\u00c0RIA<br \/>\nEl passat mes de desembre, en Xavier Ibars va compartir amb els alumnes de 4t d&#8217;ESO -que cursen la mat\u00e8ria d&#8217;economia- la forma d&#8217;organitzaci\u00f3 empresarial del cooperativisme\u00a0 durant vuit sessions formatives.<br \/>\nEs va fer una presentaci\u00f3 a la biblioteca sobre projectes cooperatius que&hellip;  <a href=\"https:\/\/agora.xtec.cat\/ieslaromanica\/projectes\/historic-projectes\/projecte-llavors-economia-social-i-solidaria\/\" title=\"Read Projecte Llavors 2019-2020\">Llegeix m\u00e9s\u00bb<\/a><\/p>\n","protected":false},"author":6,"featured_media":0,"parent":15898,"menu_order":0,"comment_status":"closed","ping_status":"closed","template":"","meta":{"_bbp_topic_count":0,"_bbp_reply_count":0,"_bbp_total_topic_count":0,"_bbp_total_reply_count":0,"_bbp_voice_count":0,"_bbp_anonymous_reply_count":0,"_bbp_topic_count_hidden":0,"_bbp_reply_count_hidden":0,"_bbp_forum_subforum_count":0,"footnotes":""},"class_list":["post-16766","page","type-page","status-publish","hentry"],"post_mailing_queue_ids":[],"_links":{"self":[{"href":"https:\/\/agora.xtec.cat\/ieslaromanica\/wp-json\/wp\/v2\/pages\/16766","targetHints":{"allow":["GET"]}}],"collection":[{"href":"https:\/\/agora.xtec.cat\/ieslaromanica\/wp-json\/wp\/v2\/pages"}],"about":[{"href":"https:\/\/agora.xtec.cat\/ieslaromanica\/wp-json\/wp\/v2\/types\/page"}],"author":[{"embeddable":true,"href":"https:\/\/agora.xtec.cat\/ieslaromanica\/wp-json\/wp\/v2\/users\/6"}],"replies":[{"embeddable":true,"href":"https:\/\/agora.xtec.cat\/ieslaromanica\/wp-json\/wp\/v2\/comments?post=16766"}],"version-history":[{"count":3,"href":"https:\/\/agora.xtec.cat\/ieslaromanica\/wp-json\/wp\/v2\/pages\/16766\/revisions"}],"predecessor-version":[{"id":19926,"href":"https:\/\/agora.xtec.cat\/ieslaromanica\/wp-json\/wp\/v2\/pages\/16766\/revisions\/19926"}],"up":[{"embeddable":true,"href":"https:\/\/agora.xtec.cat\/ieslaromanica\/wp-json\/wp\/v2\/pages\/15898"}],"wp:attachment":[{"href":"https:\/\/agora.xtec.cat\/ieslaromanica\/wp-json\/wp\/v2\/media?parent=16766"}],"curies":[{"name":"wp","href":"https:\/\/api.w.org\/{rel}","templated":true}]}}

<p class="p1">ECONOMIA SOCIAL I SOLIDÀRIA</p>
<p class="p1">El passat mes de desembre, en Xavier Ibars va compartir amb els alumnes de 4t d&#8217;ESO -que cursen la matèria d&#8217;economia- la forma d&#8217;organització empresarial del cooperativisme  durant vuit sessions formatives.</p>
<p class="p1">Es va fer una presentació a la biblioteca sobre projectes cooperatius que van elaborar durant les darreres sessions d&#8217;aquest taller buscant un benefici social al municipi de Barberà.</p>
<p class="p1">El projecte es va engegar des de la fundació Barberà Promoció: &#8220;Tallers d&#8217;economia social i solidària als instituts&#8221;  Projecte Llavors.</p>
<p>&nbsp;</p>
<p>&nbsp;</p>

<p>ECONOMIA SOCIAL I SOLIDÀRIA<br />
El passat mes de desembre, en Xavier Ibars va compartir amb els alumnes de 4t d&#8217;ESO -que cursen la matèria d&#8217;economia- la forma d&#8217;organització empresarial del cooperativisme  durant vuit sessions formatives.<br />
Es va fer una presentació a la biblioteca sobre projectes cooperatius que&hellip;  <a href="https://agora.xtec.cat/ieslaromanica/projectes/historic-projectes/projecte-llavors-economia-social-i-solidaria/" title="Read Projecte Llavors 2019-2020">Llegeix més»</a></p>
