{"id":16126,"date":"2019-12-17T12:30:01","date_gmt":"2019-12-17T11:30:01","guid":{"rendered":"http:\/\/agora.xtec.cat\/ieslaromanica\/?page_id=16126"},"modified":"2023-02-08T09:51:37","modified_gmt":"2023-02-08T08:51:37","slug":"ambit-cientifico-tecnologic","status":"publish","type":"page","link":"https:\/\/agora.xtec.cat\/ieslaromanica\/departaments-didactics\/ambit-cientifico-tecnologic\/","title":{"rendered":"\u00c0mbit Cient\u00edfic-Tecnol\u00f2gic"},"content":{"rendered":"<table style=\"width: 505px;\">\n<tbody>\n<tr>\n<td style=\"width: 499px;\"><a href=\"https:\/\/agora.xtec.cat\/ieslaromanica\/departaments-didactics\/ambit-cientifico-tecnologic\/fisica-i-quimica\/\">CN F\u00edsica i Qu\u00edmica<\/a><\/td>\n<\/tr>\n<tr>\n<td style=\"width: 499px;\"><a href=\"https:\/\/agora.xtec.cat\/ieslaromanica\/departaments-didactics\/ambit-cientifico-tecnologic\/ciencies-naturals\/\">CN Biologia i Geologia<\/a><\/td>\n<\/tr>\n<tr>\n<td style=\"width: 499px;\"><a href=\"https:\/\/agora.xtec.cat\/ieslaromanica\/departaments-didactics\/ambit-cientifico-tecnologic\/tecnologies\/\">Tecnologia i digitalitzaci\u00f3<\/a><\/td>\n<\/tr>\n<\/tbody>\n<\/table>\n","protected":false},"excerpt":{"rendered":"<p><a href=\"https:\/\/agora.xtec.cat\/ieslaromanica\/departaments-didactics\/ambit-cientifico-tecnologic\/fisica-i-quimica\/\">CN F\u00edsica i Qu\u00edmica<\/a><\/p>\n<p><a href=\"https:\/\/agora.xtec.cat\/ieslaromanica\/departaments-didactics\/ambit-cientifico-tecnologic\/ciencies-naturals\/\">CN Biologia i Geologia<\/a><\/p>\n<p><a href=\"https:\/\/agora.xtec.cat\/ieslaromanica\/departaments-didactics\/ambit-cientifico-tecnologic\/tecnologies\/\">Tecnologia i digitalitzaci\u00f3<\/a><\/p>\n","protected":false},"author":6,"featured_media":0,"parent":1091,"menu_order":0,"comment_status":"closed","ping_status":"closed","template":"page-templates\/side-menu.php","meta":{"_bbp_topic_count":0,"_bbp_reply_count":0,"_bbp_total_topic_count":0,"_bbp_total_reply_count":0,"_bbp_voice_count":0,"_bbp_anonymous_reply_count":0,"_bbp_topic_count_hidden":0,"_bbp_reply_count_hidden":0,"_bbp_forum_subforum_count":0,"footnotes":""},"class_list":["post-16126","page","type-page","status-publish","hentry"],"post_mailing_queue_ids":[],"_links":{"self":[{"href":"https:\/\/agora.xtec.cat\/ieslaromanica\/wp-json\/wp\/v2\/pages\/16126","targetHints":{"allow":["GET"]}}],"collection":[{"href":"https:\/\/agora.xtec.cat\/ieslaromanica\/wp-json\/wp\/v2\/pages"}],"about":[{"href":"https:\/\/agora.xtec.cat\/ieslaromanica\/wp-json\/wp\/v2\/types\/page"}],"author":[{"embeddable":true,"href":"https:\/\/agora.xtec.cat\/ieslaromanica\/wp-json\/wp\/v2\/users\/6"}],"replies":[{"embeddable":true,"href":"https:\/\/agora.xtec.cat\/ieslaromanica\/wp-json\/wp\/v2\/comments?post=16126"}],"version-history":[{"count":3,"href":"https:\/\/agora.xtec.cat\/ieslaromanica\/wp-json\/wp\/v2\/pages\/16126\/revisions"}],"predecessor-version":[{"id":22348,"href":"https:\/\/agora.xtec.cat\/ieslaromanica\/wp-json\/wp\/v2\/pages\/16126\/revisions\/22348"}],"up":[{"embeddable":true,"href":"https:\/\/agora.xtec.cat\/ieslaromanica\/wp-json\/wp\/v2\/pages\/1091"}],"wp:attachment":[{"href":"https:\/\/agora.xtec.cat\/ieslaromanica\/wp-json\/wp\/v2\/media?parent=16126"}],"curies":[{"name":"wp","href":"https:\/\/api.w.org\/{rel}","templated":true}]}}