{"id":16114,"date":"2019-12-17T12:13:00","date_gmt":"2019-12-17T11:13:00","guid":{"rendered":"http:\/\/agora.xtec.cat\/ieslaromanica\/?page_id=16114"},"modified":"2023-02-08T09:50:08","modified_gmt":"2023-02-08T08:50:08","slug":"ambit-linguistic","status":"publish","type":"page","link":"https:\/\/agora.xtec.cat\/ieslaromanica\/departaments-didactics\/ambit-linguistic\/","title":{"rendered":"\u00c0mbit Ling\u00fc\u00edstic"},"content":{"rendered":"<table style=\"width: 511px;\">\n<tbody>\n<tr>\n<td style=\"width: 505px;\"><a href=\"https:\/\/agora.xtec.cat\/ieslaromanica\/departaments-didactics\/ambit-linguistic\/catala\/\">Llengua Catalana i Literatura<\/a><\/td>\n<\/tr>\n<tr>\n<td style=\"width: 505px;\"><a href=\"https:\/\/agora.xtec.cat\/ieslaromanica\/departaments-didactics\/ambit-linguistic\/castella\/\">Llengua Castellana i Literatura<\/a><\/td>\n<\/tr>\n<tr>\n<td style=\"width: 505px;\"><a href=\"https:\/\/agora.xtec.cat\/ieslaromanica\/departaments-didactics\/ambit-linguistic\/llengues-estrangeres\/\">Lleng\u00fces Estrangeres<\/a><\/td>\n<\/tr>\n<tr>\n<td style=\"width: 505px;\"><a href=\"https:\/\/agora.xtec.cat\/ieslaromanica\/departaments-didactics\/ambit-linguistic\/classiques\/\">Llat\u00ed i Cultura Cl\u00e0ssica<\/a><\/td>\n<\/tr>\n<\/tbody>\n<\/table>\n<p style=\"text-align: center;\">\n","protected":false},"excerpt":{"rendered":"<p><a href=\"https:\/\/agora.xtec.cat\/ieslaromanica\/departaments-didactics\/ambit-linguistic\/catala\/\">Llengua Catalana i Literatura<\/a><\/p>\n<p><a href=\"https:\/\/agora.xtec.cat\/ieslaromanica\/departaments-didactics\/ambit-linguistic\/castella\/\">Llengua Castellana i Literatura<\/a><\/p>\n<p><a href=\"https:\/\/agora.xtec.cat\/ieslaromanica\/departaments-didactics\/ambit-linguistic\/llengues-estrangeres\/\">Lleng\u00fces Estrangeres<\/a><\/p>\n<p><a href=\"https:\/\/agora.xtec.cat\/ieslaromanica\/departaments-didactics\/ambit-linguistic\/classiques\/\">Llat\u00ed i Cultura Cl\u00e0ssica<\/a><\/p>\n","protected":false},"author":6,"featured_media":0,"parent":1091,"menu_order":0,"comment_status":"closed","ping_status":"closed","template":"page-templates\/side-menu.php","meta":{"_bbp_topic_count":0,"_bbp_reply_count":0,"_bbp_total_topic_count":0,"_bbp_total_reply_count":0,"_bbp_voice_count":0,"_bbp_anonymous_reply_count":0,"_bbp_topic_count_hidden":0,"_bbp_reply_count_hidden":0,"_bbp_forum_subforum_count":0,"footnotes":""},"class_list":["post-16114","page","type-page","status-publish","hentry"],"post_mailing_queue_ids":[],"_links":{"self":[{"href":"https:\/\/agora.xtec.cat\/ieslaromanica\/wp-json\/wp\/v2\/pages\/16114","targetHints":{"allow":["GET"]}}],"collection":[{"href":"https:\/\/agora.xtec.cat\/ieslaromanica\/wp-json\/wp\/v2\/pages"}],"about":[{"href":"https:\/\/agora.xtec.cat\/ieslaromanica\/wp-json\/wp\/v2\/types\/page"}],"author":[{"embeddable":true,"href":"https:\/\/agora.xtec.cat\/ieslaromanica\/wp-json\/wp\/v2\/users\/6"}],"replies":[{"embeddable":true,"href":"https:\/\/agora.xtec.cat\/ieslaromanica\/wp-json\/wp\/v2\/comments?post=16114"}],"version-history":[{"count":3,"href":"https:\/\/agora.xtec.cat\/ieslaromanica\/wp-json\/wp\/v2\/pages\/16114\/revisions"}],"predecessor-version":[{"id":22347,"href":"https:\/\/agora.xtec.cat\/ieslaromanica\/wp-json\/wp\/v2\/pages\/16114\/revisions\/22347"}],"up":[{"embeddable":true,"href":"https:\/\/agora.xtec.cat\/ieslaromanica\/wp-json\/wp\/v2\/pages\/1091"}],"wp:attachment":[{"href":"https:\/\/agora.xtec.cat\/ieslaromanica\/wp-json\/wp\/v2\/media?parent=16114"}],"curies":[{"name":"wp","href":"https:\/\/api.w.org\/{rel}","templated":true}]}}