{"id":16058,"date":"2019-12-15T16:07:44","date_gmt":"2019-12-15T15:07:44","guid":{"rendered":"http:\/\/agora.xtec.cat\/ieslaromanica\/?page_id=16058"},"modified":"2020-12-09T18:07:03","modified_gmt":"2020-12-09T17:07:03","slug":"amb-la-marato-de-tv3","status":"publish","type":"page","link":"https:\/\/agora.xtec.cat\/ieslaromanica\/amb-la-marato-de-tv3\/","title":{"rendered":"Amb la Marat\u00f3 de TV3"},"content":{"rendered":"<p>Un any m\u00e9s la comunitat educativa participar\u00e0 en el projecte humanitari <em>La Marat\u00f3 de TV3, 2019-2020<\/em>. Aquest any est\u00e0 dedicat a les malalties minorit\u00e0ries i amb la nostra participaci\u00f3 es pret\u00e9n prendre consci\u00e8ncia de les malalties greus, degeneratives i generalment heredit\u00e0ries que s\u00f3n poc freq\u00fcents per\u00f2 que afecten molta gent, aix\u00ed com formar-se en valors socials de col\u00b7laboraci\u00f3 i solidaritat.<\/p>\n<p>PANERES<\/p>\n<p><a href=\"https:\/\/agora.xtec.cat\/ieslaromanica\/wp-content\/uploads\/usu857\/2019\/11\/info-marat%C3%B2-WEB.pdf\">-Recollida de productes i aliments per crear unes paneres nadalenques<\/a> que, amb la venda de les paperetes associades, s&#8217;aconseguir\u00e0 el suport econ\u00f2mic que donarem als organitzadors de la Marat\u00f3.<\/p>\n<p><a href=\"https:\/\/agora.xtec.cat\/ieslaromanica\/general\/exposicio-de-les-paneres-de-la-marato\/\">-Exposici\u00f3 de les paneres al vest\u00edbul d&#8217;entrada.<\/a><\/p>\n<table style=\"width: 645px;\">\n<tbody>\n<tr>\n<td style=\"width: 207.273px;\"><img loading=\"lazy\" decoding=\"async\" class=\"aligncenter size-large wp-image-16019\" src=\"https:\/\/agora.xtec.cat\/ieslaromanica\/wp-content\/uploads\/usu857\/2019\/12\/20191211_175042-BS-1024x576.jpg\" alt=\"\" width=\"1024\" height=\"576\" srcset=\"https:\/\/agora.xtec.cat\/ieslaromanica\/wp-content\/uploads\/usu857\/2019\/12\/20191211_175042-BS-1024x576.jpg 1024w, https:\/\/agora.xtec.cat\/ieslaromanica\/wp-content\/uploads\/usu857\/2019\/12\/20191211_175042-BS-300x169.jpg 300w, https:\/\/agora.xtec.cat\/ieslaromanica\/wp-content\/uploads\/usu857\/2019\/12\/20191211_175042-BS-768x432.jpg 768w\" sizes=\"auto, (max-width: 1024px) 100vw, 1024px\" \/><\/td>\n<td style=\"width: 211.818px;\"><img loading=\"lazy\" decoding=\"async\" class=\"aligncenter size-large wp-image-16021\" src=\"https:\/\/agora.xtec.cat\/ieslaromanica\/wp-content\/uploads\/usu857\/2019\/12\/20191211_175104-BS-1024x576.jpg\" alt=\"\" width=\"1024\" height=\"576\" srcset=\"https:\/\/agora.xtec.cat\/ieslaromanica\/wp-content\/uploads\/usu857\/2019\/12\/20191211_175104-BS-1024x576.jpg 1024w, https:\/\/agora.xtec.cat\/ieslaromanica\/wp-content\/uploads\/usu857\/2019\/12\/20191211_175104-BS-300x169.jpg 300w, https:\/\/agora.xtec.cat\/ieslaromanica\/wp-content\/uploads\/usu857\/2019\/12\/20191211_175104-BS-768x432.jpg 768w, https:\/\/agora.xtec.cat\/ieslaromanica\/wp-content\/uploads\/usu857\/2019\/12\/20191211_175104-BS.jpg 1890w\" sizes=\"auto, (max-width: 1024px) 100vw, 1024px\" \/><\/td>\n<td style=\"width: 216.364px;\"><img loading=\"lazy\" decoding=\"async\" class=\"aligncenter size-large wp-image-16020\" src=\"https:\/\/agora.xtec.cat\/ieslaromanica\/wp-content\/uploads\/usu857\/2019\/12\/20191211_175054-BS-1024x576.jpg\" alt=\"\" width=\"1024\" height=\"576\" srcset=\"https:\/\/agora.xtec.cat\/ieslaromanica\/wp-content\/uploads\/usu857\/2019\/12\/20191211_175054-BS-1024x576.jpg 1024w, https:\/\/agora.xtec.cat\/ieslaromanica\/wp-content\/uploads\/usu857\/2019\/12\/20191211_175054-BS-300x169.jpg 300w, https:\/\/agora.xtec.cat\/ieslaromanica\/wp-content\/uploads\/usu857\/2019\/12\/20191211_175054-BS-768x432.jpg 768w, https:\/\/agora.xtec.cat\/ieslaromanica\/wp-content\/uploads\/usu857\/2019\/12\/20191211_175054-BS.jpg 2008w\" sizes=\"auto, (max-width: 1024px) 100vw, 1024px\" \/><\/td>\n<\/tr>\n<\/tbody>\n<\/table>\n<p>-Venda de butlletes per a les Paneres de Nadal fins al 18 de desembre. El sorteig es far\u00e0 el DIJOUS 19 de desembre al 2n pati.<\/p>\n<p>-Els n\u00fameros premiats a la rifa de 8 paneres nadalenques han estat: 1-153, 2-068, 3-402, 4-390, 5-083, 6-110, 7-294 i 8-429. El n\u00famero a qui li ha tocat un val de 50 euros per comprar en Berska ha estat el 371. L&#8217;enhorabona!<\/p>\n<p><a href=\"https:\/\/agora.xtec.cat\/ieslaromanica\/general\/483-gracies\/\">-Solidaritat, col.lecta i guanyadors.<\/a><\/p>\n<p>TUTORIA<\/p>\n<p><a href=\"https:\/\/agora.xtec.cat\/ieslaromanica\/general\/murals-per-a-la-recerca-i-la-solidaritat\/\">-Treball tutorial amb els alumnes de 3r d&#8217;ESO.<\/a><\/p>\n<table style=\"width: 640px;\">\n<tbody>\n<tr>\n<td style=\"width: 205.455px;\"><img loading=\"lazy\" decoding=\"async\" class=\"aligncenter size-large wp-image-16026\" src=\"https:\/\/agora.xtec.cat\/ieslaromanica\/wp-content\/uploads\/usu857\/2019\/12\/20191210_080629-BS-1024x799.jpg\" alt=\"\" width=\"1024\" height=\"799\" srcset=\"https:\/\/agora.xtec.cat\/ieslaromanica\/wp-content\/uploads\/usu857\/2019\/12\/20191210_080629-BS-1024x799.jpg 1024w, https:\/\/agora.xtec.cat\/ieslaromanica\/wp-content\/uploads\/usu857\/2019\/12\/20191210_080629-BS-300x234.jpg 300w, https:\/\/agora.xtec.cat\/ieslaromanica\/wp-content\/uploads\/usu857\/2019\/12\/20191210_080629-BS-768x599.jpg 768w, https:\/\/agora.xtec.cat\/ieslaromanica\/wp-content\/uploads\/usu857\/2019\/12\/20191210_080629-BS.jpg 1890w\" sizes=\"auto, (max-width: 1024px) 100vw, 1024px\" \/><\/td>\n<td style=\"width: 214.545px;\"><img loading=\"lazy\" decoding=\"async\" class=\"aligncenter size-large wp-image-16025\" src=\"https:\/\/agora.xtec.cat\/ieslaromanica\/wp-content\/uploads\/usu857\/2019\/12\/20191210_080613-BS-1024x843.jpg\" alt=\"\" width=\"1024\" height=\"843\" srcset=\"https:\/\/agora.xtec.cat\/ieslaromanica\/wp-content\/uploads\/usu857\/2019\/12\/20191210_080613-BS-1024x843.jpg 1024w, https:\/\/agora.xtec.cat\/ieslaromanica\/wp-content\/uploads\/usu857\/2019\/12\/20191210_080613-BS-300x247.jpg 300w, https:\/\/agora.xtec.cat\/ieslaromanica\/wp-content\/uploads\/usu857\/2019\/12\/20191210_080613-BS-768x632.jpg 768w\" sizes=\"auto, (max-width: 1024px) 100vw, 1024px\" \/><\/td>\n<td style=\"width: 210.909px;\"><img loading=\"lazy\" decoding=\"async\" class=\"aligncenter size-large wp-image-16023\" src=\"https:\/\/agora.xtec.cat\/ieslaromanica\/wp-content\/uploads\/usu857\/2019\/12\/20191210_080554-BS-1024x752.jpg\" alt=\"\" width=\"1024\" height=\"752\" srcset=\"https:\/\/agora.xtec.cat\/ieslaromanica\/wp-content\/uploads\/usu857\/2019\/12\/20191210_080554-BS-1024x752.jpg 1024w, https:\/\/agora.xtec.cat\/ieslaromanica\/wp-content\/uploads\/usu857\/2019\/12\/20191210_080554-BS-300x220.jpg 300w, https:\/\/agora.xtec.cat\/ieslaromanica\/wp-content\/uploads\/usu857\/2019\/12\/20191210_080554-BS-768x564.jpg 768w, https:\/\/agora.xtec.cat\/ieslaromanica\/wp-content\/uploads\/usu857\/2019\/12\/20191210_080554-BS.jpg 2008w\" sizes=\"auto, (max-width: 1024px) 100vw, 1024px\" \/><\/td>\n<\/tr>\n<\/tbody>\n<\/table>\n","protected":false},"excerpt":{"rendered":"<p>Un any m\u00e9s la comunitat educativa participar\u00e0 en el projecte humanitari La Marat\u00f3 de TV3, 2019-2020. Aquest any est\u00e0 dedicat a les malalties minorit\u00e0ries i amb la nostra participaci\u00f3 es pret\u00e9n prendre consci\u00e8ncia de les malalties greus, degeneratives i generalment heredit\u00e0ries que s\u00f3n poc freq\u00fcents&hellip;  <a href=\"https:\/\/agora.xtec.cat\/ieslaromanica\/amb-la-marato-de-tv3\/\" title=\"Read Amb la Marat\u00f3 de TV3\">Llegeix m\u00e9s\u00bb<\/a><\/p>\n","protected":false},"author":6,"featured_media":0,"parent":0,"menu_order":0,"comment_status":"closed","ping_status":"closed","template":"","meta":{"_bbp_topic_count":0,"_bbp_reply_count":0,"_bbp_total_topic_count":0,"_bbp_total_reply_count":0,"_bbp_voice_count":0,"_bbp_anonymous_reply_count":0,"_bbp_topic_count_hidden":0,"_bbp_reply_count_hidden":0,"_bbp_forum_subforum_count":0,"footnotes":""},"class_list":["post-16058","page","type-page","status-publish","hentry"],"post_mailing_queue_ids":[],"_links":{"self":[{"href":"https:\/\/agora.xtec.cat\/ieslaromanica\/wp-json\/wp\/v2\/pages\/16058","targetHints":{"allow":["GET"]}}],"collection":[{"href":"https:\/\/agora.xtec.cat\/ieslaromanica\/wp-json\/wp\/v2\/pages"}],"about":[{"href":"https:\/\/agora.xtec.cat\/ieslaromanica\/wp-json\/wp\/v2\/types\/page"}],"author":[{"embeddable":true,"href":"https:\/\/agora.xtec.cat\/ieslaromanica\/wp-json\/wp\/v2\/users\/6"}],"replies":[{"embeddable":true,"href":"https:\/\/agora.xtec.cat\/ieslaromanica\/wp-json\/wp\/v2\/comments?post=16058"}],"version-history":[{"count":3,"href":"https:\/\/agora.xtec.cat\/ieslaromanica\/wp-json\/wp\/v2\/pages\/16058\/revisions"}],"predecessor-version":[{"id":18357,"href":"https:\/\/agora.xtec.cat\/ieslaromanica\/wp-json\/wp\/v2\/pages\/16058\/revisions\/18357"}],"wp:attachment":[{"href":"https:\/\/agora.xtec.cat\/ieslaromanica\/wp-json\/wp\/v2\/media?parent=16058"}],"curies":[{"name":"wp","href":"https:\/\/api.w.org\/{rel}","templated":true}]}}

Amb la Marató de TV3

<p>Un any més la comunitat educativa participarà en el projecte humanitari <em>La Marató de TV3, 2019-2020</em>. Aquest any està dedicat a les malalties minoritàries i amb la nostra participació es pretén prendre consciència de les malalties greus, degeneratives i generalment hereditàries que són poc freqüents però que afecten molta gent, així com formar-se en valors socials de col·laboració i solidaritat.</p>
<p>PANERES</p>
<p><a href="https://agora.xtec.cat/ieslaromanica/wp-content/uploads/usu857/2019/11/info-marat%C3%B2-WEB.pdf">-Recollida de productes i aliments per crear unes paneres nadalenques</a> que, amb la venda de les paperetes associades, s&#8217;aconseguirà el suport econòmic que donarem als organitzadors de la Marató.</p>
<p><a href="https://agora.xtec.cat/ieslaromanica/general/exposicio-de-les-paneres-de-la-marato/">-Exposició de les paneres al vestíbul d&#8217;entrada.</a></p>
<table style="width: 645px;">
<tbody>
<tr>
<td style="width: 207.273px;"><img loading="lazy" decoding="async" class="aligncenter size-large wp-image-16019" src="https://agora.xtec.cat/ieslaromanica/wp-content/uploads/usu857/2019/12/20191211_175042-BS-1024x576.jpg" alt="" width="1024" height="576" srcset="https://agora.xtec.cat/ieslaromanica/wp-content/uploads/usu857/2019/12/20191211_175042-BS-1024x576.jpg 1024w, https://agora.xtec.cat/ieslaromanica/wp-content/uploads/usu857/2019/12/20191211_175042-BS-300x169.jpg 300w, https://agora.xtec.cat/ieslaromanica/wp-content/uploads/usu857/2019/12/20191211_175042-BS-768x432.jpg 768w" sizes="auto, (max-width: 1024px) 100vw, 1024px" /></td>
<td style="width: 211.818px;"><img loading="lazy" decoding="async" class="aligncenter size-large wp-image-16021" src="https://agora.xtec.cat/ieslaromanica/wp-content/uploads/usu857/2019/12/20191211_175104-BS-1024x576.jpg" alt="" width="1024" height="576" srcset="https://agora.xtec.cat/ieslaromanica/wp-content/uploads/usu857/2019/12/20191211_175104-BS-1024x576.jpg 1024w, https://agora.xtec.cat/ieslaromanica/wp-content/uploads/usu857/2019/12/20191211_175104-BS-300x169.jpg 300w, https://agora.xtec.cat/ieslaromanica/wp-content/uploads/usu857/2019/12/20191211_175104-BS-768x432.jpg 768w, https://agora.xtec.cat/ieslaromanica/wp-content/uploads/usu857/2019/12/20191211_175104-BS.jpg 1890w" sizes="auto, (max-width: 1024px) 100vw, 1024px" /></td>
<td style="width: 216.364px;"><img loading="lazy" decoding="async" class="aligncenter size-large wp-image-16020" src="https://agora.xtec.cat/ieslaromanica/wp-content/uploads/usu857/2019/12/20191211_175054-BS-1024x576.jpg" alt="" width="1024" height="576" srcset="https://agora.xtec.cat/ieslaromanica/wp-content/uploads/usu857/2019/12/20191211_175054-BS-1024x576.jpg 1024w, https://agora.xtec.cat/ieslaromanica/wp-content/uploads/usu857/2019/12/20191211_175054-BS-300x169.jpg 300w, https://agora.xtec.cat/ieslaromanica/wp-content/uploads/usu857/2019/12/20191211_175054-BS-768x432.jpg 768w, https://agora.xtec.cat/ieslaromanica/wp-content/uploads/usu857/2019/12/20191211_175054-BS.jpg 2008w" sizes="auto, (max-width: 1024px) 100vw, 1024px" /></td>
</tr>
</tbody>
</table>
<p>-Venda de butlletes per a les Paneres de Nadal fins al 18 de desembre. El sorteig es farà el DIJOUS 19 de desembre al 2n pati.</p>
<p>-Els números premiats a la rifa de 8 paneres nadalenques han estat: 1-153, 2-068, 3-402, 4-390, 5-083, 6-110, 7-294 i 8-429. El número a qui li ha tocat un val de 50 euros per comprar en Berska ha estat el 371. L&#8217;enhorabona!</p>
<p><a href="https://agora.xtec.cat/ieslaromanica/general/483-gracies/">-Solidaritat, col.lecta i guanyadors.</a></p>
<p>TUTORIA</p>
<p><a href="https://agora.xtec.cat/ieslaromanica/general/murals-per-a-la-recerca-i-la-solidaritat/">-Treball tutorial amb els alumnes de 3r d&#8217;ESO.</a></p>
<table style="width: 640px;">
<tbody>
<tr>
<td style="width: 205.455px;"><img loading="lazy" decoding="async" class="aligncenter size-large wp-image-16026" src="https://agora.xtec.cat/ieslaromanica/wp-content/uploads/usu857/2019/12/20191210_080629-BS-1024x799.jpg" alt="" width="1024" height="799" srcset="https://agora.xtec.cat/ieslaromanica/wp-content/uploads/usu857/2019/12/20191210_080629-BS-1024x799.jpg 1024w, https://agora.xtec.cat/ieslaromanica/wp-content/uploads/usu857/2019/12/20191210_080629-BS-300x234.jpg 300w, https://agora.xtec.cat/ieslaromanica/wp-content/uploads/usu857/2019/12/20191210_080629-BS-768x599.jpg 768w, https://agora.xtec.cat/ieslaromanica/wp-content/uploads/usu857/2019/12/20191210_080629-BS.jpg 1890w" sizes="auto, (max-width: 1024px) 100vw, 1024px" /></td>
<td style="width: 214.545px;"><img loading="lazy" decoding="async" class="aligncenter size-large wp-image-16025" src="https://agora.xtec.cat/ieslaromanica/wp-content/uploads/usu857/2019/12/20191210_080613-BS-1024x843.jpg" alt="" width="1024" height="843" srcset="https://agora.xtec.cat/ieslaromanica/wp-content/uploads/usu857/2019/12/20191210_080613-BS-1024x843.jpg 1024w, https://agora.xtec.cat/ieslaromanica/wp-content/uploads/usu857/2019/12/20191210_080613-BS-300x247.jpg 300w, https://agora.xtec.cat/ieslaromanica/wp-content/uploads/usu857/2019/12/20191210_080613-BS-768x632.jpg 768w" sizes="auto, (max-width: 1024px) 100vw, 1024px" /></td>
<td style="width: 210.909px;"><img loading="lazy" decoding="async" class="aligncenter size-large wp-image-16023" src="https://agora.xtec.cat/ieslaromanica/wp-content/uploads/usu857/2019/12/20191210_080554-BS-1024x752.jpg" alt="" width="1024" height="752" srcset="https://agora.xtec.cat/ieslaromanica/wp-content/uploads/usu857/2019/12/20191210_080554-BS-1024x752.jpg 1024w, https://agora.xtec.cat/ieslaromanica/wp-content/uploads/usu857/2019/12/20191210_080554-BS-300x220.jpg 300w, https://agora.xtec.cat/ieslaromanica/wp-content/uploads/usu857/2019/12/20191210_080554-BS-768x564.jpg 768w, https://agora.xtec.cat/ieslaromanica/wp-content/uploads/usu857/2019/12/20191210_080554-BS.jpg 2008w" sizes="auto, (max-width: 1024px) 100vw, 1024px" /></td>
</tr>
</tbody>
</table>

<p>Un any més la comunitat educativa participarà en el projecte humanitari La Marató de TV3, 2019-2020. Aquest any està dedicat a les malalties minoritàries i amb la nostra participació es pretén prendre consciència de les malalties greus, degeneratives i generalment hereditàries que són poc freqüents&hellip;  <a href="https://agora.xtec.cat/ieslaromanica/amb-la-marato-de-tv3/" title="Read Amb la Marató de TV3">Llegeix més»</a></p>
