{"id":16037,"date":"2019-12-15T14:32:27","date_gmt":"2019-12-15T13:32:27","guid":{"rendered":"http:\/\/agora.xtec.cat\/ieslaromanica\/?page_id=16037"},"modified":"2020-04-28T11:12:32","modified_gmt":"2020-04-28T09:12:32","slug":"en-fem-40","status":"publish","type":"page","link":"https:\/\/agora.xtec.cat\/ieslaromanica\/en-fem-40\/","title":{"rendered":"En fem 40"},"content":{"rendered":"<p>Per commemorar els 40 anys que fa l&#8217;Institut, la <em>Comissi\u00f3 de Festes<\/em> i aquells que col\u00b7laboren volunt\u00e0riament aniran oferint-nos al llarg d&#8217;aquest any lectiu un seguit d&#8217;activitats i accions que podrem anar seguint en aquesta p\u00e0gina.<\/p>\n<p><a href=\"https:\/\/agora.xtec.cat\/ieslaromanica\/general\/en-fem-40\/\">-Creaci\u00f3 del logotip i un mural d&#8217;inauguraci\u00f3.<\/a><\/p>\n<table style=\"width: 603px;\">\n<tbody>\n<tr>\n<td style=\"width: 276.364px;\"><img loading=\"lazy\" decoding=\"async\" class=\"aligncenter size-large wp-image-15784\" src=\"https:\/\/agora.xtec.cat\/ieslaromanica\/wp-content\/uploads\/usu857\/2019\/11\/en-fem-40-LOGO-2mg-1024x1024.jpg\" alt=\"\" width=\"1024\" height=\"1024\" srcset=\"https:\/\/agora.xtec.cat\/ieslaromanica\/wp-content\/uploads\/usu857\/2019\/11\/en-fem-40-LOGO-2mg-1024x1024.jpg 1024w, https:\/\/agora.xtec.cat\/ieslaromanica\/wp-content\/uploads\/usu857\/2019\/11\/en-fem-40-LOGO-2mg-150x150.jpg 150w, https:\/\/agora.xtec.cat\/ieslaromanica\/wp-content\/uploads\/usu857\/2019\/11\/en-fem-40-LOGO-2mg-300x300.jpg 300w, https:\/\/agora.xtec.cat\/ieslaromanica\/wp-content\/uploads\/usu857\/2019\/11\/en-fem-40-LOGO-2mg-768x768.jpg 768w\" sizes=\"auto, (max-width: 1024px) 100vw, 1024px\" \/><\/td>\n<td style=\"width: 319.091px;\"><img loading=\"lazy\" decoding=\"async\" class=\"aligncenter size-large wp-image-15785\" src=\"https:\/\/agora.xtec.cat\/ieslaromanica\/wp-content\/uploads\/usu857\/2019\/11\/mural-complert-2-2mg-1024x576.jpg\" alt=\"\" width=\"1024\" height=\"576\" srcset=\"https:\/\/agora.xtec.cat\/ieslaromanica\/wp-content\/uploads\/usu857\/2019\/11\/mural-complert-2-2mg-1024x576.jpg 1024w, https:\/\/agora.xtec.cat\/ieslaromanica\/wp-content\/uploads\/usu857\/2019\/11\/mural-complert-2-2mg-300x169.jpg 300w, https:\/\/agora.xtec.cat\/ieslaromanica\/wp-content\/uploads\/usu857\/2019\/11\/mural-complert-2-2mg-768x432.jpg 768w\" sizes=\"auto, (max-width: 1024px) 100vw, 1024px\" \/><\/td>\n<\/tr>\n<\/tbody>\n<\/table>\n<p>-Polseres 40\u00e8 aniversari.<\/p>\n<table style=\"width: 598px;\">\n<tbody>\n<tr>\n<td style=\"width: 591.818px;\"><img loading=\"lazy\" decoding=\"async\" class=\"aligncenter size-large wp-image-16052\" src=\"https:\/\/agora.xtec.cat\/ieslaromanica\/wp-content\/uploads\/usu857\/2019\/12\/polsera-40-aniversari-bis-1024x209.jpg\" alt=\"\" width=\"1024\" height=\"209\" srcset=\"https:\/\/agora.xtec.cat\/ieslaromanica\/wp-content\/uploads\/usu857\/2019\/12\/polsera-40-aniversari-bis.jpg 1024w, https:\/\/agora.xtec.cat\/ieslaromanica\/wp-content\/uploads\/usu857\/2019\/12\/polsera-40-aniversari-bis-300x61.jpg 300w, https:\/\/agora.xtec.cat\/ieslaromanica\/wp-content\/uploads\/usu857\/2019\/12\/polsera-40-aniversari-bis-768x157.jpg 768w\" sizes=\"auto, (max-width: 1024px) 100vw, 1024px\" \/><\/td>\n<\/tr>\n<\/tbody>\n<\/table>\n<p><a href=\"https:\/\/agora.xtec.cat\/ieslaromanica\/general\/canco-40-aniversari\/\">-Composici\u00f3 d&#8217;una can\u00e7\u00f3 creada pels professors i alumnes de l&#8217;\u00e0mbit art\u00edstic<\/a> per tal que en la seva interpretaci\u00f3 (tocant-la i\/o cantant-la)\u00a0 hi col\u00b7labori\u00a0 tota la comunitat educativa.<\/p>\n<table style=\"width: 607px;\">\n<tbody>\n<tr>\n<td style=\"width: 395.455px;\"><img loading=\"lazy\" decoding=\"async\" class=\"aligncenter size-large wp-image-16041\" src=\"https:\/\/agora.xtec.cat\/ieslaromanica\/wp-content\/uploads\/usu857\/2019\/12\/No-estic-sol-830x1024.jpg\" alt=\"\" width=\"830\" height=\"1024\" srcset=\"https:\/\/agora.xtec.cat\/ieslaromanica\/wp-content\/uploads\/usu857\/2019\/12\/No-estic-sol-830x1024.jpg 830w, https:\/\/agora.xtec.cat\/ieslaromanica\/wp-content\/uploads\/usu857\/2019\/12\/No-estic-sol-243x300.jpg 243w, https:\/\/agora.xtec.cat\/ieslaromanica\/wp-content\/uploads\/usu857\/2019\/12\/No-estic-sol-768x947.jpg 768w\" sizes=\"auto, (max-width: 830px) 100vw, 830px\" \/><\/td>\n<td style=\"width: 203.636px;\"><!--[if lt IE 9]><script>document.createElement('audio');<\/script><![endif]-->\n<audio class=\"wp-audio-shortcode\" id=\"audio-16037-1\" preload=\"none\" style=\"width: 100%;\" controls=\"controls\"><source type=\"audio\/mpeg\" src=\"https:\/\/agora.xtec.cat\/ieslaromanica\/wp-content\/uploads\/usu857\/2019\/12\/No-estic-sol.mp3?_=1\" \/><a href=\"https:\/\/agora.xtec.cat\/ieslaromanica\/wp-content\/uploads\/usu857\/2019\/12\/No-estic-sol.mp3\">https:\/\/agora.xtec.cat\/ieslaromanica\/wp-content\/uploads\/usu857\/2019\/12\/No-estic-sol.mp3<\/a><\/audio><\/td>\n<\/tr>\n<\/tbody>\n<\/table>\n<p><a href=\"https:\/\/agora.xtec.cat\/ieslaromanica\/wp-content\/uploads\/usu857\/2020\/01\/crida-40-aniversari.jpg\">-Crida per al 40\u00e8 Aniversari de l&#8217;Institut La Rom\u00e0nica<\/a><\/p>\n<table style=\"width: 599px;\">\n<tbody>\n<tr>\n<td style=\"width: 143.636px;\"><a href=\"https:\/\/agora.xtec.cat\/ieslaromanica\/general\/petit-misteri-a-resoldre\/\">-Misteri a resoldre<\/a><\/td>\n<td style=\"width: 447.273px;\"><img loading=\"lazy\" decoding=\"async\" class=\"aligncenter size-large wp-image-16513\" src=\"https:\/\/agora.xtec.cat\/ieslaromanica\/wp-content\/uploads\/usu857\/2020\/02\/num-alumnes-BS-1024x503.jpg\" alt=\"\" width=\"1024\" height=\"503\" srcset=\"https:\/\/agora.xtec.cat\/ieslaromanica\/wp-content\/uploads\/usu857\/2020\/02\/num-alumnes-BS-1024x503.jpg 1024w, https:\/\/agora.xtec.cat\/ieslaromanica\/wp-content\/uploads\/usu857\/2020\/02\/num-alumnes-BS-300x147.jpg 300w, https:\/\/agora.xtec.cat\/ieslaromanica\/wp-content\/uploads\/usu857\/2020\/02\/num-alumnes-BS-768x377.jpg 768w, https:\/\/agora.xtec.cat\/ieslaromanica\/wp-content\/uploads\/usu857\/2020\/02\/num-alumnes-BS.jpg 2008w\" sizes=\"auto, (max-width: 1024px) 100vw, 1024px\" \/><\/td>\n<\/tr>\n<\/tbody>\n<\/table>\n<p><a href=\"https:\/\/agora.xtec.cat\/ieslaromanica\/general\/si-si-hem-fet-un-40\/\">-Performance 40<\/a><\/p>\n<table style=\"width: 598px;\">\n<tbody>\n<tr>\n<td style=\"width: 591.818px;\"><a href=\"https:\/\/agora.xtec.cat\/ieslaromanica\/wp-content\/uploads\/usu857\/2020\/02\/hapenning-40-aniversari.jpg\"><img loading=\"lazy\" decoding=\"async\" class=\"aligncenter size-full wp-image-16708\" src=\"https:\/\/agora.xtec.cat\/ieslaromanica\/wp-content\/uploads\/usu857\/2020\/02\/hapenning-40-aniversari.jpg\" alt=\"\" width=\"1000\" height=\"220\" srcset=\"https:\/\/agora.xtec.cat\/ieslaromanica\/wp-content\/uploads\/usu857\/2020\/02\/hapenning-40-aniversari.jpg 1000w, https:\/\/agora.xtec.cat\/ieslaromanica\/wp-content\/uploads\/usu857\/2020\/02\/hapenning-40-aniversari-300x66.jpg 300w, https:\/\/agora.xtec.cat\/ieslaromanica\/wp-content\/uploads\/usu857\/2020\/02\/hapenning-40-aniversari-768x169.jpg 768w\" sizes=\"auto, (max-width: 1000px) 100vw, 1000px\" \/><\/a><\/td>\n<\/tr>\n<\/tbody>\n<\/table>\n<table style=\"width: 596px;\">\n<tbody>\n<tr>\n<td style=\"width: 138.182px;\"><a href=\"https:\/\/agora.xtec.cat\/ieslaromanica\/general\/video-accio-40\/\">-V\u00eddeo Acci\u00f3 40.<\/a><\/td>\n<td style=\"width: 450px;\"><a href=\"https:\/\/drive.google.com\/file\/d\/1MvRC4KhBMVMZgRHt9Bf3zzRUp-d6OAdQ\/view\"><img loading=\"lazy\" decoding=\"async\" class=\"aligncenter size-full wp-image-17138\" src=\"https:\/\/agora.xtec.cat\/ieslaromanica\/wp-content\/uploads\/usu857\/2020\/04\/foto-video-bis.png\" alt=\"\" width=\"589\" height=\"328\" srcset=\"https:\/\/agora.xtec.cat\/ieslaromanica\/wp-content\/uploads\/usu857\/2020\/04\/foto-video-bis.png 589w, https:\/\/agora.xtec.cat\/ieslaromanica\/wp-content\/uploads\/usu857\/2020\/04\/foto-video-bis-300x167.png 300w\" sizes=\"auto, (max-width: 589px) 100vw, 589px\" \/><\/a><\/td>\n<\/tr>\n<\/tbody>\n<\/table>\n","protected":false},"excerpt":{"rendered":"<p>Per commemorar els 40 anys que fa l&#8217;Institut, la Comissi\u00f3 de Festes i aquells que col\u00b7laboren volunt\u00e0riament aniran oferint-nos al llarg d&#8217;aquest any lectiu un seguit d&#8217;activitats i accions que podrem anar seguint en aquesta p\u00e0gina.<br \/>\n<a href=\"https:\/\/agora.xtec.cat\/ieslaromanica\/general\/en-fem-40\/\">-Creaci\u00f3 del logotip i un mural d&#8217;inauguraci\u00f3.<\/a><\/p>\n<p>-Polseres 40\u00e8 aniversari.<\/p>\n<p><a&hellip;  <a href=\"https:\/\/agora.xtec.cat\/ieslaromanica\/en-fem-40\/\" title=\"Read En fem 40\">Llegeix m\u00e9s\u00bb<\/a><\/p>\n","protected":false},"author":6,"featured_media":0,"parent":0,"menu_order":0,"comment_status":"closed","ping_status":"closed","template":"","meta":{"_bbp_topic_count":0,"_bbp_reply_count":0,"_bbp_total_topic_count":0,"_bbp_total_reply_count":0,"_bbp_voice_count":0,"_bbp_anonymous_reply_count":0,"_bbp_topic_count_hidden":0,"_bbp_reply_count_hidden":0,"_bbp_forum_subforum_count":0,"footnotes":""},"class_list":["post-16037","page","type-page","status-publish","hentry"],"post_mailing_queue_ids":[],"_links":{"self":[{"href":"https:\/\/agora.xtec.cat\/ieslaromanica\/wp-json\/wp\/v2\/pages\/16037","targetHints":{"allow":["GET"]}}],"collection":[{"href":"https:\/\/agora.xtec.cat\/ieslaromanica\/wp-json\/wp\/v2\/pages"}],"about":[{"href":"https:\/\/agora.xtec.cat\/ieslaromanica\/wp-json\/wp\/v2\/types\/page"}],"author":[{"embeddable":true,"href":"https:\/\/agora.xtec.cat\/ieslaromanica\/wp-json\/wp\/v2\/users\/6"}],"replies":[{"embeddable":true,"href":"https:\/\/agora.xtec.cat\/ieslaromanica\/wp-json\/wp\/v2\/comments?post=16037"}],"version-history":[{"count":3,"href":"https:\/\/agora.xtec.cat\/ieslaromanica\/wp-json\/wp\/v2\/pages\/16037\/revisions"}],"predecessor-version":[{"id":17144,"href":"https:\/\/agora.xtec.cat\/ieslaromanica\/wp-json\/wp\/v2\/pages\/16037\/revisions\/17144"}],"wp:attachment":[{"href":"https:\/\/agora.xtec.cat\/ieslaromanica\/wp-json\/wp\/v2\/media?parent=16037"}],"curies":[{"name":"wp","href":"https:\/\/api.w.org\/{rel}","templated":true}]}}

<p>Per commemorar els 40 anys que fa l&#8217;Institut, la <em>Comissió de Festes</em> i aquells que col·laboren voluntàriament aniran oferint-nos al llarg d&#8217;aquest any lectiu un seguit d&#8217;activitats i accions que podrem anar seguint en aquesta pàgina.</p>
<p><a href="https://agora.xtec.cat/ieslaromanica/general/en-fem-40/">-Creació del logotip i un mural d&#8217;inauguració.</a></p>
<table style="width: 603px;">
<tbody>
<tr>
<td style="width: 276.364px;"><img loading="lazy" decoding="async" class="aligncenter size-large wp-image-15784" src="https://agora.xtec.cat/ieslaromanica/wp-content/uploads/usu857/2019/11/en-fem-40-LOGO-2mg-1024x1024.jpg" alt="" width="1024" height="1024" srcset="https://agora.xtec.cat/ieslaromanica/wp-content/uploads/usu857/2019/11/en-fem-40-LOGO-2mg-1024x1024.jpg 1024w, https://agora.xtec.cat/ieslaromanica/wp-content/uploads/usu857/2019/11/en-fem-40-LOGO-2mg-150x150.jpg 150w, https://agora.xtec.cat/ieslaromanica/wp-content/uploads/usu857/2019/11/en-fem-40-LOGO-2mg-300x300.jpg 300w, https://agora.xtec.cat/ieslaromanica/wp-content/uploads/usu857/2019/11/en-fem-40-LOGO-2mg-768x768.jpg 768w" sizes="auto, (max-width: 1024px) 100vw, 1024px" /></td>
<td style="width: 319.091px;"><img loading="lazy" decoding="async" class="aligncenter size-large wp-image-15785" src="https://agora.xtec.cat/ieslaromanica/wp-content/uploads/usu857/2019/11/mural-complert-2-2mg-1024x576.jpg" alt="" width="1024" height="576" srcset="https://agora.xtec.cat/ieslaromanica/wp-content/uploads/usu857/2019/11/mural-complert-2-2mg-1024x576.jpg 1024w, https://agora.xtec.cat/ieslaromanica/wp-content/uploads/usu857/2019/11/mural-complert-2-2mg-300x169.jpg 300w, https://agora.xtec.cat/ieslaromanica/wp-content/uploads/usu857/2019/11/mural-complert-2-2mg-768x432.jpg 768w" sizes="auto, (max-width: 1024px) 100vw, 1024px" /></td>
</tr>
</tbody>
</table>
<p>-Polseres 40è aniversari.</p>
<table style="width: 598px;">
<tbody>
<tr>
<td style="width: 591.818px;"><img loading="lazy" decoding="async" class="aligncenter size-large wp-image-16052" src="https://agora.xtec.cat/ieslaromanica/wp-content/uploads/usu857/2019/12/polsera-40-aniversari-bis-1024x209.jpg" alt="" width="1024" height="209" srcset="https://agora.xtec.cat/ieslaromanica/wp-content/uploads/usu857/2019/12/polsera-40-aniversari-bis.jpg 1024w, https://agora.xtec.cat/ieslaromanica/wp-content/uploads/usu857/2019/12/polsera-40-aniversari-bis-300x61.jpg 300w, https://agora.xtec.cat/ieslaromanica/wp-content/uploads/usu857/2019/12/polsera-40-aniversari-bis-768x157.jpg 768w" sizes="auto, (max-width: 1024px) 100vw, 1024px" /></td>
</tr>
</tbody>
</table>
<p><a href="https://agora.xtec.cat/ieslaromanica/general/canco-40-aniversari/">-Composició d&#8217;una cançó creada pels professors i alumnes de l&#8217;àmbit artístic</a> per tal que en la seva interpretació (tocant-la i/o cantant-la)  hi col·labori  tota la comunitat educativa.</p>
<table style="width: 607px;">
<tbody>
<tr>
<td style="width: 395.455px;"><img loading="lazy" decoding="async" class="aligncenter size-large wp-image-16041" src="https://agora.xtec.cat/ieslaromanica/wp-content/uploads/usu857/2019/12/No-estic-sol-830x1024.jpg" alt="" width="830" height="1024" srcset="https://agora.xtec.cat/ieslaromanica/wp-content/uploads/usu857/2019/12/No-estic-sol-830x1024.jpg 830w, https://agora.xtec.cat/ieslaromanica/wp-content/uploads/usu857/2019/12/No-estic-sol-243x300.jpg 243w, https://agora.xtec.cat/ieslaromanica/wp-content/uploads/usu857/2019/12/No-estic-sol-768x947.jpg 768w" sizes="auto, (max-width: 830px) 100vw, 830px" /></td>
<td style="width: 203.636px;"><!--[if lt IE 9]><script>document.createElement('audio');</script><![endif]-->
<audio class="wp-audio-shortcode" id="audio-16037-1" preload="none" style="width: 100%;" controls="controls"><source type="audio/mpeg" src="https://agora.xtec.cat/ieslaromanica/wp-content/uploads/usu857/2019/12/No-estic-sol.mp3?_=1" /><a href="https://agora.xtec.cat/ieslaromanica/wp-content/uploads/usu857/2019/12/No-estic-sol.mp3">https://agora.xtec.cat/ieslaromanica/wp-content/uploads/usu857/2019/12/No-estic-sol.mp3</a></audio></td>
</tr>
</tbody>
</table>
<p><a href="https://agora.xtec.cat/ieslaromanica/wp-content/uploads/usu857/2020/01/crida-40-aniversari.jpg">-Crida per al 40è Aniversari de l&#8217;Institut La Romànica</a></p>
<table style="width: 599px;">
<tbody>
<tr>
<td style="width: 143.636px;"><a href="https://agora.xtec.cat/ieslaromanica/general/petit-misteri-a-resoldre/">-Misteri a resoldre</a></td>
<td style="width: 447.273px;"><img loading="lazy" decoding="async" class="aligncenter size-large wp-image-16513" src="https://agora.xtec.cat/ieslaromanica/wp-content/uploads/usu857/2020/02/num-alumnes-BS-1024x503.jpg" alt="" width="1024" height="503" srcset="https://agora.xtec.cat/ieslaromanica/wp-content/uploads/usu857/2020/02/num-alumnes-BS-1024x503.jpg 1024w, https://agora.xtec.cat/ieslaromanica/wp-content/uploads/usu857/2020/02/num-alumnes-BS-300x147.jpg 300w, https://agora.xtec.cat/ieslaromanica/wp-content/uploads/usu857/2020/02/num-alumnes-BS-768x377.jpg 768w, https://agora.xtec.cat/ieslaromanica/wp-content/uploads/usu857/2020/02/num-alumnes-BS.jpg 2008w" sizes="auto, (max-width: 1024px) 100vw, 1024px" /></td>
</tr>
</tbody>
</table>
<p><a href="https://agora.xtec.cat/ieslaromanica/general/si-si-hem-fet-un-40/">-Performance 40</a></p>
<table style="width: 598px;">
<tbody>
<tr>
<td style="width: 591.818px;"><a href="https://agora.xtec.cat/ieslaromanica/wp-content/uploads/usu857/2020/02/hapenning-40-aniversari.jpg"><img loading="lazy" decoding="async" class="aligncenter size-full wp-image-16708" src="https://agora.xtec.cat/ieslaromanica/wp-content/uploads/usu857/2020/02/hapenning-40-aniversari.jpg" alt="" width="1000" height="220" srcset="https://agora.xtec.cat/ieslaromanica/wp-content/uploads/usu857/2020/02/hapenning-40-aniversari.jpg 1000w, https://agora.xtec.cat/ieslaromanica/wp-content/uploads/usu857/2020/02/hapenning-40-aniversari-300x66.jpg 300w, https://agora.xtec.cat/ieslaromanica/wp-content/uploads/usu857/2020/02/hapenning-40-aniversari-768x169.jpg 768w" sizes="auto, (max-width: 1000px) 100vw, 1000px" /></a></td>
</tr>
</tbody>
</table>
<table style="width: 596px;">
<tbody>
<tr>
<td style="width: 138.182px;"><a href="https://agora.xtec.cat/ieslaromanica/general/video-accio-40/">-Vídeo Acció 40.</a></td>
<td style="width: 450px;"><a href="https://drive.google.com/file/d/1MvRC4KhBMVMZgRHt9Bf3zzRUp-d6OAdQ/view"><img loading="lazy" decoding="async" class="aligncenter size-full wp-image-17138" src="https://agora.xtec.cat/ieslaromanica/wp-content/uploads/usu857/2020/04/foto-video-bis.png" alt="" width="589" height="328" srcset="https://agora.xtec.cat/ieslaromanica/wp-content/uploads/usu857/2020/04/foto-video-bis.png 589w, https://agora.xtec.cat/ieslaromanica/wp-content/uploads/usu857/2020/04/foto-video-bis-300x167.png 300w" sizes="auto, (max-width: 589px) 100vw, 589px" /></a></td>
</tr>
</tbody>
</table>

<p>Per commemorar els 40 anys que fa l&#8217;Institut, la Comissió de Festes i aquells que col·laboren voluntàriament aniran oferint-nos al llarg d&#8217;aquest any lectiu un seguit d&#8217;activitats i accions que podrem anar seguint en aquesta pàgina.<br />
<a href="https://agora.xtec.cat/ieslaromanica/general/en-fem-40/">-Creació del logotip i un mural d&#8217;inauguració.</a></p>
<p>-Polseres 40è aniversari.</p>
<p><a&hellip;  <a href="https://agora.xtec.cat/ieslaromanica/en-fem-40/" title="Read En fem 40">Llegeix més»</a></p>
