{"id":15938,"date":"2019-11-29T15:36:39","date_gmt":"2019-11-29T14:36:39","guid":{"rendered":"http:\/\/agora.xtec.cat\/ieslaromanica\/?page_id=15938"},"modified":"2024-02-17T19:05:49","modified_gmt":"2024-02-17T18:05:49","slug":"gaudir-les-formes","status":"publish","type":"page","link":"https:\/\/agora.xtec.cat\/ieslaromanica\/projectes\/projectes-actuals\/gaudir-les-formes\/","title":{"rendered":"GAUDIr les formes"},"content":{"rendered":"<table style=\"border-collapse: collapse; width: 36.6133%; height: 256px;\">\n<tbody>\n<tr style=\"height: 256px;\">\n<td style=\"width: 100%; height: 256px;\"><a href=\"https:\/\/agora.xtec.cat\/ieslaromanica\/tag\/projecte-gaudir-les-formes\/\"><img loading=\"lazy\" decoding=\"async\" class=\" wp-image-20370 aligncenter\" src=\"https:\/\/agora.xtec.cat\/ieslaromanica\/wp-content\/uploads\/usu857\/2021\/11\/Gaudir-les-formes-arti\u0301cles-2mg-300x300.jpg\" alt=\"\" width=\"316\" height=\"316\" srcset=\"https:\/\/agora.xtec.cat\/ieslaromanica\/wp-content\/uploads\/usu857\/2021\/11\/Gaudir-les-formes-arti\u0301cles-2mg-300x300.jpg 300w, https:\/\/agora.xtec.cat\/ieslaromanica\/wp-content\/uploads\/usu857\/2021\/11\/Gaudir-les-formes-arti\u0301cles-2mg-1024x1024.jpg 1024w, https:\/\/agora.xtec.cat\/ieslaromanica\/wp-content\/uploads\/usu857\/2021\/11\/Gaudir-les-formes-arti\u0301cles-2mg-150x150.jpg 150w, https:\/\/agora.xtec.cat\/ieslaromanica\/wp-content\/uploads\/usu857\/2021\/11\/Gaudir-les-formes-arti\u0301cles-2mg-768x768.jpg 768w, https:\/\/agora.xtec.cat\/ieslaromanica\/wp-content\/uploads\/usu857\/2021\/11\/Gaudir-les-formes-arti\u0301cles-2mg.jpg 1205w\" sizes=\"auto, (max-width: 316px) 100vw, 316px\" \/><\/a><\/td>\n<\/tr>\n<\/tbody>\n<\/table>\n<p>&#8220;L&#8217;arquitectura no s\u00f3n quatre parets i una teulada, sin\u00f3 l&#8217;espai i l&#8217;esperit que es genera dins\u201d &#8211; Lao Tzu<\/p>\n<p>\u201cL\u2019espai, les formes i els colors vibren, l\u2019ordre ens harmonitza i d\u00f3na coher\u00e8ncia, la natura ens sost\u00e9n, ens connecta i ens recorda qui som. Treballar conscientment amb aquests elements genera una simfonia a la nostra vida que ens ajuda a cultivar la vida de l\u2019esperit\u201d &#8211; An\u00f2nim<\/p>\n<p><img loading=\"lazy\" decoding=\"async\" class=\"wp-image-15929 aligncenter\" src=\"https:\/\/agora.xtec.cat\/ieslaromanica\/wp-content\/uploads\/usu857\/2019\/11\/gaudi-1.jpg\" alt=\"\" width=\"640\" height=\"222\" srcset=\"https:\/\/agora.xtec.cat\/ieslaromanica\/wp-content\/uploads\/usu857\/2019\/11\/gaudi-1.jpg 701w, https:\/\/agora.xtec.cat\/ieslaromanica\/wp-content\/uploads\/usu857\/2019\/11\/gaudi-1-300x104.jpg 300w\" sizes=\"auto, (max-width: 640px) 100vw, 640px\" \/><\/p>\n<p>Inspirant-nos en els processos de disseny i les formes org\u00e0niques de l\u2019arquitecte Antoni Gaud\u00ed, aquest projecte impulsa a l\u2019alumnat a submergir-se en un proc\u00e9s de recerca mitjan\u00e7ant l\u2019art, aix\u00ed com a experimentar, dissenyar i crear amb plaer i inter\u00e8s peces art\u00edstiques que ajudin a millorar, tant en l\u2019est\u00e8tica com en la vesant funcional, els diferents espais del centre.<\/p>\n<p>Es pret\u00e9n, amb les noves metodologies d\u2019innovaci\u00f3, implicar a l\u2019alumnat en tot el proc\u00e9s per tal que facin seu els espais del centre i poder donar resposta a les necessitats reals i a la diversitat de la comunitat educativa. Alhora, es replanteja el paper de les formes art\u00edstiques i el de l\u2019estructura i l\u2019organitzaci\u00f3 de l\u2019espai com a mitjans que condicionen la manera com aprenem. Les fases del proc\u00e9s de recerca i creaci\u00f3 s\u00f3n les seg\u00fcents:<\/p>\n<p><a href=\"https:\/\/agora.xtec.cat\/ieslaromanica\/wp-content\/uploads\/usu857\/2021\/05\/fases-projecte-Gaudir.jpg\"><img loading=\"lazy\" decoding=\"async\" class=\"wp-image-19114 aligncenter\" src=\"https:\/\/agora.xtec.cat\/ieslaromanica\/wp-content\/uploads\/usu857\/2021\/05\/fases-projecte-Gaudir-1024x724.jpg\" alt=\"\" width=\"534\" height=\"378\" srcset=\"https:\/\/agora.xtec.cat\/ieslaromanica\/wp-content\/uploads\/usu857\/2021\/05\/fases-projecte-Gaudir-1024x724.jpg 1024w, https:\/\/agora.xtec.cat\/ieslaromanica\/wp-content\/uploads\/usu857\/2021\/05\/fases-projecte-Gaudir-300x212.jpg 300w, https:\/\/agora.xtec.cat\/ieslaromanica\/wp-content\/uploads\/usu857\/2021\/05\/fases-projecte-Gaudir-768x543.jpg 768w\" sizes=\"auto, (max-width: 534px) 100vw, 534px\" \/><\/a><\/p>\n<p>La intenci\u00f3 en un inici va ser la d&#8217;anar construint el projecte, any rere any, segons la situaci\u00f3 del moment i els interessos de l\u2019alumnat. L&#8217;any acad\u00e8mic 2018-19, a 4t d\u2019ESO, es van iniciar activitats com a prova pilot a la mat\u00e8ria de Visual i Pl\u00e0stica. Gr\u00e0cies a la gran acollida i implicaci\u00f3 dels estudiants, es van afegir m\u00e9s departaments did\u00e0ctics, per\u00f2 malauradament a causa de la situaci\u00f3 que va provocar la pand\u00e8mia no es van poder completar totes les propostes. El treball es desenvolupa en equip i de manera transversal (diferents nivells educatius) promovent-se diferents tipus d\u2019activitats participatives i en xarxa.<\/p>\n<p>Per altra banda, la millora d\u2019espais mitjan\u00e7ant la creaci\u00f3 d\u2019ambients i formes gaudinianes s\u2019enfocar\u00e0 tamb\u00e9 en el pati per aconseguir transformar-lo en un espai m\u00e9s flexible, multifuncional, diversificat i desjerarquitzat col\u00b7laborant amb la comissi\u00f3 de coeducaci\u00f3.<\/p>\n<p>V\u00eddeo del projecte:<\/p>\n<p><a href=\"https:\/\/drive.google.com\/file\/d\/1UNxaAoj9kgOMXDRHFW274HMV5iUWRppQ\/view?usp=sharing\"><img loading=\"lazy\" decoding=\"async\" class=\"aligncenter wp-image-19423\" src=\"https:\/\/agora.xtec.cat\/ieslaromanica\/wp-content\/uploads\/usu857\/2021\/06\/PROJECTES-2-titol-2mg-1024x724.jpg\" alt=\"\" width=\"594\" height=\"420\" srcset=\"https:\/\/agora.xtec.cat\/ieslaromanica\/wp-content\/uploads\/usu857\/2021\/06\/PROJECTES-2-titol-2mg-1024x724.jpg 1024w, https:\/\/agora.xtec.cat\/ieslaromanica\/wp-content\/uploads\/usu857\/2021\/06\/PROJECTES-2-titol-2mg-300x212.jpg 300w, https:\/\/agora.xtec.cat\/ieslaromanica\/wp-content\/uploads\/usu857\/2021\/06\/PROJECTES-2-titol-2mg-768x543.jpg 768w\" sizes=\"auto, (max-width: 594px) 100vw, 594px\" \/><\/a><\/p>\n<p>&nbsp;<\/p>\n<table style=\"width: 579px;\">\n<tbody>\n<tr>\n<td style=\"width: 249.744px;\">GAUDir les formes 2023-2024<\/td>\n<td style=\"width: 321.804px;\"><a href=\"https:\/\/agora.xtec.cat\/ieslaromanica\/general\/poliedres-arquimedians-estrellats\/\">Galeria d&#8217;imatges-article<\/a><\/td>\n<\/tr>\n<tr>\n<td style=\"width: 249.744px;\">GAUDir les formes 2022-2023<\/td>\n<td style=\"width: 321.804px;\"><a href=\"https:\/\/agora.xtec.cat\/ieslaromanica\/general\/catenaries-i-escultures-reglades\/\">Galeria d&#8217;imatges-article<\/a><\/td>\n<\/tr>\n<tr>\n<td style=\"width: 249.744px;\">GAUDIr les formes 2021-2022<\/td>\n<td style=\"width: 321.804px;\"><a href=\"https:\/\/viplaromanica.blogspot.com\/p\/galeria-gaudir-les-formes-4t-deso-2022.html\">Galeria d&#8217;imatges<\/a><\/td>\n<\/tr>\n<tr>\n<td style=\"width: 249.744px;\"><a href=\"https:\/\/drive.google.com\/file\/d\/1R7g887Wesfa8NQ-5Mf-d3boGs1gT7Pk4\/view?usp=sharing\">GAUDIr les formes 2020-2021<\/a><\/td>\n<td style=\"width: 321.804px;\"><a href=\"https:\/\/viplaromanica.blogspot.com\/p\/galeria-gaudir-les-formes-4t-deso-2021.html\">Galeria d&#8217;imatges, 4t ESO, 2020-2021<\/a><\/td>\n<\/tr>\n<tr>\n<td style=\"width: 249.744px;\">GAUDIr les formes 2019-2020: <a href=\"https:\/\/drive.google.com\/file\/d\/1nrPOeRt90fePCCjcWIXAC2EVrpzut6lZ\/view\">4t ESO<\/a>&#8211;<a href=\"https:\/\/drive.google.com\/file\/d\/14haS1At_TpdCDid3MODND3Pc6KKUM8dW\/view\">3r ESO<\/a>&#8211;<a href=\"https:\/\/drive.google.com\/file\/d\/1RMdqFAPHJ4UvTNERzhasOBnR7qp5cA0t\/view\">1r ESO<\/a><\/td>\n<td style=\"width: 321.804px;\"><a href=\"http:\/\/viplaromanica.blogspot.com\/2019\/12\/collage-i-trencadis-projecte-gaudir-les.html\">Galeria d&#8217;imatges, 1r ESO, 2019-2020<\/a> &#8211; <a href=\"https:\/\/viplaromanica.blogspot.com\/p\/galeria-gaudir-les-formes-3r-eso-1920.html\">Galeria d&#8217;imatges, 3r ESO, 2019-2020<\/a> &#8211; <a href=\"https:\/\/viplaromanica.blogspot.com\/p\/galeria.html\">Galeria d&#8217;imatges, 4t ESO, 2019-2020<\/a><\/td>\n<\/tr>\n<tr>\n<td style=\"width: 249.744px;\"><a href=\"http:\/\/viplaromanica.blogspot.com\/p\/projecte-gaudir-les-formes-4t-eso-2018.html\">GAUDIr les formes 2018-2019<\/a><\/td>\n<td style=\"width: 321.804px;\"><a href=\"http:\/\/viplaromanica.blogspot.com\/p\/galeria-projectes-22_16.html\">Galeria d&#8217;imatges, 4t ESO, 2018-2019<\/a><\/td>\n<\/tr>\n<\/tbody>\n<\/table>\n<table style=\"width: 578px;\">\n<tbody>\n<tr>\n<td style=\"width: 572.372px;\"><a href=\"https:\/\/agora.xtec.cat\/ieslaromanica\/tag\/projecte-gaudir-les-formes\/\">Totes les not\u00edcies.<\/a><\/p>\n<p>Not\u00edcies 2021-2022:<\/p>\n<p>Not\u00edcies 2020-2021:\u00a0 <a href=\"https:\/\/agora.xtec.cat\/ieslaromanica\/general\/restaurem-mobiliari\/\">Restaurem mobiliari<\/a> \/ <a href=\"https:\/\/agora.xtec.cat\/ieslaromanica\/general\/gaudir-gaudi\/\">Gaudir Gaud\u00ed. Instal\u00b7laci\u00f3 amb columnes helicoidals<\/a> \/ <a href=\"https:\/\/agora.xtec.cat\/ieslaromanica\/general\/superficies-reglades-per-a-recrear-espais\/\">Superf\u00edcies reglades per a recrear espais<\/a> \/ <a href=\"https:\/\/agora.xtec.cat\/ieslaromanica\/general\/poliedres-platonics-estrellats\/\">Poliedres plat\u00f2nics estrellats<\/a> \/ <a href=\"https:\/\/agora.xtec.cat\/ieslaromanica\/general\/arquitectura-a-les-aules-i-patis-coeducatius\/\">Arquitectura a les aules i patis coeducatius<\/a> \/ <a href=\"https:\/\/agora.xtec.cat\/ieslaromanica\/general\/envoltant-destructures\/\">Envoltant d&#8217;estructures<\/a> \/<\/p>\n<p>Not\u00edcies: 2019-2020 <a href=\"https:\/\/agora.xtec.cat\/ieslaromanica\/general\/gaudi-i-sostenibilitat\/\">Gaud\u00ed i sostenibilitat <\/a>\/ <a href=\"https:\/\/agora.xtec.cat\/ieslaromanica\/general\/i-despres-va-ser-la-forma\/\">I despr\u00e9s&#8230; va ser la forma.<\/a><\/td>\n<\/tr>\n<\/tbody>\n<\/table>\n<p>&nbsp;<\/p>\n<p>&nbsp;<\/p>\n","protected":false},"excerpt":{"rendered":"<p><a href=\"https:\/\/agora.xtec.cat\/ieslaromanica\/tag\/projecte-gaudir-les-formes\/\"><\/a><\/p>\n<p>&#8220;L&#8217;arquitectura no s\u00f3n quatre parets i una teulada, sin\u00f3 l&#8217;espai i l&#8217;esperit que es genera dins\u201d &#8211; Lao Tzu<br \/>\n\u201cL\u2019espai, les formes i els colors vibren, l\u2019ordre ens harmonitza i d\u00f3na coher\u00e8ncia, la natura ens sost\u00e9n, ens connecta i ens recorda qui som. Treballar conscientment&hellip;  <a href=\"https:\/\/agora.xtec.cat\/ieslaromanica\/projectes\/projectes-actuals\/gaudir-les-formes\/\" title=\"Read GAUDIr les formes\">Llegeix m\u00e9s\u00bb<\/a><\/p>\n","protected":false},"author":6,"featured_media":0,"parent":15903,"menu_order":0,"comment_status":"closed","ping_status":"closed","template":"page-templates\/side-menu.php","meta":{"_bbp_topic_count":0,"_bbp_reply_count":0,"_bbp_total_topic_count":0,"_bbp_total_reply_count":0,"_bbp_voice_count":0,"_bbp_anonymous_reply_count":0,"_bbp_topic_count_hidden":0,"_bbp_reply_count_hidden":0,"_bbp_forum_subforum_count":0,"footnotes":""},"class_list":["post-15938","page","type-page","status-publish","hentry"],"post_mailing_queue_ids":[],"_links":{"self":[{"href":"https:\/\/agora.xtec.cat\/ieslaromanica\/wp-json\/wp\/v2\/pages\/15938","targetHints":{"allow":["GET"]}}],"collection":[{"href":"https:\/\/agora.xtec.cat\/ieslaromanica\/wp-json\/wp\/v2\/pages"}],"about":[{"href":"https:\/\/agora.xtec.cat\/ieslaromanica\/wp-json\/wp\/v2\/types\/page"}],"author":[{"embeddable":true,"href":"https:\/\/agora.xtec.cat\/ieslaromanica\/wp-json\/wp\/v2\/users\/6"}],"replies":[{"embeddable":true,"href":"https:\/\/agora.xtec.cat\/ieslaromanica\/wp-json\/wp\/v2\/comments?post=15938"}],"version-history":[{"count":7,"href":"https:\/\/agora.xtec.cat\/ieslaromanica\/wp-json\/wp\/v2\/pages\/15938\/revisions"}],"predecessor-version":[{"id":25413,"href":"https:\/\/agora.xtec.cat\/ieslaromanica\/wp-json\/wp\/v2\/pages\/15938\/revisions\/25413"}],"up":[{"embeddable":true,"href":"https:\/\/agora.xtec.cat\/ieslaromanica\/wp-json\/wp\/v2\/pages\/15903"}],"wp:attachment":[{"href":"https:\/\/agora.xtec.cat\/ieslaromanica\/wp-json\/wp\/v2\/media?parent=15938"}],"curies":[{"name":"wp","href":"https:\/\/api.w.org\/{rel}","templated":true}]}}

<table style="border-collapse: collapse; width: 36.6133%; height: 256px;">
<tbody>
<tr style="height: 256px;">
<td style="width: 100%; height: 256px;"><a href="https://agora.xtec.cat/ieslaromanica/tag/projecte-gaudir-les-formes/"><img loading="lazy" decoding="async" class=" wp-image-20370 aligncenter" src="https://agora.xtec.cat/ieslaromanica/wp-content/uploads/usu857/2021/11/Gaudir-les-formes-artícles-2mg-300x300.jpg" alt="" width="316" height="316" srcset="https://agora.xtec.cat/ieslaromanica/wp-content/uploads/usu857/2021/11/Gaudir-les-formes-artícles-2mg-300x300.jpg 300w, https://agora.xtec.cat/ieslaromanica/wp-content/uploads/usu857/2021/11/Gaudir-les-formes-artícles-2mg-1024x1024.jpg 1024w, https://agora.xtec.cat/ieslaromanica/wp-content/uploads/usu857/2021/11/Gaudir-les-formes-artícles-2mg-150x150.jpg 150w, https://agora.xtec.cat/ieslaromanica/wp-content/uploads/usu857/2021/11/Gaudir-les-formes-artícles-2mg-768x768.jpg 768w, https://agora.xtec.cat/ieslaromanica/wp-content/uploads/usu857/2021/11/Gaudir-les-formes-artícles-2mg.jpg 1205w" sizes="auto, (max-width: 316px) 100vw, 316px" /></a></td>
</tr>
</tbody>
</table>
<p>&#8220;L&#8217;arquitectura no són quatre parets i una teulada, sinó l&#8217;espai i l&#8217;esperit que es genera dins” &#8211; Lao Tzu</p>
<p>“L’espai, les formes i els colors vibren, l’ordre ens harmonitza i dóna coherència, la natura ens sostén, ens connecta i ens recorda qui som. Treballar conscientment amb aquests elements genera una simfonia a la nostra vida que ens ajuda a cultivar la vida de l’esperit” &#8211; Anònim</p>
<p><img loading="lazy" decoding="async" class="wp-image-15929 aligncenter" src="https://agora.xtec.cat/ieslaromanica/wp-content/uploads/usu857/2019/11/gaudi-1.jpg" alt="" width="640" height="222" srcset="https://agora.xtec.cat/ieslaromanica/wp-content/uploads/usu857/2019/11/gaudi-1.jpg 701w, https://agora.xtec.cat/ieslaromanica/wp-content/uploads/usu857/2019/11/gaudi-1-300x104.jpg 300w" sizes="auto, (max-width: 640px) 100vw, 640px" /></p>
<p>Inspirant-nos en els processos de disseny i les formes orgàniques de l’arquitecte Antoni Gaudí, aquest projecte impulsa a l’alumnat a submergir-se en un procés de recerca mitjançant l’art, així com a experimentar, dissenyar i crear amb plaer i interès peces artístiques que ajudin a millorar, tant en l’estètica com en la vesant funcional, els diferents espais del centre.</p>
<p>Es pretén, amb les noves metodologies d’innovació, implicar a l’alumnat en tot el procés per tal que facin seu els espais del centre i poder donar resposta a les necessitats reals i a la diversitat de la comunitat educativa. Alhora, es replanteja el paper de les formes artístiques i el de l’estructura i l’organització de l’espai com a mitjans que condicionen la manera com aprenem. Les fases del procés de recerca i creació són les següents:</p>
<p><a href="https://agora.xtec.cat/ieslaromanica/wp-content/uploads/usu857/2021/05/fases-projecte-Gaudir.jpg"><img loading="lazy" decoding="async" class="wp-image-19114 aligncenter" src="https://agora.xtec.cat/ieslaromanica/wp-content/uploads/usu857/2021/05/fases-projecte-Gaudir-1024x724.jpg" alt="" width="534" height="378" srcset="https://agora.xtec.cat/ieslaromanica/wp-content/uploads/usu857/2021/05/fases-projecte-Gaudir-1024x724.jpg 1024w, https://agora.xtec.cat/ieslaromanica/wp-content/uploads/usu857/2021/05/fases-projecte-Gaudir-300x212.jpg 300w, https://agora.xtec.cat/ieslaromanica/wp-content/uploads/usu857/2021/05/fases-projecte-Gaudir-768x543.jpg 768w" sizes="auto, (max-width: 534px) 100vw, 534px" /></a></p>
<p>La intenció en un inici va ser la d&#8217;anar construint el projecte, any rere any, segons la situació del moment i els interessos de l’alumnat. L&#8217;any acadèmic 2018-19, a 4t d’ESO, es van iniciar activitats com a prova pilot a la matèria de Visual i Plàstica. Gràcies a la gran acollida i implicació dels estudiants, es van afegir més departaments didàctics, però malauradament a causa de la situació que va provocar la pandèmia no es van poder completar totes les propostes. El treball es desenvolupa en equip i de manera transversal (diferents nivells educatius) promovent-se diferents tipus d’activitats participatives i en xarxa.</p>
<p>Per altra banda, la millora d’espais mitjançant la creació d’ambients i formes gaudinianes s’enfocarà també en el pati per aconseguir transformar-lo en un espai més flexible, multifuncional, diversificat i desjerarquitzat col·laborant amb la comissió de coeducació.</p>
<p>Vídeo del projecte:</p>
<p><a href="https://drive.google.com/file/d/1UNxaAoj9kgOMXDRHFW274HMV5iUWRppQ/view?usp=sharing"><img loading="lazy" decoding="async" class="aligncenter wp-image-19423" src="https://agora.xtec.cat/ieslaromanica/wp-content/uploads/usu857/2021/06/PROJECTES-2-titol-2mg-1024x724.jpg" alt="" width="594" height="420" srcset="https://agora.xtec.cat/ieslaromanica/wp-content/uploads/usu857/2021/06/PROJECTES-2-titol-2mg-1024x724.jpg 1024w, https://agora.xtec.cat/ieslaromanica/wp-content/uploads/usu857/2021/06/PROJECTES-2-titol-2mg-300x212.jpg 300w, https://agora.xtec.cat/ieslaromanica/wp-content/uploads/usu857/2021/06/PROJECTES-2-titol-2mg-768x543.jpg 768w" sizes="auto, (max-width: 594px) 100vw, 594px" /></a></p>
<p>&nbsp;</p>
<table style="width: 579px;">
<tbody>
<tr>
<td style="width: 249.744px;">GAUDir les formes 2023-2024</td>
<td style="width: 321.804px;"><a href="https://agora.xtec.cat/ieslaromanica/general/poliedres-arquimedians-estrellats/">Galeria d&#8217;imatges-article</a></td>
</tr>
<tr>
<td style="width: 249.744px;">GAUDir les formes 2022-2023</td>
<td style="width: 321.804px;"><a href="https://agora.xtec.cat/ieslaromanica/general/catenaries-i-escultures-reglades/">Galeria d&#8217;imatges-article</a></td>
</tr>
<tr>
<td style="width: 249.744px;">GAUDIr les formes 2021-2022</td>
<td style="width: 321.804px;"><a href="https://viplaromanica.blogspot.com/p/galeria-gaudir-les-formes-4t-deso-2022.html">Galeria d&#8217;imatges</a></td>
</tr>
<tr>
<td style="width: 249.744px;"><a href="https://drive.google.com/file/d/1R7g887Wesfa8NQ-5Mf-d3boGs1gT7Pk4/view?usp=sharing">GAUDIr les formes 2020-2021</a></td>
<td style="width: 321.804px;"><a href="https://viplaromanica.blogspot.com/p/galeria-gaudir-les-formes-4t-deso-2021.html">Galeria d&#8217;imatges, 4t ESO, 2020-2021</a></td>
</tr>
<tr>
<td style="width: 249.744px;">GAUDIr les formes 2019-2020: <a href="https://drive.google.com/file/d/1nrPOeRt90fePCCjcWIXAC2EVrpzut6lZ/view">4t ESO</a>&#8211;<a href="https://drive.google.com/file/d/14haS1At_TpdCDid3MODND3Pc6KKUM8dW/view">3r ESO</a>&#8211;<a href="https://drive.google.com/file/d/1RMdqFAPHJ4UvTNERzhasOBnR7qp5cA0t/view">1r ESO</a></td>
<td style="width: 321.804px;"><a href="http://viplaromanica.blogspot.com/2019/12/collage-i-trencadis-projecte-gaudir-les.html">Galeria d&#8217;imatges, 1r ESO, 2019-2020</a> &#8211; <a href="https://viplaromanica.blogspot.com/p/galeria-gaudir-les-formes-3r-eso-1920.html">Galeria d&#8217;imatges, 3r ESO, 2019-2020</a> &#8211; <a href="https://viplaromanica.blogspot.com/p/galeria.html">Galeria d&#8217;imatges, 4t ESO, 2019-2020</a></td>
</tr>
<tr>
<td style="width: 249.744px;"><a href="http://viplaromanica.blogspot.com/p/projecte-gaudir-les-formes-4t-eso-2018.html">GAUDIr les formes 2018-2019</a></td>
<td style="width: 321.804px;"><a href="http://viplaromanica.blogspot.com/p/galeria-projectes-22_16.html">Galeria d&#8217;imatges, 4t ESO, 2018-2019</a></td>
</tr>
</tbody>
</table>
<table style="width: 578px;">
<tbody>
<tr>
<td style="width: 572.372px;"><a href="https://agora.xtec.cat/ieslaromanica/tag/projecte-gaudir-les-formes/">Totes les notícies.</a></p>
<p>Notícies 2021-2022:</p>
<p>Notícies 2020-2021:  <a href="https://agora.xtec.cat/ieslaromanica/general/restaurem-mobiliari/">Restaurem mobiliari</a> / <a href="https://agora.xtec.cat/ieslaromanica/general/gaudir-gaudi/">Gaudir Gaudí. Instal·lació amb columnes helicoidals</a> / <a href="https://agora.xtec.cat/ieslaromanica/general/superficies-reglades-per-a-recrear-espais/">Superfícies reglades per a recrear espais</a> / <a href="https://agora.xtec.cat/ieslaromanica/general/poliedres-platonics-estrellats/">Poliedres platònics estrellats</a> / <a href="https://agora.xtec.cat/ieslaromanica/general/arquitectura-a-les-aules-i-patis-coeducatius/">Arquitectura a les aules i patis coeducatius</a> / <a href="https://agora.xtec.cat/ieslaromanica/general/envoltant-destructures/">Envoltant d&#8217;estructures</a> /</p>
<p>Notícies: 2019-2020 <a href="https://agora.xtec.cat/ieslaromanica/general/gaudi-i-sostenibilitat/">Gaudí i sostenibilitat </a>/ <a href="https://agora.xtec.cat/ieslaromanica/general/i-despres-va-ser-la-forma/">I després&#8230; va ser la forma.</a></td>
</tr>
</tbody>
</table>
<p>&nbsp;</p>
<p>&nbsp;</p>

<p><a href="https://agora.xtec.cat/ieslaromanica/tag/projecte-gaudir-les-formes/"></a></p>
<p>&#8220;L&#8217;arquitectura no són quatre parets i una teulada, sinó l&#8217;espai i l&#8217;esperit que es genera dins” &#8211; Lao Tzu<br />
“L’espai, les formes i els colors vibren, l’ordre ens harmonitza i dóna coherència, la natura ens sostén, ens connecta i ens recorda qui som. Treballar conscientment&hellip;  <a href="https://agora.xtec.cat/ieslaromanica/projectes/projectes-actuals/gaudir-les-formes/" title="Read GAUDIr les formes">Llegeix més»</a></p>
