{"id":14633,"date":"2019-04-09T02:29:20","date_gmt":"2019-04-09T00:29:20","guid":{"rendered":"http:\/\/agora.xtec.cat\/ieslaromanica\/?page_id=14633"},"modified":"2019-05-20T10:12:29","modified_gmt":"2019-05-20T08:12:29","slug":"proves-dacces-a-cicles-formatius-de-grau-mitja-i-superior","status":"publish","type":"page","link":"https:\/\/agora.xtec.cat\/ieslaromanica\/cicles-formatius\/proves-dacces-a-cicles-formatius-de-grau-mitja-i-superior\/","title":{"rendered":"Proves d&#8217;acc\u00e9s a Cicles Formatius de Grau Mitj\u00e0 i Superior"},"content":{"rendered":"<p style=\"text-align: justify;\">El Departament d&#8217;Educaci\u00f3 convoca la prova d&#8217;acc\u00e9s a cicles formatius de grau grau mitj\u00e0 per a les persones que no tenen el t\u00edtol de graduat en educaci\u00f3 secund\u00e0ria obligat\u00f2ria (o un altre d&#8217;equivalent a efectes d&#8217;acc\u00e9s a aquests ensenyaments) i la prova d&#8217;acc\u00e9s a cicles formatius de grau superior per a les persones que hi volen accedir per\u00f2 no tenen el t\u00edtol de batxillerat (o equivalent a efectes d&#8217;acc\u00e9s).<\/p>\n<p>Per obtenir m\u00e9s informaci\u00f3 sobre les proves d&#8217;acc\u00e9s podeu clicar sobre els seg\u00fcents enlla\u00e7os:<\/p>\n<ul>\n<li style=\"text-align: left;\"><a href=\"http:\/\/ensenyament.gencat.cat\/ca\/serveis-tramits\/proves\/proves-acces\/gm-fp\/\" target=\"_blank\" rel=\"noopener noreferrer\">Informaci\u00f3 sobre proves d&#8217;acc\u00e9s a cicles formatius de grau mitj\u00e0 (clica aqu\u00ed)<\/a><\/li>\n<li style=\"text-align: left;\"><a href=\"http:\/\/ensenyament.gencat.cat\/ca\/serveis-tramits\/proves\/proves-acces\/gs-fp\/\" target=\"_blank\" rel=\"noopener noreferrer\">Informaci\u00f3 sobre les proves d&#8217;acc\u00e9s a cicles formatius de grau superior (clica aqu\u00ed)<\/a><\/li>\n<\/ul>\n<div>\n<p>&nbsp;<\/p>\n<h3 style=\"text-align: center;\"><a href=\"http:\/\/agora.xtec.cat\/ieslaromanica\/cicles-formatius\/\" target=\"_blank\" rel=\"noopener noreferrer\">Torna a Cicles Formatius<\/a><\/h3>\n<\/div>\n","protected":false},"excerpt":{"rendered":"<p>El Departament d&#8217;Educaci\u00f3 convoca la prova d&#8217;acc\u00e9s a cicles formatius de grau grau mitj\u00e0 per a les persones que no tenen el t\u00edtol de graduat en educaci\u00f3 secund\u00e0ria obligat\u00f2ria (o un altre d&#8217;equivalent a efectes d&#8217;acc\u00e9s a aquests ensenyaments) i la prova d&#8217;acc\u00e9s a cicles&hellip;  <a href=\"https:\/\/agora.xtec.cat\/ieslaromanica\/cicles-formatius\/proves-dacces-a-cicles-formatius-de-grau-mitja-i-superior\/\" title=\"Read Proves d&#8217;acc\u00e9s a Cicles Formatius de Grau Mitj\u00e0 i Superior\">Llegeix m\u00e9s\u00bb<\/a><\/p>\n","protected":false},"author":35,"featured_media":0,"parent":2214,"menu_order":22,"comment_status":"closed","ping_status":"closed","template":"page-templates\/side-menu.php","meta":{"_bbp_topic_count":0,"_bbp_reply_count":0,"_bbp_total_topic_count":0,"_bbp_total_reply_count":0,"_bbp_voice_count":0,"_bbp_anonymous_reply_count":0,"_bbp_topic_count_hidden":0,"_bbp_reply_count_hidden":0,"_bbp_forum_subforum_count":0,"footnotes":""},"class_list":["post-14633","page","type-page","status-publish","hentry"],"post_mailing_queue_ids":[],"_links":{"self":[{"href":"https:\/\/agora.xtec.cat\/ieslaromanica\/wp-json\/wp\/v2\/pages\/14633","targetHints":{"allow":["GET"]}}],"collection":[{"href":"https:\/\/agora.xtec.cat\/ieslaromanica\/wp-json\/wp\/v2\/pages"}],"about":[{"href":"https:\/\/agora.xtec.cat\/ieslaromanica\/wp-json\/wp\/v2\/types\/page"}],"author":[{"embeddable":true,"href":"https:\/\/agora.xtec.cat\/ieslaromanica\/wp-json\/wp\/v2\/users\/35"}],"replies":[{"embeddable":true,"href":"https:\/\/agora.xtec.cat\/ieslaromanica\/wp-json\/wp\/v2\/comments?post=14633"}],"version-history":[{"count":3,"href":"https:\/\/agora.xtec.cat\/ieslaromanica\/wp-json\/wp\/v2\/pages\/14633\/revisions"}],"predecessor-version":[{"id":14833,"href":"https:\/\/agora.xtec.cat\/ieslaromanica\/wp-json\/wp\/v2\/pages\/14633\/revisions\/14833"}],"up":[{"embeddable":true,"href":"https:\/\/agora.xtec.cat\/ieslaromanica\/wp-json\/wp\/v2\/pages\/2214"}],"wp:attachment":[{"href":"https:\/\/agora.xtec.cat\/ieslaromanica\/wp-json\/wp\/v2\/media?parent=14633"}],"curies":[{"name":"wp","href":"https:\/\/api.w.org\/{rel}","templated":true}]}}

Proves d&#8217;accés a Cicles Formatius de Grau Mitjà i Superior

<p style="text-align: justify;">El Departament d&#8217;Educació convoca la prova d&#8217;accés a cicles formatius de grau grau mitjà per a les persones que no tenen el títol de graduat en educació secundària obligatòria (o un altre d&#8217;equivalent a efectes d&#8217;accés a aquests ensenyaments) i la prova d&#8217;accés a cicles formatius de grau superior per a les persones que hi volen accedir però no tenen el títol de batxillerat (o equivalent a efectes d&#8217;accés).</p>
<p>Per obtenir més informació sobre les proves d&#8217;accés podeu clicar sobre els següents enllaços:</p>
<ul>
<li style="text-align: left;"><a href="http://ensenyament.gencat.cat/ca/serveis-tramits/proves/proves-acces/gm-fp/" target="_blank" rel="noopener noreferrer">Informació sobre proves d&#8217;accés a cicles formatius de grau mitjà (clica aquí)</a></li>
<li style="text-align: left;"><a href="http://ensenyament.gencat.cat/ca/serveis-tramits/proves/proves-acces/gs-fp/" target="_blank" rel="noopener noreferrer">Informació sobre les proves d&#8217;accés a cicles formatius de grau superior (clica aquí)</a></li>
</ul>
<div>
<p>&nbsp;</p>
<h3 style="text-align: center;"><a href="http://agora.xtec.cat/ieslaromanica/cicles-formatius/" target="_blank" rel="noopener noreferrer">Torna a Cicles Formatius</a></h3>
</div>

<p>El Departament d&#8217;Educació convoca la prova d&#8217;accés a cicles formatius de grau grau mitjà per a les persones que no tenen el títol de graduat en educació secundària obligatòria (o un altre d&#8217;equivalent a efectes d&#8217;accés a aquests ensenyaments) i la prova d&#8217;accés a cicles&hellip;  <a href="https://agora.xtec.cat/ieslaromanica/cicles-formatius/proves-dacces-a-cicles-formatius-de-grau-mitja-i-superior/" title="Read Proves d&#8217;accés a Cicles Formatius de Grau Mitjà i Superior">Llegeix més»</a></p>
