{"id":1086,"date":"2017-02-16T11:34:37","date_gmt":"2017-02-16T10:34:37","guid":{"rendered":"http:\/\/agora.xtec.cat\/ieslaromanica\/?page_id=1086"},"modified":"2026-02-11T11:53:20","modified_gmt":"2026-02-11T10:53:20","slug":"politica-de-qualitat","status":"publish","type":"page","link":"https:\/\/agora.xtec.cat\/ieslaromanica\/linstitut\/politica-de-qualitat\/","title":{"rendered":"Pol\u00edtica de qualitat"},"content":{"rendered":"<p style=\"text-align: justify;\">L\u2019Institut La Rom\u00e0nica t\u00e9 implantat un Sistema de Gesti\u00f3 de Qualitat basat en la Norma ISO 9001:2015 amb abast als ensenyaments d\u2019ESO, Batxillerat i de Formaci\u00f3 Professional.<\/p>\n<p style=\"text-align: justify;\">La Pol\u00edtica de Qualitat de l\u2019institut La Rom\u00e0nica \u00e9s un comprom\u00eds amb la societat en general per tal de satisfer les necessitats educatives dels nostres alumnes en particular, oferint-los uns ensenyaments d\u2019Educaci\u00f3 Secund\u00e0ria Obligat\u00f2ria, Batxillerat i Formaci\u00f3 Professional de qualitat tenint, com a repte primordial, la millora continua per assolir l\u2019excel\u00b7l\u00e8ncia educativa.<\/p>\n<p style=\"text-align: justify;\">La implantaci\u00f3 i manteniment del nostre sistema de gesti\u00f3 d\u2019aquesta pol\u00edtica t\u00e9 com a referents les normes de qualitat i d\u2019excel\u00b7l\u00e8ncia reconegudes aix\u00ed com la legislaci\u00f3 en mat\u00e8ria educativa i les normatives aplicables al nostre context educatiu i en especial les directrius establertes pel Departament d\u2019Educaci\u00f3 i les que fan refer\u00e8ncia en mat\u00e8ria de seguretat, salut laboral i medi ambient.<\/p>\n<p style=\"text-align: justify;\">El cam\u00ed de la millora cont\u00ednua i satisfacci\u00f3 al nostre centre el podem concretar en els seg\u00fcents objectius:<\/p>\n<ul style=\"text-align: justify;\">\n<li>Arribar a enriquir la dimensi\u00f3 personal i social de l\u2019alumnat satisfent les seves necessitats formatives objecte d\u2019inscripci\u00f3 al nostre centre.<\/li>\n<li>Generar confian\u00e7a en les fam\u00edlies i obtenir el seu recolzament en el proc\u00e9s educatiu dels seus fills i filles.<\/li>\n<li>Generar un clima de pertinen\u00e7a al centre que permeti augmentar la cohesi\u00f3 social, la conviv\u00e8ncia entre tots els agents implicats i reduir l\u2019abandonament prematur per assolir l\u2019\u00e8xit educatiu.<\/li>\n<li>Oferir als professionals docents i al personal d\u2019administraci\u00f3 i serveis les eines que permetin desenvolupar al m\u00e0xim les seves compet\u00e8ncies i esdevenir satisfets amb la seva tasca al centre.<\/li>\n<li>Col\u00b7laborar amb les institucions i empreses del sector m\u00e9s proper i af\u00ed per tal de dotar al nostre alumnat de les compet\u00e8ncies professionals que li permetin la integraci\u00f3 plena en societat.<\/li>\n<\/ul>\n<p style=\"text-align: justify;\">Aquesta pol\u00edtica ha de ser difosa i coneguda pels membres de l\u2019organitzaci\u00f3 i del seu entorn.<\/p>\n<p style=\"text-align: justify;\">Els responsables de la seva aplicaci\u00f3 han d\u2019afavorir la participaci\u00f3 de la comunitat educativa comptant amb la seva col\u00b7laboraci\u00f3 i comprom\u00eds.<\/p>\n<p style=\"text-align: justify;\">El Departament d\u2019Educaci\u00f3, en primer terme, i l\u2019institut La Rom\u00e0nica, en segon terme, ha de poder facilitar els recursos humans, materials i econ\u00f2mics per fer efectiva aquesta pol\u00edtica d\u2019acord amb la planificaci\u00f3 establerta pel seu desenvolupament<\/p>\n<p><a href=\"https:\/\/agora.xtec.cat\/ieslaromanica\/wp-content\/uploads\/usu857\/2025\/03\/MAPA-de-PROCESSOS-ISO-9001-2015-MP-rev02.pdf\"><img loading=\"lazy\" decoding=\"async\" class=\"alignnone size-large wp-image-24950\" src=\"https:\/\/agora.xtec.cat\/ieslaromanica\/wp-content\/uploads\/usu857\/2025\/03\/unnamed-1024x704.png\" alt=\"\" width=\"1024\" height=\"704\" srcset=\"https:\/\/agora.xtec.cat\/ieslaromanica\/wp-content\/uploads\/usu857\/2025\/03\/unnamed-1024x704.png 1024w, https:\/\/agora.xtec.cat\/ieslaromanica\/wp-content\/uploads\/usu857\/2025\/03\/unnamed-300x206.png 300w, https:\/\/agora.xtec.cat\/ieslaromanica\/wp-content\/uploads\/usu857\/2025\/03\/unnamed-768x528.png 768w, https:\/\/agora.xtec.cat\/ieslaromanica\/wp-content\/uploads\/usu857\/2025\/03\/unnamed.png 1132w\" sizes=\"auto, (max-width: 1024px) 100vw, 1024px\" \/><\/a><\/p>\n<p style=\"text-align: left;\">\n","protected":false},"excerpt":{"rendered":"<p>L\u2019Institut La Rom\u00e0nica t\u00e9 implantat un Sistema de Gesti\u00f3 de Qualitat basat en la Norma ISO 9001:2015 amb abast als ensenyaments d\u2019ESO, Batxillerat i de Formaci\u00f3 Professional.<br \/>\nLa Pol\u00edtica de Qualitat de l\u2019institut La Rom\u00e0nica \u00e9s un comprom\u00eds amb la societat en general per tal de&hellip;  <a href=\"https:\/\/agora.xtec.cat\/ieslaromanica\/linstitut\/politica-de-qualitat\/\" title=\"Read Pol\u00edtica de qualitat\">Llegeix m\u00e9s\u00bb<\/a><\/p>\n","protected":false},"author":1,"featured_media":0,"parent":19,"menu_order":2,"comment_status":"closed","ping_status":"closed","template":"","meta":{"_bbp_topic_count":0,"_bbp_reply_count":0,"_bbp_total_topic_count":0,"_bbp_total_reply_count":0,"_bbp_voice_count":0,"_bbp_anonymous_reply_count":0,"_bbp_topic_count_hidden":0,"_bbp_reply_count_hidden":0,"_bbp_forum_subforum_count":0,"footnotes":""},"class_list":["post-1086","page","type-page","status-publish","hentry"],"post_mailing_queue_ids":[],"_links":{"self":[{"href":"https:\/\/agora.xtec.cat\/ieslaromanica\/wp-json\/wp\/v2\/pages\/1086","targetHints":{"allow":["GET"]}}],"collection":[{"href":"https:\/\/agora.xtec.cat\/ieslaromanica\/wp-json\/wp\/v2\/pages"}],"about":[{"href":"https:\/\/agora.xtec.cat\/ieslaromanica\/wp-json\/wp\/v2\/types\/page"}],"author":[{"embeddable":true,"href":"https:\/\/agora.xtec.cat\/ieslaromanica\/wp-json\/wp\/v2\/users\/1"}],"replies":[{"embeddable":true,"href":"https:\/\/agora.xtec.cat\/ieslaromanica\/wp-json\/wp\/v2\/comments?post=1086"}],"version-history":[{"count":5,"href":"https:\/\/agora.xtec.cat\/ieslaromanica\/wp-json\/wp\/v2\/pages\/1086\/revisions"}],"predecessor-version":[{"id":25876,"href":"https:\/\/agora.xtec.cat\/ieslaromanica\/wp-json\/wp\/v2\/pages\/1086\/revisions\/25876"}],"up":[{"embeddable":true,"href":"https:\/\/agora.xtec.cat\/ieslaromanica\/wp-json\/wp\/v2\/pages\/19"}],"wp:attachment":[{"href":"https:\/\/agora.xtec.cat\/ieslaromanica\/wp-json\/wp\/v2\/media?parent=1086"}],"curies":[{"name":"wp","href":"https:\/\/api.w.org\/{rel}","templated":true}]}}

Política de qualitat

<p style="text-align: justify;">L’Institut La Romànica té implantat un Sistema de Gestió de Qualitat basat en la Norma ISO 9001:2015 amb abast als ensenyaments d’ESO, Batxillerat i de Formació Professional.</p>
<p style="text-align: justify;">La Política de Qualitat de l’institut La Romànica és un compromís amb la societat en general per tal de satisfer les necessitats educatives dels nostres alumnes en particular, oferint-los uns ensenyaments d’Educació Secundària Obligatòria, Batxillerat i Formació Professional de qualitat tenint, com a repte primordial, la millora continua per assolir l’excel·lència educativa.</p>
<p style="text-align: justify;">La implantació i manteniment del nostre sistema de gestió d’aquesta política té com a referents les normes de qualitat i d’excel·lència reconegudes així com la legislació en matèria educativa i les normatives aplicables al nostre context educatiu i en especial les directrius establertes pel Departament d’Educació i les que fan referència en matèria de seguretat, salut laboral i medi ambient.</p>
<p style="text-align: justify;">El camí de la millora contínua i satisfacció al nostre centre el podem concretar en els següents objectius:</p>
<ul style="text-align: justify;">
<li>Arribar a enriquir la dimensió personal i social de l’alumnat satisfent les seves necessitats formatives objecte d’inscripció al nostre centre.</li>
<li>Generar confiança en les famílies i obtenir el seu recolzament en el procés educatiu dels seus fills i filles.</li>
<li>Generar un clima de pertinença al centre que permeti augmentar la cohesió social, la convivència entre tots els agents implicats i reduir l’abandonament prematur per assolir l’èxit educatiu.</li>
<li>Oferir als professionals docents i al personal d’administració i serveis les eines que permetin desenvolupar al màxim les seves competències i esdevenir satisfets amb la seva tasca al centre.</li>
<li>Col·laborar amb les institucions i empreses del sector més proper i afí per tal de dotar al nostre alumnat de les competències professionals que li permetin la integració plena en societat.</li>
</ul>
<p style="text-align: justify;">Aquesta política ha de ser difosa i coneguda pels membres de l’organització i del seu entorn.</p>
<p style="text-align: justify;">Els responsables de la seva aplicació han d’afavorir la participació de la comunitat educativa comptant amb la seva col·laboració i compromís.</p>
<p style="text-align: justify;">El Departament d’Educació, en primer terme, i l’institut La Romànica, en segon terme, ha de poder facilitar els recursos humans, materials i econòmics per fer efectiva aquesta política d’acord amb la planificació establerta pel seu desenvolupament</p>
<p><a href="https://agora.xtec.cat/ieslaromanica/wp-content/uploads/usu857/2025/03/MAPA-de-PROCESSOS-ISO-9001-2015-MP-rev02.pdf"><img loading="lazy" decoding="async" class="alignnone size-large wp-image-24950" src="https://agora.xtec.cat/ieslaromanica/wp-content/uploads/usu857/2025/03/unnamed-1024x704.png" alt="" width="1024" height="704" srcset="https://agora.xtec.cat/ieslaromanica/wp-content/uploads/usu857/2025/03/unnamed-1024x704.png 1024w, https://agora.xtec.cat/ieslaromanica/wp-content/uploads/usu857/2025/03/unnamed-300x206.png 300w, https://agora.xtec.cat/ieslaromanica/wp-content/uploads/usu857/2025/03/unnamed-768x528.png 768w, https://agora.xtec.cat/ieslaromanica/wp-content/uploads/usu857/2025/03/unnamed.png 1132w" sizes="auto, (max-width: 1024px) 100vw, 1024px" /></a></p>
<p style="text-align: left;">

<p>L’Institut La Romànica té implantat un Sistema de Gestió de Qualitat basat en la Norma ISO 9001:2015 amb abast als ensenyaments d’ESO, Batxillerat i de Formació Professional.<br />
La Política de Qualitat de l’institut La Romànica és un compromís amb la societat en general per tal de&hellip;  <a href="https://agora.xtec.cat/ieslaromanica/linstitut/politica-de-qualitat/" title="Read Política de qualitat">Llegeix més»</a></p>
