{"id":2766,"date":"2020-05-07T16:10:53","date_gmt":"2020-05-07T14:10:53","guid":{"rendered":"https:\/\/agora.xtec.cat\/ieslaroca\/?page_id=2766"},"modified":"2025-02-17T06:02:13","modified_gmt":"2025-02-17T05:02:13","slug":"duments-centre","status":"publish","type":"page","link":"https:\/\/agora.xtec.cat\/ieslaroca\/duments-centre\/","title":{"rendered":"DOCUMENTS DE CENTRE"},"content":{"rendered":"<ul>\n<li><a href=\"https:\/\/agora.xtec.cat\/ieslaroca\/wp-content\/uploads\/usu101\/2018\/02\/PEC-revisi\u00f3-19-VERSI\u00d3-3.pdf\">Projecte educatiu<\/a><\/li>\n<li><a href=\"https:\/\/agora.xtec.cat\/ieslaroca\/wp-content\/uploads\/usu101\/2021\/03\/carta-comprom\u00eds.pdf\">Carta comprom\u00eds educatiu<\/a><\/li>\n<li><a href=\"https:\/\/agora.xtec.cat\/ieslaroca\/wp-content\/uploads\/usu101\/2021\/02\/PROJECTE-LING\u00dc\u00cdSTIC-definitiu17.pdf\" target=\"_blank\" rel=\"noopener noreferrer\">Projecte Ling\u00fc\u00edstic<\/a><\/li>\n<li><a href=\"https:\/\/drive.google.com\/file\/d\/18NnhuOhzUG6SrqWhPGieGWjFHLAK7KsW\/view?usp=drive_link\">NOFC<\/a><\/li>\n<li><a href=\"https:\/\/drive.google.com\/file\/d\/1D64Scx90S9DR8Zi20iQAQClEogM7AusY\/view?usp=drive_link\" target=\"_blank\" rel=\"noopener\">Pressupost 2024<\/a><\/li>\n<li><a href=\"https:\/\/drive.google.com\/file\/d\/1MaM0MoV9NvYJ2w7OX4URESPIyssgjwGh\/view?usp=drive_link\">Previsi\u00f3 de sortides Curs 2023\/24<\/a><\/li>\n<\/ul>\n<p><strong>CONVENIS VIGENTS<\/strong><\/p>\n<ul>\n<li>\u00a0amb la Biblioteca Municipal de la Roca del Vall\u00e8s<\/li>\n<\/ul>\n<p>&nbsp;<\/p>\n","protected":false},"excerpt":{"rendered":"<p>Projecte educatiu Carta comprom\u00eds educatiu Projecte Ling\u00fc\u00edstic NOFC Pressupost 2024 Previsi\u00f3 de sortides Curs 2023\/24 CONVENIS VIGENTS \u00a0amb la Biblioteca [&hellip;]<\/p>\n","protected":false},"author":1,"featured_media":0,"parent":0,"menu_order":0,"comment_status":"closed","ping_status":"closed","template":"page-templates\/side-menu.php","meta":{"_bbp_topic_count":0,"_bbp_reply_count":0,"_bbp_total_topic_count":0,"_bbp_total_reply_count":0,"_bbp_voice_count":0,"_bbp_anonymous_reply_count":0,"_bbp_topic_count_hidden":0,"_bbp_reply_count_hidden":0,"_bbp_forum_subforum_count":0,"site-sidebar-layout":"default","site-content-layout":"","ast-site-content-layout":"","site-content-style":"default","site-sidebar-style":"default","ast-global-header-display":"","ast-banner-title-visibility":"","ast-main-header-display":"","ast-hfb-above-header-display":"","ast-hfb-below-header-display":"","ast-hfb-mobile-header-display":"","site-post-title":"","ast-breadcrumbs-content":"","ast-featured-img":"","footer-sml-layout":"","theme-transparent-header-meta":"","adv-header-id-meta":"","stick-header-meta":"","header-above-stick-meta":"","header-main-stick-meta":"","header-below-stick-meta":"","astra-migrate-meta-layouts":"default","ast-page-background-enabled":"default","ast-page-background-meta":{"desktop":{"background-color":"var(--ast-global-color-4)","background-image":"","background-repeat":"repeat","background-position":"center center","background-size":"auto","background-attachment":"scroll","background-type":"","background-media":"","overlay-type":"","overlay-color":"","overlay-opacity":"","overlay-gradient":""},"tablet":{"background-color":"","background-image":"","background-repeat":"repeat","background-position":"center center","background-size":"auto","background-attachment":"scroll","background-type":"","background-media":"","overlay-type":"","overlay-color":"","overlay-opacity":"","overlay-gradient":""},"mobile":{"background-color":"","background-image":"","background-repeat":"repeat","background-position":"center center","background-size":"auto","background-attachment":"scroll","background-type":"","background-media":"","overlay-type":"","overlay-color":"","overlay-opacity":"","overlay-gradient":""}},"ast-content-background-meta":{"desktop":{"background-color":"var(--ast-global-color-5)","background-image":"","background-repeat":"repeat","background-position":"center center","background-size":"auto","background-attachment":"scroll","background-type":"","background-media":"","overlay-type":"","overlay-color":"","overlay-opacity":"","overlay-gradient":""},"tablet":{"background-color":"var(--ast-global-color-5)","background-image":"","background-repeat":"repeat","background-position":"center center","background-size":"auto","background-attachment":"scroll","background-type":"","background-media":"","overlay-type":"","overlay-color":"","overlay-opacity":"","overlay-gradient":""},"mobile":{"background-color":"var(--ast-global-color-5)","background-image":"","background-repeat":"repeat","background-position":"center center","background-size":"auto","background-attachment":"scroll","background-type":"","background-media":"","overlay-type":"","overlay-color":"","overlay-opacity":"","overlay-gradient":""}},"footnotes":""},"class_list":["post-2766","page","type-page","status-publish","hentry"],"post_mailing_queue_ids":[],"_links":{"self":[{"href":"https:\/\/agora.xtec.cat\/ieslaroca\/wp-json\/wp\/v2\/pages\/2766","targetHints":{"allow":["GET"]}}],"collection":[{"href":"https:\/\/agora.xtec.cat\/ieslaroca\/wp-json\/wp\/v2\/pages"}],"about":[{"href":"https:\/\/agora.xtec.cat\/ieslaroca\/wp-json\/wp\/v2\/types\/page"}],"author":[{"embeddable":true,"href":"https:\/\/agora.xtec.cat\/ieslaroca\/wp-json\/wp\/v2\/users\/1"}],"replies":[{"embeddable":true,"href":"https:\/\/agora.xtec.cat\/ieslaroca\/wp-json\/wp\/v2\/comments?post=2766"}],"version-history":[{"count":7,"href":"https:\/\/agora.xtec.cat\/ieslaroca\/wp-json\/wp\/v2\/pages\/2766\/revisions"}],"predecessor-version":[{"id":6324,"href":"https:\/\/agora.xtec.cat\/ieslaroca\/wp-json\/wp\/v2\/pages\/2766\/revisions\/6324"}],"wp:attachment":[{"href":"https:\/\/agora.xtec.cat\/ieslaroca\/wp-json\/wp\/v2\/media?parent=2766"}],"curies":[{"name":"wp","href":"https:\/\/api.w.org\/{rel}","templated":true}]}}