{"id":27,"date":"2014-09-17T16:24:03","date_gmt":"2014-09-17T16:24:03","guid":{"rendered":"http:\/\/agora.xtec.cat\/ieslaroca\/\/?page_id=27"},"modified":"2020-07-27T20:27:36","modified_gmt":"2020-07-27T18:27:36","slug":"historia","status":"publish","type":"page","link":"https:\/\/agora.xtec.cat\/ieslaroca\/linstitut\/historia\/","title":{"rendered":"Identitat"},"content":{"rendered":"<p>L&#8217;<strong>INS de La Roca<\/strong> \u00e9s un centre p\u00fablic d&#8217;Educaci\u00f3 secund\u00e0ria i Batxillerat que va iniciar les seves activitats el curs 1995-1996.<\/p>\n<p>Situat la nucli central del municipi de La Roca Del Vall\u00e8s, acull l&#8217;alumnat de les escoles de prim\u00e0ria del Municipi: Escolar Pilar Mestres-Jaume Torrens, Escola Mogent, Escola La Torreta, Escola Santa Agn\u00e8s i tothom qui, tot i no pert\u00e0nyer a aquestes escoles, aix\u00ed ho desitgi fins al l\u00edmit de places disponibles.<\/p>\n<p>Els aspectes fonamentals del nostre projecte es poden sintetitzar en aquests cinc elements definitoris:<\/p>\n<p><strong>Institut catal\u00e0<\/strong>. La llengua d\u2019aprenentatge i de comunicaci\u00f3 al centre \u00e9s la catalana. El catal\u00e0 \u00e9s, doncs, la llengua vehicular tot respectant i utilitzant el castell\u00e0, segons la normativa vigent.<\/p>\n<p><strong>Institut plural<\/strong> que educa en els principis i la defensa d\u2019uns valors c\u00edvics, democr\u00e0tics i participatius, on no es discrimina ning\u00fa per la seva llengua, cultura, creences, sexe o origen.<\/p>\n<p><strong>Institut coeducacional<\/strong> que educa en uns valors no sexistes, fomenta els valors de col\u00b7laboraci\u00f3 entre nois i noies, treballant en la superaci\u00f3 dels prejudicis socials.<\/p>\n<p><strong>Institut inclusiu<\/strong> que at\u00e9n la diversitat d&#8217;alumnes amb els mitjans disponibles i les estrat\u00e8gies pedag\u00f2giques i organitzatives adients.<\/p>\n<p><strong>Institut del coneixement<\/strong> que cerca estimular i ajudar l&#8217;alumnat a obtenir el grau m\u00e0xim de coneixements en les diverses \u00e0rees, potenciant les actituds i les capacitats, per arribar a aconseguir els millors resultats possibles.<\/p>\n<p>L&#8217;educaci\u00f3 que s&#8217;imparteix t\u00e9 com a objectiu primordial la <strong>formaci\u00f3 integral del nostre alumnat<\/strong> i contempla, per tant, la seva formaci\u00f3 acad\u00e8mica i l&#8217;educaci\u00f3 en els valors i la conviv\u00e8ncia.<\/p>\n","protected":false},"excerpt":{"rendered":"<p>L&#8217;INS de La Roca \u00e9s un centre p\u00fablic d&#8217;Educaci\u00f3 secund\u00e0ria i Batxillerat que va iniciar les seves activitats el curs [&hellip;]<\/p>\n","protected":false},"author":1,"featured_media":0,"parent":19,"menu_order":2,"comment_status":"closed","ping_status":"closed","template":"page-templates\/side-menu.php","meta":{"_bbp_topic_count":0,"_bbp_reply_count":0,"_bbp_total_topic_count":0,"_bbp_total_reply_count":0,"_bbp_voice_count":0,"_bbp_anonymous_reply_count":0,"_bbp_topic_count_hidden":0,"_bbp_reply_count_hidden":0,"_bbp_forum_subforum_count":0,"site-sidebar-layout":"default","site-content-layout":"","ast-site-content-layout":"","site-content-style":"default","site-sidebar-style":"default","ast-global-header-display":"","ast-banner-title-visibility":"","ast-main-header-display":"","ast-hfb-above-header-display":"","ast-hfb-below-header-display":"","ast-hfb-mobile-header-display":"","site-post-title":"","ast-breadcrumbs-content":"","ast-featured-img":"","footer-sml-layout":"","theme-transparent-header-meta":"","adv-header-id-meta":"","stick-header-meta":"","header-above-stick-meta":"","header-main-stick-meta":"","header-below-stick-meta":"","astra-migrate-meta-layouts":"default","ast-page-background-enabled":"default","ast-page-background-meta":{"desktop":{"background-color":"var(--ast-global-color-4)","background-image":"","background-repeat":"repeat","background-position":"center center","background-size":"auto","background-attachment":"scroll","background-type":"","background-media":"","overlay-type":"","overlay-color":"","overlay-opacity":"","overlay-gradient":""},"tablet":{"background-color":"","background-image":"","background-repeat":"repeat","background-position":"center center","background-size":"auto","background-attachment":"scroll","background-type":"","background-media":"","overlay-type":"","overlay-color":"","overlay-opacity":"","overlay-gradient":""},"mobile":{"background-color":"","background-image":"","background-repeat":"repeat","background-position":"center center","background-size":"auto","background-attachment":"scroll","background-type":"","background-media":"","overlay-type":"","overlay-color":"","overlay-opacity":"","overlay-gradient":""}},"ast-content-background-meta":{"desktop":{"background-color":"var(--ast-global-color-5)","background-image":"","background-repeat":"repeat","background-position":"center center","background-size":"auto","background-attachment":"scroll","background-type":"","background-media":"","overlay-type":"","overlay-color":"","overlay-opacity":"","overlay-gradient":""},"tablet":{"background-color":"var(--ast-global-color-5)","background-image":"","background-repeat":"repeat","background-position":"center center","background-size":"auto","background-attachment":"scroll","background-type":"","background-media":"","overlay-type":"","overlay-color":"","overlay-opacity":"","overlay-gradient":""},"mobile":{"background-color":"var(--ast-global-color-5)","background-image":"","background-repeat":"repeat","background-position":"center center","background-size":"auto","background-attachment":"scroll","background-type":"","background-media":"","overlay-type":"","overlay-color":"","overlay-opacity":"","overlay-gradient":""}},"footnotes":""},"class_list":["post-27","page","type-page","status-publish","hentry"],"post_mailing_queue_ids":[],"_links":{"self":[{"href":"https:\/\/agora.xtec.cat\/ieslaroca\/wp-json\/wp\/v2\/pages\/27","targetHints":{"allow":["GET"]}}],"collection":[{"href":"https:\/\/agora.xtec.cat\/ieslaroca\/wp-json\/wp\/v2\/pages"}],"about":[{"href":"https:\/\/agora.xtec.cat\/ieslaroca\/wp-json\/wp\/v2\/types\/page"}],"author":[{"embeddable":true,"href":"https:\/\/agora.xtec.cat\/ieslaroca\/wp-json\/wp\/v2\/users\/1"}],"replies":[{"embeddable":true,"href":"https:\/\/agora.xtec.cat\/ieslaroca\/wp-json\/wp\/v2\/comments?post=27"}],"version-history":[{"count":2,"href":"https:\/\/agora.xtec.cat\/ieslaroca\/wp-json\/wp\/v2\/pages\/27\/revisions"}],"predecessor-version":[{"id":524,"href":"https:\/\/agora.xtec.cat\/ieslaroca\/wp-json\/wp\/v2\/pages\/27\/revisions\/524"}],"up":[{"embeddable":true,"href":"https:\/\/agora.xtec.cat\/ieslaroca\/wp-json\/wp\/v2\/pages\/19"}],"wp:attachment":[{"href":"https:\/\/agora.xtec.cat\/ieslaroca\/wp-json\/wp\/v2\/media?parent=27"}],"curies":[{"name":"wp","href":"https:\/\/api.w.org\/{rel}","templated":true}]}}