{"id":58,"date":"2012-09-02T13:26:20","date_gmt":"2012-09-02T13:26:20","guid":{"rendered":"http:\/\/www.inslapineda.com\/word\/wordpress\/?page_id=58"},"modified":"2012-09-02T13:26:20","modified_gmt":"2012-09-02T13:26:20","slug":"curs-dacces-als-cicles-formatius","status":"publish","type":"page","link":"https:\/\/agora.xtec.cat\/ieslapineda\/curs-dacces-als-cicles-formatius\/","title":{"rendered":"Incorporaci\u00f3 a Grau Superior"},"content":{"rendered":"<p><strong><em>Curs de preparaci\u00f3 per a la incorporaci\u00f3 als Cicles Formatius de Grau Superior<\/em><\/strong><\/p>\n<p>Descarrega\u00a0 el\u00a0<a href=\"http:\/\/agora.xtec.cat\/ieslapineda\/moodle\/mod\/folder\/view.php?id=179902\" target=\"_blank\" rel=\"noopener\"> document complet 2016\/2017<\/a><\/p>\n<h4>Estructura del Curs.<\/h4>\n<p>El curs de Preparaci\u00f3 per a la incorporaci\u00f3\u00a0 a Grau Superior s\u2019organitza en dues parts, la comuna i l\u2019espec\u00edfica. L\u2019Institut La Pineda ofereix dues opcions, la cient\u00edfico-tecnol\u00f2gica, i la d\u2019humanitats i ci\u00e8ncies socials. El curs t\u00e9 una durada m\u00ednima de 700h en horari de tarda. La seva superaci\u00f3 faculta a l\u2019alumne a l\u2019acc\u00e9s directe a un Cicle Formatiu de Grau Superior. La relaci\u00f3 entre els ensenyaments de formaci\u00f3 professional i les opcions del curs \u00e9s la seg\u00fcent:<\/p>\n<p>&nbsp;<\/p>\n<p>&nbsp;<\/p>\n<table>\n<tbody>\n<tr>\n<td width=\"377\">MAT\u00c8RIES COMUNES<\/td>\n<td width=\"108\"><\/td>\n<\/tr>\n<tr>\n<td width=\"377\">Llengua catalana i literatura<\/td>\n<td width=\"108\">3h<\/td>\n<\/tr>\n<tr>\n<td width=\"377\">Llengua castellana i literatura<\/td>\n<td width=\"108\">3h<\/td>\n<\/tr>\n<tr>\n<td width=\"377\">Llengua anglesa<\/td>\n<td width=\"108\">5h<\/td>\n<\/tr>\n<tr>\n<td width=\"377\">MAT\u00c8RIES ESPEC\u00cdFIQUES<\/td>\n<td width=\"108\"><\/td>\n<\/tr>\n<tr>\n<td width=\"377\">Matem\u00e0tiques<\/td>\n<td width=\"108\">4h<\/td>\n<\/tr>\n<tr>\n<td width=\"377\">Mat\u00e8ria d\u2019opci\u00f3 a escollir-ne una:F\u00edsica i tecnologia<br \/>\nQu\u00edmica i Biologia<br \/>\nEconomia d\u2019empresa<\/td>\n<td width=\"108\">4h<\/td>\n<\/tr>\n<tr>\n<td width=\"377\">Tutoria<\/td>\n<td width=\"108\">1h<\/td>\n<\/tr>\n<tr>\n<td width=\"377\">TOTAL<\/td>\n<td width=\"108\">20h<\/td>\n<\/tr>\n<\/tbody>\n<\/table>\n<p>&nbsp;<\/p>\n<p>Opci\u00f3 cient\u00edfico-tecnol\u00f2gica. L\u2019opci\u00f3 cient\u00edfico-tecnol\u00f2gica va adre\u00e7ada a l\u2019alumnat que vulgui accedir a un cicle formatiu d\u2019una de les fam\u00edlies seg\u00fcents:<\/p>\n<p>Activitats f\u00edsiques i esportives, Agr\u00e0ria, Arts gr\u00e0fiques, Edificaci\u00f3 i obra civil, Electricitat i electr\u00f2nica, Energia i aigua, Fabricaci\u00f3 mec\u00e0nica, Fusta, moble i suro, Hoteleria i turisme, Imatge i so, Imatge personal, Ind\u00fastries aliment\u00e0ries, Ind\u00fastries extractives, Inform\u00e0tica i Comunicacions, Instal\u00b7laci\u00f3 i manteniment, Mar\u00edtimo-pesquera, Qu\u00edmica, Sanitat, Seguretat i medi ambient, T\u00e8xtil, confecci\u00f3 i pell, Transport i manteniment de vehicles, Vidre i cer\u00e0mica.<\/p>\n<p>Opci\u00f3 human\u00edstica i social. L\u2019opci\u00f3 cient\u00edfico-tecnol\u00f2gica va adre\u00e7ada a l\u2019alumnat que vulgui accedir a un cicle formatiu d\u2019una de les fam\u00edlies seg\u00fcents:<\/p>\n<p>Activitats f\u00edsiques i esportives, Administraci\u00f3 i gesti\u00f3, Comer\u00e7 i m\u00e0rqueting, Hoteleria i turisme, Imatge i so, Imatge personal, Seguretat i medi ambient, Serveis socioculturals i a la comunitat.<\/p>\n<p>&nbsp;<\/p>\n<p>Acc\u00e9s al curs.<\/p>\n<p>Per a accedir al CAS cal estar cursant o haver finalitzat\u00a0 qualsevol cicle formatiu de grau mitj\u00e0.<\/p>\n<p>&nbsp;<\/p>\n<h4>Assist\u00e8ncia i avaluaci\u00f3.<\/h4>\n<p>L\u2019assist\u00e8ncia a les classes \u00e9s obligat\u00f2ria, no es podr\u00e0 expedir el certificat d\u2019haver superat el curs en cas de no haver assistit, almenys, a un 80% de les hores lectives. L\u2019avaluaci\u00f3 es trimestral. Per calcular la nota final del curs s\u2019obt\u00e9 la mitjana entre les mat\u00e8ries comunes i les mat\u00e8ries espec\u00edfiques i cal obtenir com a m\u00ednim una qualificaci\u00f3 de 4 en cada mat\u00e8ria. En cas de no aprovar a la convocat\u00f2ria de juny, hi haur\u00e0 una convocat\u00f2ria extraordin\u00e0ria al setembre.<\/p>\n<p>&nbsp;<\/p>\n<h4>Acc\u00e9s a Grau Superior.<\/h4>\n<p>Un cop acabat el curs, per accedir a un Cicle Formatiu de Grau Superior els aspirants s\u2019ordenaran a partir de la nota final obtinguda en el curs d\u2019acc\u00e9s [CAS].<\/p>\n<p>&nbsp;<\/p>\n<h4>Preu p\u00fablic.<\/h4>\n<p>El Curs d\u2019Acc\u00e9s a Grau Superior t\u00e9 un preu p\u00fablic de 240 EUR<a href=\"#_ftn1\" name=\"_ftnref1\"> <\/a>que s\u2019ha de fer efectiu en el moment de la matr\u00edcula.<\/p>\n<p>&nbsp;<\/p>\n<p>Per\u00edode per presentar la sol\u00b7licitud:<br \/>\ndel 4 al 8 de juliol de 2016<\/p>\n<p>&nbsp;<\/p>\n<p>&nbsp;<\/p>\n<h4>Horari de Secretaria<\/h4>\n<p>de 9:00h a 13:00h (de dilluns a divendres)<\/p>\n<p>&nbsp;<\/p>\n","protected":false},"excerpt":{"rendered":"<p>Curs de preparaci\u00f3 per a la incorporaci\u00f3 als Cicles Formatius de Grau Superior<br \/>\nDescarrega\u00a0 el\u00a0<a href=\"http:\/\/agora.xtec.cat\/ieslapineda\/moodle\/mod\/folder\/view.php?id=179902\" target=\"_blank\" rel=\"noopener\"> document complet 2016\/2017<\/a><br \/>\nEstructura del Curs.<br \/>\nEl curs de Preparaci\u00f3 per a la incorporaci\u00f3\u00a0 a Grau Superior s\u2019organitza en dues parts, la comuna i l\u2019espec\u00edfica. L\u2019Institut La Pineda ofereix dues&hellip;  <a href=\"https:\/\/agora.xtec.cat\/ieslapineda\/curs-dacces-als-cicles-formatius\/\" title=\"Read Incorporaci\u00f3 a Grau Superior\">Llegeix m\u00e9s\u00bb<\/a><\/p>\n","protected":false},"author":1,"featured_media":0,"parent":0,"menu_order":0,"comment_status":"open","ping_status":"open","template":"","meta":{"_bbp_topic_count":0,"_bbp_reply_count":0,"_bbp_total_topic_count":0,"_bbp_total_reply_count":0,"_bbp_voice_count":0,"_bbp_anonymous_reply_count":0,"_bbp_topic_count_hidden":0,"_bbp_reply_count_hidden":0,"_bbp_forum_subforum_count":0,"footnotes":""},"class_list":["post-58","page","type-page","status-publish","hentry"],"post_mailing_queue_ids":[],"_links":{"self":[{"href":"https:\/\/agora.xtec.cat\/ieslapineda\/wp-json\/wp\/v2\/pages\/58","targetHints":{"allow":["GET"]}}],"collection":[{"href":"https:\/\/agora.xtec.cat\/ieslapineda\/wp-json\/wp\/v2\/pages"}],"about":[{"href":"https:\/\/agora.xtec.cat\/ieslapineda\/wp-json\/wp\/v2\/types\/page"}],"author":[{"embeddable":true,"href":"https:\/\/agora.xtec.cat\/ieslapineda\/wp-json\/wp\/v2\/users\/1"}],"replies":[{"embeddable":true,"href":"https:\/\/agora.xtec.cat\/ieslapineda\/wp-json\/wp\/v2\/comments?post=58"}],"version-history":[{"count":0,"href":"https:\/\/agora.xtec.cat\/ieslapineda\/wp-json\/wp\/v2\/pages\/58\/revisions"}],"wp:attachment":[{"href":"https:\/\/agora.xtec.cat\/ieslapineda\/wp-json\/wp\/v2\/media?parent=58"}],"curies":[{"name":"wp","href":"https:\/\/api.w.org\/{rel}","templated":true}]}}