{"id":991,"date":"2025-01-14T12:40:49","date_gmt":"2025-01-14T11:40:49","guid":{"rendered":"https:\/\/agora.xtec.cat\/ieslamardelafrau\/?page_id=991"},"modified":"2025-01-18T12:49:40","modified_gmt":"2025-01-18T11:49:40","slug":"matricula","status":"publish","type":"page","link":"https:\/\/agora.xtec.cat\/ieslamardelafrau\/secretaria\/matricula\/","title":{"rendered":"Llibres Iddink"},"content":{"rendered":"<header class=\"entry-header fullwidth\">\n<h2 class=\"entry-title\"><a title=\"Acc\u00e9s a la comanda de llibres Iddink\" href=\"https:\/\/agora.xtec.cat\/ieslamardelafrau\/eso\/noticia-1\/\" rel=\"bookmark\">Acc\u00e9s a la comanda de llibres Iddink<\/a><\/h2>\n<\/header>\n<div class=\"entry-summary\">\n<p>Benvolgudes fam\u00edlies,<\/p>\n<p>Per poder accedir al men\u00fa de Material i per la compra de llibres Iddink heu de clicar el seg\u00fcent enlla\u00e7:<\/p>\n<p><a href=\"https:\/\/lamardelafrau.clickedu.eu\/\">https:\/\/lamardelafrau.clickedu.eu<\/a><\/p>\n<p style=\"text-align: center;\"><a href=\"https:\/\/agora.xtec.cat\/ieslamardelafrau\/wp-content\/uploads\/usu2079\/2014\/09\/107-CC-ecoBook.png\"><img loading=\"lazy\" decoding=\"async\" class=\"alignnone size-medium wp-image-773\" src=\"https:\/\/agora.xtec.cat\/ieslamardelafrau\/wp-content\/uploads\/usu2079\/2014\/09\/107-CC-ecoBook-300x300.png\" alt=\"\" width=\"300\" height=\"300\" srcset=\"https:\/\/agora.xtec.cat\/ieslamardelafrau\/wp-content\/uploads\/usu2079\/2014\/09\/107-CC-ecoBook-300x300.png 300w, https:\/\/agora.xtec.cat\/ieslamardelafrau\/wp-content\/uploads\/usu2079\/2014\/09\/107-CC-ecoBook-1024x1024.png 1024w, https:\/\/agora.xtec.cat\/ieslamardelafrau\/wp-content\/uploads\/usu2079\/2014\/09\/107-CC-ecoBook-150x150.png 150w, https:\/\/agora.xtec.cat\/ieslamardelafrau\/wp-content\/uploads\/usu2079\/2014\/09\/107-CC-ecoBook-768x768.png 768w, https:\/\/agora.xtec.cat\/ieslamardelafrau\/wp-content\/uploads\/usu2079\/2014\/09\/107-CC-ecoBook-1536x1536.png 1536w, https:\/\/agora.xtec.cat\/ieslamardelafrau\/wp-content\/uploads\/usu2079\/2014\/09\/107-CC-ecoBook-2048x2048.png 2048w\" sizes=\"auto, (max-width: 300px) 100vw, 300px\" \/><\/a><\/p>\n<\/div>\n","protected":false},"excerpt":{"rendered":"<p><a title=\"Acc\u00e9s a la comanda de llibres Iddink\" href=\"https:\/\/agora.xtec.cat\/ieslamardelafrau\/eso\/noticia-1\/\" rel=\"bookmark\">Acc\u00e9s a la comanda de llibres Iddink<\/a><\/p>\n<p>Benvolgudes fam\u00edlies,<br \/>\nPer poder accedir al men\u00fa de Material i per la compra de llibres Iddink heu de clicar el seg\u00fcent enlla\u00e7:<br \/>\n<a href=\"https:\/\/lamardelafrau.clickedu.eu\/\">https:\/\/lamardelafrau.clickedu.eu<\/a><br \/>\n<a href=\"https:\/\/agora.xtec.cat\/ieslamardelafrau\/wp-content\/uploads\/usu2079\/2014\/09\/107-CC-ecoBook.png\"><\/a><\/p>\n","protected":false},"author":1,"featured_media":0,"parent":81,"menu_order":1,"comment_status":"closed","ping_status":"closed","template":"page-templates\/side-menu.php","meta":{"_bbp_topic_count":0,"_bbp_reply_count":0,"_bbp_total_topic_count":0,"_bbp_total_reply_count":0,"_bbp_voice_count":0,"_bbp_anonymous_reply_count":0,"_bbp_topic_count_hidden":0,"_bbp_reply_count_hidden":0,"_bbp_forum_subforum_count":0,"footnotes":""},"class_list":["post-991","page","type-page","status-publish","hentry"],"post_mailing_queue_ids":[],"_links":{"self":[{"href":"https:\/\/agora.xtec.cat\/ieslamardelafrau\/wp-json\/wp\/v2\/pages\/991","targetHints":{"allow":["GET"]}}],"collection":[{"href":"https:\/\/agora.xtec.cat\/ieslamardelafrau\/wp-json\/wp\/v2\/pages"}],"about":[{"href":"https:\/\/agora.xtec.cat\/ieslamardelafrau\/wp-json\/wp\/v2\/types\/page"}],"author":[{"embeddable":true,"href":"https:\/\/agora.xtec.cat\/ieslamardelafrau\/wp-json\/wp\/v2\/users\/1"}],"replies":[{"embeddable":true,"href":"https:\/\/agora.xtec.cat\/ieslamardelafrau\/wp-json\/wp\/v2\/comments?post=991"}],"version-history":[{"count":2,"href":"https:\/\/agora.xtec.cat\/ieslamardelafrau\/wp-json\/wp\/v2\/pages\/991\/revisions"}],"predecessor-version":[{"id":1150,"href":"https:\/\/agora.xtec.cat\/ieslamardelafrau\/wp-json\/wp\/v2\/pages\/991\/revisions\/1150"}],"up":[{"embeddable":true,"href":"https:\/\/agora.xtec.cat\/ieslamardelafrau\/wp-json\/wp\/v2\/pages\/81"}],"wp:attachment":[{"href":"https:\/\/agora.xtec.cat\/ieslamardelafrau\/wp-json\/wp\/v2\/media?parent=991"}],"curies":[{"name":"wp","href":"https:\/\/api.w.org\/{rel}","templated":true}]}}

<header class="entry-header fullwidth">
<h2 class="entry-title"><a title="Accés a la comanda de llibres Iddink" href="https://agora.xtec.cat/ieslamardelafrau/eso/noticia-1/" rel="bookmark">Accés a la comanda de llibres Iddink</a></h2>
</header>
<div class="entry-summary">
<p>Benvolgudes famílies,</p>
<p>Per poder accedir al menú de Material i per la compra de llibres Iddink heu de clicar el següent enllaç:</p>
<p><a href="https://lamardelafrau.clickedu.eu/">https://lamardelafrau.clickedu.eu</a></p>
<p style="text-align: center;"><a href="https://agora.xtec.cat/ieslamardelafrau/wp-content/uploads/usu2079/2014/09/107-CC-ecoBook.png"><img loading="lazy" decoding="async" class="alignnone size-medium wp-image-773" src="https://agora.xtec.cat/ieslamardelafrau/wp-content/uploads/usu2079/2014/09/107-CC-ecoBook-300x300.png" alt="" width="300" height="300" srcset="https://agora.xtec.cat/ieslamardelafrau/wp-content/uploads/usu2079/2014/09/107-CC-ecoBook-300x300.png 300w, https://agora.xtec.cat/ieslamardelafrau/wp-content/uploads/usu2079/2014/09/107-CC-ecoBook-1024x1024.png 1024w, https://agora.xtec.cat/ieslamardelafrau/wp-content/uploads/usu2079/2014/09/107-CC-ecoBook-150x150.png 150w, https://agora.xtec.cat/ieslamardelafrau/wp-content/uploads/usu2079/2014/09/107-CC-ecoBook-768x768.png 768w, https://agora.xtec.cat/ieslamardelafrau/wp-content/uploads/usu2079/2014/09/107-CC-ecoBook-1536x1536.png 1536w, https://agora.xtec.cat/ieslamardelafrau/wp-content/uploads/usu2079/2014/09/107-CC-ecoBook-2048x2048.png 2048w" sizes="auto, (max-width: 300px) 100vw, 300px" /></a></p>
</div>

<p><a title="Accés a la comanda de llibres Iddink" href="https://agora.xtec.cat/ieslamardelafrau/eso/noticia-1/" rel="bookmark">Accés a la comanda de llibres Iddink</a></p>
<p>Benvolgudes famílies,<br />
Per poder accedir al menú de Material i per la compra de llibres Iddink heu de clicar el següent enllaç:<br />
<a href="https://lamardelafrau.clickedu.eu/">https://lamardelafrau.clickedu.eu</a><br />
<a href="https://agora.xtec.cat/ieslamardelafrau/wp-content/uploads/usu2079/2014/09/107-CC-ecoBook.png"></a></p>
