{"id":46,"date":"2014-09-17T16:53:45","date_gmt":"2014-09-17T16:53:45","guid":{"rendered":"http:\/\/agora.xtec.cat\/ieslamardelafrau\/?page_id=46"},"modified":"2025-02-07T13:53:16","modified_gmt":"2025-02-07T12:53:16","slug":"organigrama","status":"publish","type":"page","link":"https:\/\/agora.xtec.cat\/ieslamardelafrau\/linstitut\/organigrama\/","title":{"rendered":"Organigrama"},"content":{"rendered":"<p>&nbsp;<\/p>\n<p><a href=\"https:\/\/agora.xtec.cat\/ieslamardelafrau\/wp-content\/uploads\/usu2079\/2025\/02\/organigrama-21-x-29.7-cm-Collage-de-fotos.jpg\"><img loading=\"lazy\" decoding=\"async\" class=\" wp-image-1275 aligncenter\" src=\"https:\/\/agora.xtec.cat\/ieslamardelafrau\/wp-content\/uploads\/usu2079\/2025\/02\/organigrama-21-x-29.7-cm-Collage-de-fotos-300x240.jpg\" alt=\"\" width=\"609\" height=\"487\" srcset=\"https:\/\/agora.xtec.cat\/ieslamardelafrau\/wp-content\/uploads\/usu2079\/2025\/02\/organigrama-21-x-29.7-cm-Collage-de-fotos-300x240.jpg 300w, https:\/\/agora.xtec.cat\/ieslamardelafrau\/wp-content\/uploads\/usu2079\/2025\/02\/organigrama-21-x-29.7-cm-Collage-de-fotos-1024x819.jpg 1024w, https:\/\/agora.xtec.cat\/ieslamardelafrau\/wp-content\/uploads\/usu2079\/2025\/02\/organigrama-21-x-29.7-cm-Collage-de-fotos-768x614.jpg 768w, https:\/\/agora.xtec.cat\/ieslamardelafrau\/wp-content\/uploads\/usu2079\/2025\/02\/organigrama-21-x-29.7-cm-Collage-de-fotos-1536x1229.jpg 1536w, https:\/\/agora.xtec.cat\/ieslamardelafrau\/wp-content\/uploads\/usu2079\/2025\/02\/organigrama-21-x-29.7-cm-Collage-de-fotos.jpg 2000w\" sizes=\"auto, (max-width: 609px) 100vw, 609px\" \/>\u00a0<\/a><\/p>\n<p>L&#8217;organigrama del centre:<\/p>\n<p>Direcci\u00f3 de Centre: Montse Esquerda<\/p>\n<p>Secretari: Pere Petrus<\/p>\n<p>Cap d&#8217;estudis: Silvia S\u00e1nchez<\/p>\n<p>Coordinaci\u00f3 Pedag\u00f2gica: Adela L\u00f3pez<\/p>\n<p>&nbsp;<\/p>\n<p>&nbsp;<\/p>\n<p>&nbsp;<\/p>\n","protected":false},"excerpt":{"rendered":"<p>&nbsp;<br \/>\n<a href=\"https:\/\/agora.xtec.cat\/ieslamardelafrau\/wp-content\/uploads\/usu2079\/2025\/02\/organigrama-21-x-29.7-cm-Collage-de-fotos.jpg\">\u00a0<\/a><br \/>\nL&#8217;organigrama del centre:<br \/>\nDirecci\u00f3 de Centre: Montse Esquerda<br \/>\nSecretari: Pere Petrus<br \/>\nCap d&#8217;estudis: Silvia S\u00e1nchez<br \/>\nCoordinaci\u00f3 Pedag\u00f2gica: Adela L\u00f3pez<br \/>\n&nbsp;<br \/>\n&nbsp;<br \/>\n&nbsp;<\/p>\n","protected":false},"author":1,"featured_media":0,"parent":19,"menu_order":5,"comment_status":"closed","ping_status":"closed","template":"page-templates\/side-menu.php","meta":{"_bbp_topic_count":0,"_bbp_reply_count":0,"_bbp_total_topic_count":0,"_bbp_total_reply_count":0,"_bbp_voice_count":0,"_bbp_anonymous_reply_count":0,"_bbp_topic_count_hidden":0,"_bbp_reply_count_hidden":0,"_bbp_forum_subforum_count":0,"footnotes":""},"class_list":["post-46","page","type-page","status-publish","hentry"],"post_mailing_queue_ids":[],"_links":{"self":[{"href":"https:\/\/agora.xtec.cat\/ieslamardelafrau\/wp-json\/wp\/v2\/pages\/46","targetHints":{"allow":["GET"]}}],"collection":[{"href":"https:\/\/agora.xtec.cat\/ieslamardelafrau\/wp-json\/wp\/v2\/pages"}],"about":[{"href":"https:\/\/agora.xtec.cat\/ieslamardelafrau\/wp-json\/wp\/v2\/types\/page"}],"author":[{"embeddable":true,"href":"https:\/\/agora.xtec.cat\/ieslamardelafrau\/wp-json\/wp\/v2\/users\/1"}],"replies":[{"embeddable":true,"href":"https:\/\/agora.xtec.cat\/ieslamardelafrau\/wp-json\/wp\/v2\/comments?post=46"}],"version-history":[{"count":6,"href":"https:\/\/agora.xtec.cat\/ieslamardelafrau\/wp-json\/wp\/v2\/pages\/46\/revisions"}],"predecessor-version":[{"id":1290,"href":"https:\/\/agora.xtec.cat\/ieslamardelafrau\/wp-json\/wp\/v2\/pages\/46\/revisions\/1290"}],"up":[{"embeddable":true,"href":"https:\/\/agora.xtec.cat\/ieslamardelafrau\/wp-json\/wp\/v2\/pages\/19"}],"wp:attachment":[{"href":"https:\/\/agora.xtec.cat\/ieslamardelafrau\/wp-json\/wp\/v2\/media?parent=46"}],"curies":[{"name":"wp","href":"https:\/\/api.w.org\/{rel}","templated":true}]}}

<p>&nbsp;</p>
<p><a href="https://agora.xtec.cat/ieslamardelafrau/wp-content/uploads/usu2079/2025/02/organigrama-21-x-29.7-cm-Collage-de-fotos.jpg"><img loading="lazy" decoding="async" class=" wp-image-1275 aligncenter" src="https://agora.xtec.cat/ieslamardelafrau/wp-content/uploads/usu2079/2025/02/organigrama-21-x-29.7-cm-Collage-de-fotos-300x240.jpg" alt="" width="609" height="487" srcset="https://agora.xtec.cat/ieslamardelafrau/wp-content/uploads/usu2079/2025/02/organigrama-21-x-29.7-cm-Collage-de-fotos-300x240.jpg 300w, https://agora.xtec.cat/ieslamardelafrau/wp-content/uploads/usu2079/2025/02/organigrama-21-x-29.7-cm-Collage-de-fotos-1024x819.jpg 1024w, https://agora.xtec.cat/ieslamardelafrau/wp-content/uploads/usu2079/2025/02/organigrama-21-x-29.7-cm-Collage-de-fotos-768x614.jpg 768w, https://agora.xtec.cat/ieslamardelafrau/wp-content/uploads/usu2079/2025/02/organigrama-21-x-29.7-cm-Collage-de-fotos-1536x1229.jpg 1536w, https://agora.xtec.cat/ieslamardelafrau/wp-content/uploads/usu2079/2025/02/organigrama-21-x-29.7-cm-Collage-de-fotos.jpg 2000w" sizes="auto, (max-width: 609px) 100vw, 609px" /> </a></p>
<p>L&#8217;organigrama del centre:</p>
<p>Direcció de Centre: Montse Esquerda</p>
<p>Secretari: Pere Petrus</p>
<p>Cap d&#8217;estudis: Silvia Sánchez</p>
<p>Coordinació Pedagògica: Adela López</p>
<p>&nbsp;</p>
<p>&nbsp;</p>
<p>&nbsp;</p>

<p>&nbsp;<br />
<a href="https://agora.xtec.cat/ieslamardelafrau/wp-content/uploads/usu2079/2025/02/organigrama-21-x-29.7-cm-Collage-de-fotos.jpg"> </a><br />
L&#8217;organigrama del centre:<br />
Direcció de Centre: Montse Esquerda<br />
Secretari: Pere Petrus<br />
Cap d&#8217;estudis: Silvia Sánchez<br />
Coordinació Pedagògica: Adela López<br />
&nbsp;<br />
&nbsp;<br />
&nbsp;</p>
