{"id":27,"date":"2014-09-17T16:24:03","date_gmt":"2014-09-17T16:24:03","guid":{"rendered":"http:\/\/agora.xtec.cat\/ieslamardelafrau\/?page_id=27"},"modified":"2025-01-15T17:46:57","modified_gmt":"2025-01-15T16:46:57","slug":"historia","status":"publish","type":"page","link":"https:\/\/agora.xtec.cat\/ieslamardelafrau\/linstitut\/historia\/","title":{"rendered":"Hist\u00f2ria"},"content":{"rendered":"<p>L&#8217;Institut La Mar de la Frau neix inserit en un entorn de ciutat mitjana de la costa catalana (al voltant de 30 mil habitants) l\u2019any 2006. El fet de ser una instituci\u00f3 nova, creada a partir d\u2019un augment de poblaci\u00f3 espectacular en els darrers anys, li confereix uns trets propis que usats en benefici de la instituci\u00f3 poden ser molt afavoridors.<\/p>\n<p>El centre est\u00e0 ubicat en una de les zones d\u2019urbanitzacions amb m\u00e9s dinamisme del municipi, per\u00f2 al mateix temps \u00e9s una part de Cambrils que tradicionalment havia estat una zona completament descohesionada i d\u2019interessos molt heterogenis (purament laborals en alguns casos, de ciutat dormitori per la proximitat i bona connexi\u00f3 amb Tarragona i Reus, en altres, etc.).<\/p>\n<p>A poc a poc, en els darrers anys, s\u2019hi han anat endegant iniciatives que han ajudat a crear el sentiment de pertinen\u00e7a a una comunitat: centre c\u00edvic i escola. \u00c9s per aix\u00f2 que pensem que implantar una l\u00ednia pedag\u00f2gica on la cooperaci\u00f3 entre alumnat, per\u00f2 tamb\u00e9 entre tota la comunitat educativa, \u00e9s del tot adequat en aquestes circumst\u00e0ncies.<\/p>\n<p>Ens trobem, doncs, amb un municipi amb un creixement demogr\u00e0fic espectacular intern, per\u00f2 tamb\u00e9 extern, i aix\u00f2 vol dir que la societat cambrilenca es forma a partir de l\u2019heterogene\u00eftat dels seus integrants. Un dels grans reptes \u00e9s doncs arribar a poder cohesionar a partir d\u2019uns interessos comuns i d\u2019unes finalitats educatives que ens s\u00f3n tamb\u00e9 comunes.<\/p>\n<p>Quant a l\u2019alumnat, reflecteix perfectament aquesta realitat. A voltant d\u2019un 20% pel cap baix era alumnat que s\u2019acaba d\u2019instal\u00b7lar al municipi en els darrers dos cursos procedent de cultures allunyades a la mediterr\u00e0nia, de lleng\u00fces diverses,<br \/>\netc. La resta es repartia entre fam\u00edlies diguem-ne aut\u00f2ctones que han anat a viure a les urbanitzacions fugint de l\u2019espessor demogr\u00e0fica dels nuclis originaris.<\/p>\n<p>Actualment, aquesta mobilitat migrat\u00f2ria ha minvat amb les diferents crisis econ\u00f2miques posteriors. La poblaci\u00f3 \u00e9s m\u00e9s estable i el centre rep dels alumnes que resideixen en la zona de Vilafortuny dels centres de primaria de ceip Guillem<br \/>\nFortuny i Mas Clariana.<\/p>\n<p>Cal dir tamb\u00e9 que, com a tot el municipi, cal diferenciar dues zones: la platja i l\u2019interior. Tamb\u00e9 en relaci\u00f3 a Vilafortuny cal tenir molt en compte que econ\u00f2micament hi ha circumst\u00e0ncies diverses. Hi ha fam\u00edlies amb un poder econ\u00f2mic alt a la llum de les cases on viuen amb professions liberals i tamb\u00e9 hi ha fam\u00edlies que viuen a la zona de vora mar en petits apartaments fent tasques de servei.<\/p>\n","protected":false},"excerpt":{"rendered":"<p>L&#8217;Institut La Mar de la Frau neix inserit en un entorn de ciutat mitjana de la costa catalana (al voltant de 30 mil habitants) l\u2019any 2006. El fet de ser una instituci\u00f3 nova, creada a partir d\u2019un augment de poblaci\u00f3 espectacular en els darrers anys,&hellip;  <a href=\"https:\/\/agora.xtec.cat\/ieslamardelafrau\/linstitut\/historia\/\" title=\"Read Hist\u00f2ria\">Llegeix m\u00e9s\u00bb<\/a><\/p>\n","protected":false},"author":1,"featured_media":0,"parent":19,"menu_order":1,"comment_status":"closed","ping_status":"closed","template":"page-templates\/side-menu.php","meta":{"_bbp_topic_count":0,"_bbp_reply_count":0,"_bbp_total_topic_count":0,"_bbp_total_reply_count":0,"_bbp_voice_count":0,"_bbp_anonymous_reply_count":0,"_bbp_topic_count_hidden":0,"_bbp_reply_count_hidden":0,"_bbp_forum_subforum_count":0,"footnotes":""},"class_list":["post-27","page","type-page","status-publish","hentry"],"post_mailing_queue_ids":[],"_links":{"self":[{"href":"https:\/\/agora.xtec.cat\/ieslamardelafrau\/wp-json\/wp\/v2\/pages\/27","targetHints":{"allow":["GET"]}}],"collection":[{"href":"https:\/\/agora.xtec.cat\/ieslamardelafrau\/wp-json\/wp\/v2\/pages"}],"about":[{"href":"https:\/\/agora.xtec.cat\/ieslamardelafrau\/wp-json\/wp\/v2\/types\/page"}],"author":[{"embeddable":true,"href":"https:\/\/agora.xtec.cat\/ieslamardelafrau\/wp-json\/wp\/v2\/users\/1"}],"replies":[{"embeddable":true,"href":"https:\/\/agora.xtec.cat\/ieslamardelafrau\/wp-json\/wp\/v2\/comments?post=27"}],"version-history":[{"count":4,"href":"https:\/\/agora.xtec.cat\/ieslamardelafrau\/wp-json\/wp\/v2\/pages\/27\/revisions"}],"predecessor-version":[{"id":707,"href":"https:\/\/agora.xtec.cat\/ieslamardelafrau\/wp-json\/wp\/v2\/pages\/27\/revisions\/707"}],"up":[{"embeddable":true,"href":"https:\/\/agora.xtec.cat\/ieslamardelafrau\/wp-json\/wp\/v2\/pages\/19"}],"wp:attachment":[{"href":"https:\/\/agora.xtec.cat\/ieslamardelafrau\/wp-json\/wp\/v2\/media?parent=27"}],"curies":[{"name":"wp","href":"https:\/\/api.w.org\/{rel}","templated":true}]}}

Història

<p>L&#8217;Institut La Mar de la Frau neix inserit en un entorn de ciutat mitjana de la costa catalana (al voltant de 30 mil habitants) l’any 2006. El fet de ser una institució nova, creada a partir d’un augment de població espectacular en els darrers anys, li confereix uns trets propis que usats en benefici de la institució poden ser molt afavoridors.</p>
<p>El centre està ubicat en una de les zones d’urbanitzacions amb més dinamisme del municipi, però al mateix temps és una part de Cambrils que tradicionalment havia estat una zona completament descohesionada i d’interessos molt heterogenis (purament laborals en alguns casos, de ciutat dormitori per la proximitat i bona connexió amb Tarragona i Reus, en altres, etc.).</p>
<p>A poc a poc, en els darrers anys, s’hi han anat endegant iniciatives que han ajudat a crear el sentiment de pertinença a una comunitat: centre cívic i escola. És per això que pensem que implantar una línia pedagògica on la cooperació entre alumnat, però també entre tota la comunitat educativa, és del tot adequat en aquestes circumstàncies.</p>
<p>Ens trobem, doncs, amb un municipi amb un creixement demogràfic espectacular intern, però també extern, i això vol dir que la societat cambrilenca es forma a partir de l’heterogeneïtat dels seus integrants. Un dels grans reptes és doncs arribar a poder cohesionar a partir d’uns interessos comuns i d’unes finalitats educatives que ens són també comunes.</p>
<p>Quant a l’alumnat, reflecteix perfectament aquesta realitat. A voltant d’un 20% pel cap baix era alumnat que s’acaba d’instal·lar al municipi en els darrers dos cursos procedent de cultures allunyades a la mediterrània, de llengües diverses,<br />
etc. La resta es repartia entre famílies diguem-ne autòctones que han anat a viure a les urbanitzacions fugint de l’espessor demogràfica dels nuclis originaris.</p>
<p>Actualment, aquesta mobilitat migratòria ha minvat amb les diferents crisis econòmiques posteriors. La població és més estable i el centre rep dels alumnes que resideixen en la zona de Vilafortuny dels centres de primaria de ceip Guillem<br />
Fortuny i Mas Clariana.</p>
<p>Cal dir també que, com a tot el municipi, cal diferenciar dues zones: la platja i l’interior. També en relació a Vilafortuny cal tenir molt en compte que econòmicament hi ha circumstàncies diverses. Hi ha famílies amb un poder econòmic alt a la llum de les cases on viuen amb professions liberals i també hi ha famílies que viuen a la zona de vora mar en petits apartaments fent tasques de servei.</p>

<p>L&#8217;Institut La Mar de la Frau neix inserit en un entorn de ciutat mitjana de la costa catalana (al voltant de 30 mil habitants) l’any 2006. El fet de ser una institució nova, creada a partir d’un augment de població espectacular en els darrers anys,&hellip;  <a href="https://agora.xtec.cat/ieslamardelafrau/linstitut/historia/" title="Read Història">Llegeix més»</a></p>
