{"id":19,"date":"2014-09-17T14:56:56","date_gmt":"2014-09-17T14:56:56","guid":{"rendered":"http:\/\/agora.xtec.cat\/ieslamardelafrau\/?page_id=19"},"modified":"2024-02-02T16:30:04","modified_gmt":"2024-02-02T15:30:04","slug":"linstitut","status":"publish","type":"page","link":"https:\/\/agora.xtec.cat\/ieslamardelafrau\/linstitut\/","title":{"rendered":"Institut la Mar de la Frau"},"content":{"rendered":"<p><a href=\"https:\/\/agora.xtec.cat\/ieslamardelafrau\/wp-content\/uploads\/usu2079\/2024\/01\/IMG_20240126_1251443-1-2.jpg\"><img loading=\"lazy\" decoding=\"async\" class=\"alignnone size-large wp-image-517\" src=\"https:\/\/agora.xtec.cat\/ieslamardelafrau\/wp-content\/uploads\/usu2079\/2024\/01\/IMG_20240126_1251443-1-2-1024x802.jpg\" alt=\"\" width=\"1024\" height=\"802\" srcset=\"https:\/\/agora.xtec.cat\/ieslamardelafrau\/wp-content\/uploads\/usu2079\/2024\/01\/IMG_20240126_1251443-1-2-1024x802.jpg 1024w, https:\/\/agora.xtec.cat\/ieslamardelafrau\/wp-content\/uploads\/usu2079\/2024\/01\/IMG_20240126_1251443-1-2-300x235.jpg 300w, https:\/\/agora.xtec.cat\/ieslamardelafrau\/wp-content\/uploads\/usu2079\/2024\/01\/IMG_20240126_1251443-1-2-768x601.jpg 768w, https:\/\/agora.xtec.cat\/ieslamardelafrau\/wp-content\/uploads\/usu2079\/2024\/01\/IMG_20240126_1251443-1-2-1536x1203.jpg 1536w, https:\/\/agora.xtec.cat\/ieslamardelafrau\/wp-content\/uploads\/usu2079\/2024\/01\/IMG_20240126_1251443-1-2-2048x1604.jpg 2048w\" sizes=\"auto, (max-width: 1024px) 100vw, 1024px\" \/><\/a><\/p>\n<p>L\u2019institut La Mar de la Frau va iniciar la seva activitat l\u2019any 2006-07. L\u2019anomenat en un principi IES Cambrils II, neix inserit a Vilafortuny, una zona residencial de la poblaci\u00f3 de Cambrils. Documentat des del 1152 , Vilafortuny es va fundar a la mateixa \u00e8poca que Cambrils. Va ser un petit nucli senyorial que va existir durant alguns segles i que va tenir entitat pr\u00f2pia. Es situava on avui dia es conserva el seu castell i rodalies. Per qu\u00e8 el nom de la Mar de la Frau per al nostre institut? Frau \u00e9s sin\u00f2nim del canal de l\u2019aire que baixa des de les serres situades entre l\u2019Ampolla i l\u2019Ametlla de Mar i que s\u2019est\u00e9n per tot el golf de Sant Jordi fins al Cap de Salou. Quan els mariners surten a la mar, miren cap a la frau i si no hi ha n\u00favols, diuen que bufar\u00e0 ventada, que la frau bufar\u00e0. <strong>La Mar de la Frau<\/strong> \u00e9s un nom que identifica una cultura transmesa de pares a fills: un llenguatge, un paisatge, una economia, uns arts de pesca, en definitiva, una manera de viure.<\/p>\n<p>&nbsp;<\/p>\n<p>&nbsp;<\/p>\n<p>&nbsp;<\/p>\n<p>&nbsp;<\/p>\n<p>&nbsp;<\/p>\n","protected":false},"excerpt":{"rendered":"<p><a href=\"https:\/\/agora.xtec.cat\/ieslamardelafrau\/wp-content\/uploads\/usu2079\/2024\/01\/IMG_20240126_1251443-1-2.jpg\"><\/a><br \/>\nL\u2019institut La Mar de la Frau va iniciar la seva activitat l\u2019any 2006-07. L\u2019anomenat en un principi IES Cambrils II, neix inserit a Vilafortuny, una zona residencial de la poblaci\u00f3 de Cambrils. Documentat des del 1152 , Vilafortuny es va fundar a la mateixa&hellip;  <a href=\"https:\/\/agora.xtec.cat\/ieslamardelafrau\/linstitut\/\" title=\"Read Institut la Mar de la Frau\">Llegeix m\u00e9s\u00bb<\/a><\/p>\n","protected":false},"author":1,"featured_media":0,"parent":0,"menu_order":0,"comment_status":"closed","ping_status":"closed","template":"page-templates\/side-menu.php","meta":{"_bbp_topic_count":0,"_bbp_reply_count":0,"_bbp_total_topic_count":0,"_bbp_total_reply_count":0,"_bbp_voice_count":0,"_bbp_anonymous_reply_count":0,"_bbp_topic_count_hidden":0,"_bbp_reply_count_hidden":0,"_bbp_forum_subforum_count":0,"footnotes":""},"class_list":["post-19","page","type-page","status-publish","hentry"],"post_mailing_queue_ids":[],"_links":{"self":[{"href":"https:\/\/agora.xtec.cat\/ieslamardelafrau\/wp-json\/wp\/v2\/pages\/19","targetHints":{"allow":["GET"]}}],"collection":[{"href":"https:\/\/agora.xtec.cat\/ieslamardelafrau\/wp-json\/wp\/v2\/pages"}],"about":[{"href":"https:\/\/agora.xtec.cat\/ieslamardelafrau\/wp-json\/wp\/v2\/types\/page"}],"author":[{"embeddable":true,"href":"https:\/\/agora.xtec.cat\/ieslamardelafrau\/wp-json\/wp\/v2\/users\/1"}],"replies":[{"embeddable":true,"href":"https:\/\/agora.xtec.cat\/ieslamardelafrau\/wp-json\/wp\/v2\/comments?post=19"}],"version-history":[{"count":6,"href":"https:\/\/agora.xtec.cat\/ieslamardelafrau\/wp-json\/wp\/v2\/pages\/19\/revisions"}],"predecessor-version":[{"id":595,"href":"https:\/\/agora.xtec.cat\/ieslamardelafrau\/wp-json\/wp\/v2\/pages\/19\/revisions\/595"}],"wp:attachment":[{"href":"https:\/\/agora.xtec.cat\/ieslamardelafrau\/wp-json\/wp\/v2\/media?parent=19"}],"curies":[{"name":"wp","href":"https:\/\/api.w.org\/{rel}","templated":true}]}}

<p><a href="https://agora.xtec.cat/ieslamardelafrau/wp-content/uploads/usu2079/2024/01/IMG_20240126_1251443-1-2.jpg"><img loading="lazy" decoding="async" class="alignnone size-large wp-image-517" src="https://agora.xtec.cat/ieslamardelafrau/wp-content/uploads/usu2079/2024/01/IMG_20240126_1251443-1-2-1024x802.jpg" alt="" width="1024" height="802" srcset="https://agora.xtec.cat/ieslamardelafrau/wp-content/uploads/usu2079/2024/01/IMG_20240126_1251443-1-2-1024x802.jpg 1024w, https://agora.xtec.cat/ieslamardelafrau/wp-content/uploads/usu2079/2024/01/IMG_20240126_1251443-1-2-300x235.jpg 300w, https://agora.xtec.cat/ieslamardelafrau/wp-content/uploads/usu2079/2024/01/IMG_20240126_1251443-1-2-768x601.jpg 768w, https://agora.xtec.cat/ieslamardelafrau/wp-content/uploads/usu2079/2024/01/IMG_20240126_1251443-1-2-1536x1203.jpg 1536w, https://agora.xtec.cat/ieslamardelafrau/wp-content/uploads/usu2079/2024/01/IMG_20240126_1251443-1-2-2048x1604.jpg 2048w" sizes="auto, (max-width: 1024px) 100vw, 1024px" /></a></p>
<p>L’institut La Mar de la Frau va iniciar la seva activitat l’any 2006-07. L’anomenat en un principi IES Cambrils II, neix inserit a Vilafortuny, una zona residencial de la població de Cambrils. Documentat des del 1152 , Vilafortuny es va fundar a la mateixa època que Cambrils. Va ser un petit nucli senyorial que va existir durant alguns segles i que va tenir entitat pròpia. Es situava on avui dia es conserva el seu castell i rodalies. Per què el nom de la Mar de la Frau per al nostre institut? Frau és sinònim del canal de l’aire que baixa des de les serres situades entre l’Ampolla i l’Ametlla de Mar i que s’estén per tot el golf de Sant Jordi fins al Cap de Salou. Quan els mariners surten a la mar, miren cap a la frau i si no hi ha núvols, diuen que bufarà ventada, que la frau bufarà. <strong>La Mar de la Frau</strong> és un nom que identifica una cultura transmesa de pares a fills: un llenguatge, un paisatge, una economia, uns arts de pesca, en definitiva, una manera de viure.</p>
<p>&nbsp;</p>
<p>&nbsp;</p>
<p>&nbsp;</p>
<p>&nbsp;</p>
<p>&nbsp;</p>

<p><a href="https://agora.xtec.cat/ieslamardelafrau/wp-content/uploads/usu2079/2024/01/IMG_20240126_1251443-1-2.jpg"></a><br />
L’institut La Mar de la Frau va iniciar la seva activitat l’any 2006-07. L’anomenat en un principi IES Cambrils II, neix inserit a Vilafortuny, una zona residencial de la població de Cambrils. Documentat des del 1152 , Vilafortuny es va fundar a la mateixa&hellip;  <a href="https://agora.xtec.cat/ieslamardelafrau/linstitut/" title="Read Institut la Mar de la Frau">Llegeix més»</a></p>
