{"id":5297,"date":"2026-02-03T17:33:29","date_gmt":"2026-02-03T16:33:29","guid":{"rendered":"https:\/\/agora.xtec.cat\/ieslamallola\/?page_id=5297"},"modified":"2026-02-03T17:34:19","modified_gmt":"2026-02-03T16:34:19","slug":"5297-2","status":"publish","type":"page","link":"https:\/\/agora.xtec.cat\/ieslamallola\/5297-2\/","title":{"rendered":"Roma 2n"},"content":{"rendered":"\n<div class=\"wp-block-cover is-light\"><span aria-hidden=\"true\" class=\"wp-block-cover__background has-background-dim\" style=\"background-color:#b2aaa6\"><\/span><img loading=\"lazy\" decoding=\"async\" width=\"1280\" height=\"897\" class=\"wp-block-cover__image-background wp-image-5298\" alt=\"\" src=\"https:\/\/agora.xtec.cat\/ieslamallola\/wp-content\/uploads\/usu515\/2026\/02\/Colosseo_2020.jpg.webp\" data-object-fit=\"cover\" srcset=\"https:\/\/agora.xtec.cat\/ieslamallola\/wp-content\/uploads\/usu515\/2026\/02\/Colosseo_2020.jpg.webp 1280w, https:\/\/agora.xtec.cat\/ieslamallola\/wp-content\/uploads\/usu515\/2026\/02\/Colosseo_2020.jpg-300x210.webp 300w, https:\/\/agora.xtec.cat\/ieslamallola\/wp-content\/uploads\/usu515\/2026\/02\/Colosseo_2020.jpg-1024x718.webp 1024w, https:\/\/agora.xtec.cat\/ieslamallola\/wp-content\/uploads\/usu515\/2026\/02\/Colosseo_2020.jpg-768x538.webp 768w\" sizes=\"auto, (max-width: 1280px) 100vw, 1280px\" \/><div class=\"wp-block-cover__inner-container is-layout-constrained wp-block-cover-is-layout-constrained\">\n<p class=\"has-text-align-center has-large-font-size\"><strong>Roma 2n Batxillerat<\/strong><\/p>\n<\/div><\/div>\n\n\n\n<p>Cada curs, l\u2019alumnat de <strong>2n de Batxillerat<\/strong> realitza un viatge de final d\u2019etapa a <strong>Roma<\/strong>, una ciutat clau de la hist\u00f2ria europea i un escenari privilegiat per <strong>aprendre fora de l\u2019aula<\/strong>.<\/p>\n\n\n\n<p>A trav\u00e9s d\u2019aquesta experi\u00e8ncia, l\u2019alumnat recorre espais que expliquen segles d\u2019hist\u00f2ria, art i cultura, com el <strong>Colosseu<\/strong>, el <strong>F\u00f2rum Rom\u00e0<\/strong>, el <strong>Pante\u00f3<\/strong>, la <strong>Fontana di Trevi<\/strong>, la <strong>Pla\u00e7a d\u2019Espanya<\/strong>, el <strong>Vatic\u00e0<\/strong> o la <strong>Bas\u00edlica de Sant Pere<\/strong>, entre d\u2019altres.<\/p>\n\n\n\n<figure class=\"wp-block-gallery has-nested-images columns-default is-cropped wp-block-gallery-1 is-layout-flex wp-block-gallery-is-layout-flex\">\n<figure class=\"wp-block-image size-large\"><a href=\"https:\/\/agora.xtec.cat\/ieslamallola\/wp-content\/uploads\/usu515\/2026\/02\/pexels-jennifer-694727-5383170-scaled.jpg\"><img loading=\"lazy\" decoding=\"async\" width=\"1024\" height=\"768\" data-id=\"5299\" src=\"https:\/\/agora.xtec.cat\/ieslamallola\/wp-content\/uploads\/usu515\/2026\/02\/pexels-jennifer-694727-5383170-1024x768.jpg\" alt=\"\" class=\"wp-image-5299\" srcset=\"https:\/\/agora.xtec.cat\/ieslamallola\/wp-content\/uploads\/usu515\/2026\/02\/pexels-jennifer-694727-5383170-1024x768.jpg 1024w, https:\/\/agora.xtec.cat\/ieslamallola\/wp-content\/uploads\/usu515\/2026\/02\/pexels-jennifer-694727-5383170-300x225.jpg 300w, https:\/\/agora.xtec.cat\/ieslamallola\/wp-content\/uploads\/usu515\/2026\/02\/pexels-jennifer-694727-5383170-768x576.jpg 768w, https:\/\/agora.xtec.cat\/ieslamallola\/wp-content\/uploads\/usu515\/2026\/02\/pexels-jennifer-694727-5383170-1536x1152.jpg 1536w, https:\/\/agora.xtec.cat\/ieslamallola\/wp-content\/uploads\/usu515\/2026\/02\/pexels-jennifer-694727-5383170-2048x1536.jpg 2048w\" sizes=\"auto, (max-width: 1024px) 100vw, 1024px\" \/><\/a><\/figure>\n<\/figure>\n\n\n\n<p>El viatge esdev\u00e9 tamb\u00e9 una oportunitat per <strong>refor\u00e7ar coneixements<\/strong>, fomentar l\u2019<strong>autonomia personal<\/strong> i compartir viv\u00e8ncies que consoliden els vincles del grup, just abans d\u2019afrontar nous reptes acad\u00e8mics i vitals.<\/p>\n\n\n\n<p>Un viatge que suma aprenentatges, experi\u00e8ncies i records que perduren en el temps.<br>A La Mallola, creiem que educar tamb\u00e9 \u00e9s viatjar, descobrir i cr\u00e9ixer. \ud83d\udc9b<\/p>\n\n\n\n<p><\/p>\n","protected":false},"excerpt":{"rendered":"<p>Cada curs, l\u2019alumnat de 2n de Batxillerat realitza un viatge de final d\u2019etapa a Roma, una ciutat clau de la hist\u00f2ria europea i un escenari privilegiat per aprendre fora de l\u2019aula. A trav\u00e9s d\u2019aquesta experi\u00e8ncia, l\u2019alumnat recorre espais que expliquen segles d\u2019hist\u00f2ria, art i cultura, com el Colosseu, el F\u00f2rum Rom\u00e0, el Pante\u00f3, la Fontana [&hellip;]<\/p>\n","protected":false},"author":1,"featured_media":0,"parent":0,"menu_order":0,"comment_status":"closed","ping_status":"close","template":"","meta":{"_bbp_topic_count":0,"_bbp_reply_count":0,"_bbp_total_topic_count":0,"_bbp_total_reply_count":0,"_bbp_voice_count":0,"_bbp_anonymous_reply_count":0,"_bbp_topic_count_hidden":0,"_bbp_reply_count_hidden":0,"_bbp_forum_subforum_count":0,"site-sidebar-layout":"default","site-content-layout":"","ast-site-content-layout":"default","site-content-style":"default","site-sidebar-style":"default","ast-global-header-display":"","ast-banner-title-visibility":"","ast-main-header-display":"","ast-hfb-above-header-display":"","ast-hfb-below-header-display":"","ast-hfb-mobile-header-display":"","site-post-title":"","ast-breadcrumbs-content":"","ast-featured-img":"","footer-sml-layout":"","theme-transparent-header-meta":"","adv-header-id-meta":"","stick-header-meta":"","header-above-stick-meta":"","header-main-stick-meta":"","header-below-stick-meta":"","astra-migrate-meta-layouts":"set","ast-page-background-enabled":"default","ast-page-background-meta":{"desktop":{"background-color":"var(--ast-global-color-4)","background-image":"","background-repeat":"repeat","background-position":"center center","background-size":"auto","background-attachment":"scroll","background-type":"","background-media":"","overlay-type":"","overlay-color":"","overlay-opacity":"","overlay-gradient":""},"tablet":{"background-color":"","background-image":"","background-repeat":"repeat","background-position":"center center","background-size":"auto","background-attachment":"scroll","background-type":"","background-media":"","overlay-type":"","overlay-color":"","overlay-opacity":"","overlay-gradient":""},"mobile":{"background-color":"","background-image":"","background-repeat":"repeat","background-position":"center center","background-size":"auto","background-attachment":"scroll","background-type":"","background-media":"","overlay-type":"","overlay-color":"","overlay-opacity":"","overlay-gradient":""}},"ast-content-background-meta":{"desktop":{"background-color":"var(--ast-global-color-5)","background-image":"","background-repeat":"repeat","background-position":"center center","background-size":"auto","background-attachment":"scroll","background-type":"","background-media":"","overlay-type":"","overlay-color":"","overlay-opacity":"","overlay-gradient":""},"tablet":{"background-color":"var(--ast-global-color-5)","background-image":"","background-repeat":"repeat","background-position":"center center","background-size":"auto","background-attachment":"scroll","background-type":"","background-media":"","overlay-type":"","overlay-color":"","overlay-opacity":"","overlay-gradient":""},"mobile":{"background-color":"var(--ast-global-color-5)","background-image":"","background-repeat":"repeat","background-position":"center center","background-size":"auto","background-attachment":"scroll","background-type":"","background-media":"","overlay-type":"","overlay-color":"","overlay-opacity":"","overlay-gradient":""}},"footnotes":""},"class_list":["post-5297","page","type-page","status-publish","hentry"],"post_mailing_queue_ids":[],"_links":{"self":[{"href":"https:\/\/agora.xtec.cat\/ieslamallola\/wp-json\/wp\/v2\/pages\/5297","targetHints":{"allow":["GET"]}}],"collection":[{"href":"https:\/\/agora.xtec.cat\/ieslamallola\/wp-json\/wp\/v2\/pages"}],"about":[{"href":"https:\/\/agora.xtec.cat\/ieslamallola\/wp-json\/wp\/v2\/types\/page"}],"author":[{"embeddable":true,"href":"https:\/\/agora.xtec.cat\/ieslamallola\/wp-json\/wp\/v2\/users\/1"}],"replies":[{"embeddable":true,"href":"https:\/\/agora.xtec.cat\/ieslamallola\/wp-json\/wp\/v2\/comments?post=5297"}],"version-history":[{"count":3,"href":"https:\/\/agora.xtec.cat\/ieslamallola\/wp-json\/wp\/v2\/pages\/5297\/revisions"}],"predecessor-version":[{"id":5303,"href":"https:\/\/agora.xtec.cat\/ieslamallola\/wp-json\/wp\/v2\/pages\/5297\/revisions\/5303"}],"wp:attachment":[{"href":"https:\/\/agora.xtec.cat\/ieslamallola\/wp-json\/wp\/v2\/media?parent=5297"}],"curies":[{"name":"wp","href":"https:\/\/api.w.org\/{rel}","templated":true}]}}

<div class="wp-block-cover is-light"><span aria-hidden="true" class="wp-block-cover__background has-background-dim" style="background-color:#b2aaa6"></span><img loading="lazy" decoding="async" width="1280" height="897" class="wp-block-cover__image-background wp-image-5298" alt="" src="https://agora.xtec.cat/ieslamallola/wp-content/uploads/usu515/2026/02/Colosseo_2020.jpg.webp" data-object-fit="cover" srcset="https://agora.xtec.cat/ieslamallola/wp-content/uploads/usu515/2026/02/Colosseo_2020.jpg.webp 1280w, https://agora.xtec.cat/ieslamallola/wp-content/uploads/usu515/2026/02/Colosseo_2020.jpg-300x210.webp 300w, https://agora.xtec.cat/ieslamallola/wp-content/uploads/usu515/2026/02/Colosseo_2020.jpg-1024x718.webp 1024w, https://agora.xtec.cat/ieslamallola/wp-content/uploads/usu515/2026/02/Colosseo_2020.jpg-768x538.webp 768w" sizes="auto, (max-width: 1280px) 100vw, 1280px" /><div class="wp-block-cover__inner-container is-layout-constrained wp-block-cover-is-layout-constrained">
<p class="has-text-align-center has-large-font-size"><strong>Roma 2n Batxillerat</strong></p>
</div></div>



<p>Cada curs, l’alumnat de <strong>2n de Batxillerat</strong> realitza un viatge de final d’etapa a <strong>Roma</strong>, una ciutat clau de la història europea i un escenari privilegiat per <strong>aprendre fora de l’aula</strong>.</p>



<p>A través d’aquesta experiència, l’alumnat recorre espais que expliquen segles d’història, art i cultura, com el <strong>Colosseu</strong>, el <strong>Fòrum Romà</strong>, el <strong>Panteó</strong>, la <strong>Fontana di Trevi</strong>, la <strong>Plaça d’Espanya</strong>, el <strong>Vaticà</strong> o la <strong>Basílica de Sant Pere</strong>, entre d’altres.</p>



<figure class="wp-block-gallery has-nested-images columns-default is-cropped wp-block-gallery-1 is-layout-flex wp-block-gallery-is-layout-flex">
<figure class="wp-block-image size-large"><a href="https://agora.xtec.cat/ieslamallola/wp-content/uploads/usu515/2026/02/pexels-jennifer-694727-5383170-scaled.jpg"><img loading="lazy" decoding="async" width="1024" height="768" data-id="5299" src="https://agora.xtec.cat/ieslamallola/wp-content/uploads/usu515/2026/02/pexels-jennifer-694727-5383170-1024x768.jpg" alt="" class="wp-image-5299" srcset="https://agora.xtec.cat/ieslamallola/wp-content/uploads/usu515/2026/02/pexels-jennifer-694727-5383170-1024x768.jpg 1024w, https://agora.xtec.cat/ieslamallola/wp-content/uploads/usu515/2026/02/pexels-jennifer-694727-5383170-300x225.jpg 300w, https://agora.xtec.cat/ieslamallola/wp-content/uploads/usu515/2026/02/pexels-jennifer-694727-5383170-768x576.jpg 768w, https://agora.xtec.cat/ieslamallola/wp-content/uploads/usu515/2026/02/pexels-jennifer-694727-5383170-1536x1152.jpg 1536w, https://agora.xtec.cat/ieslamallola/wp-content/uploads/usu515/2026/02/pexels-jennifer-694727-5383170-2048x1536.jpg 2048w" sizes="auto, (max-width: 1024px) 100vw, 1024px" /></a></figure>
</figure>



<p>El viatge esdevé també una oportunitat per <strong>reforçar coneixements</strong>, fomentar l’<strong>autonomia personal</strong> i compartir vivències que consoliden els vincles del grup, just abans d’afrontar nous reptes acadèmics i vitals.</p>



<p>Un viatge que suma aprenentatges, experiències i records que perduren en el temps.<br>A La Mallola, creiem que educar també és viatjar, descobrir i créixer. 💛</p>



<p></p>

<p>Cada curs, l’alumnat de 2n de Batxillerat realitza un viatge de final d’etapa a Roma, una ciutat clau de la història europea i un escenari privilegiat per aprendre fora de l’aula. A través d’aquesta experiència, l’alumnat recorre espais que expliquen segles d’història, art i cultura, com el Colosseu, el Fòrum Romà, el Panteó, la Fontana [&hellip;]</p>
