{"id":5072,"date":"2026-01-13T12:31:54","date_gmt":"2026-01-13T11:31:54","guid":{"rendered":"https:\/\/agora.xtec.cat\/ieslamallola\/?page_id=5072"},"modified":"2026-01-13T12:36:47","modified_gmt":"2026-01-13T11:36:47","slug":"projectes","status":"publish","type":"page","link":"https:\/\/agora.xtec.cat\/ieslamallola\/projectes\/","title":{"rendered":"Projectes"},"content":{"rendered":"<h2 data-start=\"105\" data-end=\"167\">Qu\u00e8 s\u00f3n els projectes educatius i per qu\u00e8 els utilitzem?<\/h2>\n<p data-start=\"169\" data-end=\"443\">Els <strong data-start=\"173\" data-end=\"196\">projectes educatius<\/strong> s\u00f3n una manera d\u2019aprendre que posa l\u2019alumnat al centre del proc\u00e9s d\u2019ensenyament-aprenentatge. A trav\u00e9s de situacions reals i significatives, els alumnes investiguen, experimenten, creen i reflexionen per construir el coneixement de manera activa.<\/p>\n<p data-start=\"445\" data-end=\"528\">A l\u2019<span class=\"hover:entity-accent entity-underline inline cursor-pointer align-baseline\"><span class=\"whitespace-normal\">Institut La Mallola<\/span><\/span>, utilitzem els projectes perqu\u00e8 permeten:<\/p>\n<ul data-start=\"529\" data-end=\"788\">\n<li data-start=\"529\" data-end=\"576\">\n<p data-start=\"531\" data-end=\"576\">connectar els aprenentatges amb la realitat<\/p>\n<\/li>\n<li data-start=\"577\" data-end=\"661\">\n<p data-start=\"579\" data-end=\"661\">desenvolupar compet\u00e8ncies clau (ling\u00fc\u00edstiques, cient\u00edfiques, digitals i socials)<\/p>\n<\/li>\n<li data-start=\"662\" data-end=\"731\">\n<p data-start=\"664\" data-end=\"731\">fomentar l\u2019autonomia, el treball cooperatiu i el pensament cr\u00edtic<\/p>\n<\/li>\n<li data-start=\"732\" data-end=\"788\">\n<p data-start=\"734\" data-end=\"788\">augmentar la motivaci\u00f3 i el sentit de l\u2019aprenentatge<\/p>\n<\/li>\n<\/ul>\n<p data-start=\"790\" data-end=\"960\">Aprendre per projectes ajuda l\u2019alumnat a entendre <strong data-start=\"840\" data-end=\"857\">per qu\u00e8 apr\u00e8n<\/strong> i <strong data-start=\"860\" data-end=\"896\">per a qu\u00e8 serveix all\u00f2 que apr\u00e8n<\/strong>, afavorint un aprenentatge m\u00e9s profund, significatiu i durador.<\/p>\n","protected":false},"excerpt":{"rendered":"<p>Qu\u00e8 s\u00f3n els projectes educatius i per qu\u00e8 els utilitzem? Els projectes educatius s\u00f3n una manera d\u2019aprendre que posa l\u2019alumnat al centre del proc\u00e9s d\u2019ensenyament-aprenentatge. A trav\u00e9s de situacions reals i significatives, els alumnes investiguen, experimenten, creen i reflexionen per construir el coneixement de manera activa. A l\u2019Institut La Mallola, utilitzem els projectes perqu\u00e8 permeten: [&hellip;]<\/p>\n","protected":false},"author":1,"featured_media":0,"parent":0,"menu_order":0,"comment_status":"closed","ping_status":"closed","template":"","meta":{"_bbp_topic_count":0,"_bbp_reply_count":0,"_bbp_total_topic_count":0,"_bbp_total_reply_count":0,"_bbp_voice_count":0,"_bbp_anonymous_reply_count":0,"_bbp_topic_count_hidden":0,"_bbp_reply_count_hidden":0,"_bbp_forum_subforum_count":0,"site-sidebar-layout":"default","site-content-layout":"","ast-site-content-layout":"default","site-content-style":"default","site-sidebar-style":"default","ast-global-header-display":"","ast-banner-title-visibility":"","ast-main-header-display":"","ast-hfb-above-header-display":"","ast-hfb-below-header-display":"","ast-hfb-mobile-header-display":"","site-post-title":"","ast-breadcrumbs-content":"","ast-featured-img":"","footer-sml-layout":"","theme-transparent-header-meta":"default","adv-header-id-meta":"","stick-header-meta":"","header-above-stick-meta":"","header-main-stick-meta":"","header-below-stick-meta":"","astra-migrate-meta-layouts":"set","ast-page-background-enabled":"default","ast-page-background-meta":{"desktop":{"background-color":"var(--ast-global-color-4)","background-image":"","background-repeat":"repeat","background-position":"center center","background-size":"auto","background-attachment":"scroll","background-type":"","background-media":"","overlay-type":"","overlay-color":"","overlay-opacity":"","overlay-gradient":""},"tablet":{"background-color":"","background-image":"","background-repeat":"repeat","background-position":"center center","background-size":"auto","background-attachment":"scroll","background-type":"","background-media":"","overlay-type":"","overlay-color":"","overlay-opacity":"","overlay-gradient":""},"mobile":{"background-color":"","background-image":"","background-repeat":"repeat","background-position":"center center","background-size":"auto","background-attachment":"scroll","background-type":"","background-media":"","overlay-type":"","overlay-color":"","overlay-opacity":"","overlay-gradient":""}},"ast-content-background-meta":{"desktop":{"background-color":"var(--ast-global-color-5)","background-image":"","background-repeat":"repeat","background-position":"center center","background-size":"auto","background-attachment":"scroll","background-type":"","background-media":"","overlay-type":"","overlay-color":"","overlay-opacity":"","overlay-gradient":""},"tablet":{"background-color":"var(--ast-global-color-5)","background-image":"","background-repeat":"repeat","background-position":"center center","background-size":"auto","background-attachment":"scroll","background-type":"","background-media":"","overlay-type":"","overlay-color":"","overlay-opacity":"","overlay-gradient":""},"mobile":{"background-color":"var(--ast-global-color-5)","background-image":"","background-repeat":"repeat","background-position":"center center","background-size":"auto","background-attachment":"scroll","background-type":"","background-media":"","overlay-type":"","overlay-color":"","overlay-opacity":"","overlay-gradient":""}},"footnotes":""},"class_list":["post-5072","page","type-page","status-publish","hentry"],"post_mailing_queue_ids":[],"_links":{"self":[{"href":"https:\/\/agora.xtec.cat\/ieslamallola\/wp-json\/wp\/v2\/pages\/5072","targetHints":{"allow":["GET"]}}],"collection":[{"href":"https:\/\/agora.xtec.cat\/ieslamallola\/wp-json\/wp\/v2\/pages"}],"about":[{"href":"https:\/\/agora.xtec.cat\/ieslamallola\/wp-json\/wp\/v2\/types\/page"}],"author":[{"embeddable":true,"href":"https:\/\/agora.xtec.cat\/ieslamallola\/wp-json\/wp\/v2\/users\/1"}],"replies":[{"embeddable":true,"href":"https:\/\/agora.xtec.cat\/ieslamallola\/wp-json\/wp\/v2\/comments?post=5072"}],"version-history":[{"count":2,"href":"https:\/\/agora.xtec.cat\/ieslamallola\/wp-json\/wp\/v2\/pages\/5072\/revisions"}],"predecessor-version":[{"id":5108,"href":"https:\/\/agora.xtec.cat\/ieslamallola\/wp-json\/wp\/v2\/pages\/5072\/revisions\/5108"}],"wp:attachment":[{"href":"https:\/\/agora.xtec.cat\/ieslamallola\/wp-json\/wp\/v2\/media?parent=5072"}],"curies":[{"name":"wp","href":"https:\/\/api.w.org\/{rel}","templated":true}]}}

<h2 data-start="105" data-end="167">Què són els projectes educatius i per què els utilitzem?</h2>
<p data-start="169" data-end="443">Els <strong data-start="173" data-end="196">projectes educatius</strong> són una manera d’aprendre que posa l’alumnat al centre del procés d’ensenyament-aprenentatge. A través de situacions reals i significatives, els alumnes investiguen, experimenten, creen i reflexionen per construir el coneixement de manera activa.</p>
<p data-start="445" data-end="528">A l’<span class="hover:entity-accent entity-underline inline cursor-pointer align-baseline"><span class="whitespace-normal">Institut La Mallola</span></span>, utilitzem els projectes perquè permeten:</p>
<ul data-start="529" data-end="788">
<li data-start="529" data-end="576">
<p data-start="531" data-end="576">connectar els aprenentatges amb la realitat</p>
</li>
<li data-start="577" data-end="661">
<p data-start="579" data-end="661">desenvolupar competències clau (lingüístiques, científiques, digitals i socials)</p>
</li>
<li data-start="662" data-end="731">
<p data-start="664" data-end="731">fomentar l’autonomia, el treball cooperatiu i el pensament crític</p>
</li>
<li data-start="732" data-end="788">
<p data-start="734" data-end="788">augmentar la motivació i el sentit de l’aprenentatge</p>
</li>
</ul>
<p data-start="790" data-end="960">Aprendre per projectes ajuda l’alumnat a entendre <strong data-start="840" data-end="857">per què aprèn</strong> i <strong data-start="860" data-end="896">per a què serveix allò que aprèn</strong>, afavorint un aprenentatge més profund, significatiu i durador.</p>

<p>Què són els projectes educatius i per què els utilitzem? Els projectes educatius són una manera d’aprendre que posa l’alumnat al centre del procés d’ensenyament-aprenentatge. A través de situacions reals i significatives, els alumnes investiguen, experimenten, creen i reflexionen per construir el coneixement de manera activa. A l’Institut La Mallola, utilitzem els projectes perquè permeten: [&hellip;]</p>
