{"id":4777,"date":"2025-02-18T14:51:15","date_gmt":"2025-02-18T13:51:15","guid":{"rendered":"https:\/\/agora.xtec.cat\/ieslamallola\/?page_id=4777"},"modified":"2026-01-16T12:42:45","modified_gmt":"2026-01-16T11:42:45","slug":"historia-i-trets-didentitat","status":"publish","type":"page","link":"https:\/\/agora.xtec.cat\/ieslamallola\/linstitut\/historia-i-trets-didentitat\/","title":{"rendered":"Hist\u00f2ria i trets d&#8217;identitat"},"content":{"rendered":"<p><span style=\"color: #000000;\">L\u2019institut La Mallola \u00e9s un institut d\u2019educaci\u00f3 secund\u00e0ria ubicat a Esplugues de Llobregat. El seu nom, <em>La Mallola,<\/em>\u00a0ve donat de la zona on est\u00e0 situat l\u2019institut. Un \u201cmallol\u201d \u00e9s una zona de cultiu de vinyes petites i joves.<\/span><\/p>\n<p><span style=\"color: #000000;\">L\u2019Institut va comen\u00e7ar el curs 1984-1985 amb el nom Esplugues II com una extensi\u00f3 de l\u2019Institut Joanot Martorell. Aleshores ocupava un edifici i uns barracons propietat de l\u2019escola Garb\u00ed situats al darrera de l\u2019institut Joanot Martorell.<\/span><\/p>\n<p><span style=\"color: #000000;\">Va comen\u00e7ar amb 10 grups de primer de BUP i durant dos cursos tot el professorat va ser inter\u00ed o en comissi\u00f3 de serveis. El curs 1986-1987 hi va haver concurs de trasllats i la plantilla de l\u2019institut es va consolidar.<\/span><\/p>\n<p><span style=\"color: #000000;\">Durant el segon trimestre del curs 1990-1991 es va fer el trasllat de l\u2019institut al nou edifici on es troba en la actualitat. Encara que la zona est\u00e0 urbanitzada, tenim el privilegi d\u2019estar rodejats d\u2019un parc i de zones verdes.<\/span><\/p>\n<p><span style=\"color: #000000;\">Actualment comptem amb m\u00e9s de 50 professors, i gaireb\u00e9 600 alumnes.<\/span><\/p>\n<p lang=\"en-US\" align=\"left\"><strong><span style=\"color: #333399;\">A LA MALLOLA, FORMEM PERSONES!<\/span><\/strong><\/p>\n<p lang=\"en-US\" align=\"left\">Un centre comprom\u00e8s en el desenvolupament integral dels joves per\u00a0dotar-los de les eines necess\u00e0ries per al seu futur. Treballem valors com\u00a0l\u2019esfor\u00e7, const\u00e0ncia, cooperaci\u00f3, integraci\u00f3, respecte, civisme, esperit cr\u00edtic,\u00a0salut i empatia, necessaris per al seu \u00e8xit educatiu, personal i social.<\/p>\n<p><span style=\"color: #333399;\"><strong>L&#8217;ALUMNAT, AL CENTRE DEL PROC\u00c9S<\/strong><\/span><\/p>\n<ul>\n<li><span style=\"color: #000000;\">Menys de 25 alumnes per grup per oferir una atenci\u00f3 m\u00e9s personalitzada<\/span><\/li>\n<li><span style=\"color: #000000;\">Diversifiquem metodologies i entorns d&#8217;aprenentatge per ajudar a l&#8217;alumnat a identificar els seus interessos i motivacions<\/span><\/li>\n<li><span style=\"color: #000000;\">Adaptaci\u00f3 als diferents ritmes d\u2019aprenentatge amb activitats espec\u00edfiques d\u2019aprofundiment i<\/span><br \/>\n<span style=\"color: #000000;\">consolidaci\u00f3<\/span><\/li>\n<li><span style=\"color: #000000;\">Educaci\u00f3 com a tasca conjunta: escola-fam\u00edlies<\/span><\/li>\n<\/ul>\n<p><strong><span style=\"color: #333399;\">VALORS QUE FOMENTEM<\/span><\/strong><\/p>\n<p>Donem un espai i temps espec\u00edfic per treballar:<\/p>\n<ul>\n<li>La solidaritat i la toler\u00e0ncia<\/li>\n<li>La capacitat cr\u00edtica<\/li>\n<li lang=\"en-US\">El comprom\u00eds social i medio-ambiental<\/li>\n<li lang=\"en-US\">La capacitat de treball en equip<\/li>\n<li lang=\"en-US\">El sentiment d&#8217;identitat i pertinen\u00e7a<\/li>\n<li lang=\"en-US\">L&#8217;arrelament al territori i la co\u0140laboraci\u00f3 amb\u00a0entitats de la ciutat<\/li>\n<li lang=\"en-US\">L\u2019\u00fas responsable de les eines digitals: combinem\u00a0els llibres en paper amb els llibres digitals<\/li>\n<li lang=\"en-US\">Les relacions sanes i positives: l\u2019institut, un espai\u00a0lliure de m\u00f2bils<\/li>\n<\/ul>\n<p class=\"western\" lang=\"en-US\" align=\"left\"><strong><span style=\"color: #333399;\"><span style=\"font-family: FAQJRC+DM Sans Bold, serif;\"><span style=\"font-size: medium;\">L&#8217;INSTITUT:<\/span><\/span> <span style=\"font-family: FAQJRC+DM Sans Bold, serif;\"><span style=\"font-size: medium;\">ESPAI<\/span><\/span> <span style=\"font-family: FAQJRC+DM Sans Bold, serif;\"><span style=\"font-size: medium;\">DE<\/span><\/span> <span style=\"font-family: FAQJRC+DM Sans Bold, serif;\"><span style=\"font-size: medium;\">CONVIV\u00c8NCIA<\/span><\/span><\/span><\/strong><\/p>\n<ul>\n<li lang=\"en-US\">Comissi\u00f3 de solidaritat i conviv\u00e8ncia<\/li>\n<li lang=\"en-US\">Espai de di\u00e0leg i t\u00e8cniques restauratives<\/li>\n<li lang=\"en-US\">Projecte <strong>Llibertat, igualtat i minories<\/strong><\/li>\n<li lang=\"en-US\">Projecte <strong>Problem\u00e0tiques Socials<\/strong>, <strong>Lliga de debat<\/strong>.<\/li>\n<li lang=\"en-US\">Sortides i activitats de cohesi\u00f3 de grup<\/li>\n<li lang=\"en-US\">Pla d\u2019acci\u00f3 tutorial: Tallers tem\u00e0tics de salut, de\u00a0respecte a la diversitat, d\u2019orientaci\u00f3 acad\u00e8mica i\u00a0necessitats pr\u00f2pies de l\u2019etapa evolutiva<\/li>\n<li lang=\"en-US\"><strong>Projecte pati<\/strong>: Accions de millora de l\u2019espai pati amb\u00a0col\u00b7laboraci\u00f3 de les fam\u00edlies<\/li>\n<\/ul>\n","protected":false},"excerpt":{"rendered":"<p>L\u2019institut La Mallola \u00e9s un institut d\u2019educaci\u00f3 secund\u00e0ria ubicat a Esplugues de Llobregat. El seu nom, La Mallola,\u00a0ve donat de la zona on est\u00e0 situat l\u2019institut. Un \u201cmallol\u201d \u00e9s una zona de cultiu de vinyes petites i joves. L\u2019Institut va comen\u00e7ar el curs 1984-1985 amb el nom Esplugues II com una extensi\u00f3 de l\u2019Institut Joanot [&hellip;]<\/p>\n","protected":false},"author":1,"featured_media":0,"parent":19,"menu_order":0,"comment_status":"closed","ping_status":"closed","template":"","meta":{"_bbp_topic_count":0,"_bbp_reply_count":0,"_bbp_total_topic_count":0,"_bbp_total_reply_count":0,"_bbp_voice_count":0,"_bbp_anonymous_reply_count":0,"_bbp_topic_count_hidden":0,"_bbp_reply_count_hidden":0,"_bbp_forum_subforum_count":0,"site-sidebar-layout":"default","site-content-layout":"","ast-site-content-layout":"default","site-content-style":"default","site-sidebar-style":"default","ast-global-header-display":"","ast-banner-title-visibility":"","ast-main-header-display":"","ast-hfb-above-header-display":"","ast-hfb-below-header-display":"","ast-hfb-mobile-header-display":"","site-post-title":"","ast-breadcrumbs-content":"","ast-featured-img":"","footer-sml-layout":"","theme-transparent-header-meta":"","adv-header-id-meta":"","stick-header-meta":"","header-above-stick-meta":"","header-main-stick-meta":"","header-below-stick-meta":"","astra-migrate-meta-layouts":"set","ast-page-background-enabled":"default","ast-page-background-meta":{"desktop":{"background-color":"var(--ast-global-color-4)","background-image":"","background-repeat":"repeat","background-position":"center center","background-size":"auto","background-attachment":"scroll","background-type":"","background-media":"","overlay-type":"","overlay-color":"","overlay-opacity":"","overlay-gradient":""},"tablet":{"background-color":"","background-image":"","background-repeat":"repeat","background-position":"center center","background-size":"auto","background-attachment":"scroll","background-type":"","background-media":"","overlay-type":"","overlay-color":"","overlay-opacity":"","overlay-gradient":""},"mobile":{"background-color":"","background-image":"","background-repeat":"repeat","background-position":"center center","background-size":"auto","background-attachment":"scroll","background-type":"","background-media":"","overlay-type":"","overlay-color":"","overlay-opacity":"","overlay-gradient":""}},"ast-content-background-meta":{"desktop":{"background-color":"var(--ast-global-color-5)","background-image":"","background-repeat":"repeat","background-position":"center center","background-size":"auto","background-attachment":"scroll","background-type":"","background-media":"","overlay-type":"","overlay-color":"","overlay-opacity":"","overlay-gradient":""},"tablet":{"background-color":"var(--ast-global-color-5)","background-image":"","background-repeat":"repeat","background-position":"center center","background-size":"auto","background-attachment":"scroll","background-type":"","background-media":"","overlay-type":"","overlay-color":"","overlay-opacity":"","overlay-gradient":""},"mobile":{"background-color":"var(--ast-global-color-5)","background-image":"","background-repeat":"repeat","background-position":"center center","background-size":"auto","background-attachment":"scroll","background-type":"","background-media":"","overlay-type":"","overlay-color":"","overlay-opacity":"","overlay-gradient":""}},"footnotes":""},"class_list":["post-4777","page","type-page","status-publish","hentry"],"post_mailing_queue_ids":[],"_links":{"self":[{"href":"https:\/\/agora.xtec.cat\/ieslamallola\/wp-json\/wp\/v2\/pages\/4777","targetHints":{"allow":["GET"]}}],"collection":[{"href":"https:\/\/agora.xtec.cat\/ieslamallola\/wp-json\/wp\/v2\/pages"}],"about":[{"href":"https:\/\/agora.xtec.cat\/ieslamallola\/wp-json\/wp\/v2\/types\/page"}],"author":[{"embeddable":true,"href":"https:\/\/agora.xtec.cat\/ieslamallola\/wp-json\/wp\/v2\/users\/1"}],"replies":[{"embeddable":true,"href":"https:\/\/agora.xtec.cat\/ieslamallola\/wp-json\/wp\/v2\/comments?post=4777"}],"version-history":[{"count":2,"href":"https:\/\/agora.xtec.cat\/ieslamallola\/wp-json\/wp\/v2\/pages\/4777\/revisions"}],"predecessor-version":[{"id":5104,"href":"https:\/\/agora.xtec.cat\/ieslamallola\/wp-json\/wp\/v2\/pages\/4777\/revisions\/5104"}],"up":[{"embeddable":true,"href":"https:\/\/agora.xtec.cat\/ieslamallola\/wp-json\/wp\/v2\/pages\/19"}],"wp:attachment":[{"href":"https:\/\/agora.xtec.cat\/ieslamallola\/wp-json\/wp\/v2\/media?parent=4777"}],"curies":[{"name":"wp","href":"https:\/\/api.w.org\/{rel}","templated":true}]}}

Història i trets d&#8217;identitat

<p><span style="color: #000000;">L’institut La Mallola és un institut d’educació secundària ubicat a Esplugues de Llobregat. El seu nom, <em>La Mallola,</em> ve donat de la zona on està situat l’institut. Un “mallol” és una zona de cultiu de vinyes petites i joves.</span></p>
<p><span style="color: #000000;">L’Institut va començar el curs 1984-1985 amb el nom Esplugues II com una extensió de l’Institut Joanot Martorell. Aleshores ocupava un edifici i uns barracons propietat de l’escola Garbí situats al darrera de l’institut Joanot Martorell.</span></p>
<p><span style="color: #000000;">Va començar amb 10 grups de primer de BUP i durant dos cursos tot el professorat va ser interí o en comissió de serveis. El curs 1986-1987 hi va haver concurs de trasllats i la plantilla de l’institut es va consolidar.</span></p>
<p><span style="color: #000000;">Durant el segon trimestre del curs 1990-1991 es va fer el trasllat de l’institut al nou edifici on es troba en la actualitat. Encara que la zona està urbanitzada, tenim el privilegi d’estar rodejats d’un parc i de zones verdes.</span></p>
<p><span style="color: #000000;">Actualment comptem amb més de 50 professors, i gairebé 600 alumnes.</span></p>
<p lang="en-US" align="left"><strong><span style="color: #333399;">A LA MALLOLA, FORMEM PERSONES!</span></strong></p>
<p lang="en-US" align="left">Un centre compromès en el desenvolupament integral dels joves per dotar-los de les eines necessàries per al seu futur. Treballem valors com l’esforç, constància, cooperació, integració, respecte, civisme, esperit crític, salut i empatia, necessaris per al seu èxit educatiu, personal i social.</p>
<p><span style="color: #333399;"><strong>L&#8217;ALUMNAT, AL CENTRE DEL PROCÉS</strong></span></p>
<ul>
<li><span style="color: #000000;">Menys de 25 alumnes per grup per oferir una atenció més personalitzada</span></li>
<li><span style="color: #000000;">Diversifiquem metodologies i entorns d&#8217;aprenentatge per ajudar a l&#8217;alumnat a identificar els seus interessos i motivacions</span></li>
<li><span style="color: #000000;">Adaptació als diferents ritmes d’aprenentatge amb activitats específiques d’aprofundiment i</span><br />
<span style="color: #000000;">consolidació</span></li>
<li><span style="color: #000000;">Educació com a tasca conjunta: escola-famílies</span></li>
</ul>
<p><strong><span style="color: #333399;">VALORS QUE FOMENTEM</span></strong></p>
<p>Donem un espai i temps específic per treballar:</p>
<ul>
<li>La solidaritat i la tolerància</li>
<li>La capacitat crítica</li>
<li lang="en-US">El compromís social i medio-ambiental</li>
<li lang="en-US">La capacitat de treball en equip</li>
<li lang="en-US">El sentiment d&#8217;identitat i pertinença</li>
<li lang="en-US">L&#8217;arrelament al territori i la coŀlaboració amb entitats de la ciutat</li>
<li lang="en-US">L’ús responsable de les eines digitals: combinem els llibres en paper amb els llibres digitals</li>
<li lang="en-US">Les relacions sanes i positives: l’institut, un espai lliure de mòbils</li>
</ul>
<p class="western" lang="en-US" align="left"><strong><span style="color: #333399;"><span style="font-family: FAQJRC+DM Sans Bold, serif;"><span style="font-size: medium;">L&#8217;INSTITUT:</span></span> <span style="font-family: FAQJRC+DM Sans Bold, serif;"><span style="font-size: medium;">ESPAI</span></span> <span style="font-family: FAQJRC+DM Sans Bold, serif;"><span style="font-size: medium;">DE</span></span> <span style="font-family: FAQJRC+DM Sans Bold, serif;"><span style="font-size: medium;">CONVIVÈNCIA</span></span></span></strong></p>
<ul>
<li lang="en-US">Comissió de solidaritat i convivència</li>
<li lang="en-US">Espai de diàleg i tècniques restauratives</li>
<li lang="en-US">Projecte <strong>Llibertat, igualtat i minories</strong></li>
<li lang="en-US">Projecte <strong>Problemàtiques Socials</strong>, <strong>Lliga de debat</strong>.</li>
<li lang="en-US">Sortides i activitats de cohesió de grup</li>
<li lang="en-US">Pla d’acció tutorial: Tallers temàtics de salut, de respecte a la diversitat, d’orientació acadèmica i necessitats pròpies de l’etapa evolutiva</li>
<li lang="en-US"><strong>Projecte pati</strong>: Accions de millora de l’espai pati amb col·laboració de les famílies</li>
</ul>

<p>L’institut La Mallola és un institut d’educació secundària ubicat a Esplugues de Llobregat. El seu nom, La Mallola, ve donat de la zona on està situat l’institut. Un “mallol” és una zona de cultiu de vinyes petites i joves. L’Institut va començar el curs 1984-1985 amb el nom Esplugues II com una extensió de l’Institut Joanot [&hellip;]</p>
