{"id":4411,"date":"2024-02-06T11:00:35","date_gmt":"2024-02-06T10:00:35","guid":{"rendered":"https:\/\/agora.xtec.cat\/ieslamallola\/?page_id=4411"},"modified":"2026-01-26T13:41:29","modified_gmt":"2026-01-26T12:41:29","slug":"viatges","status":"publish","type":"page","link":"https:\/\/agora.xtec.cat\/ieslamallola\/viatges\/","title":{"rendered":"Viatges"},"content":{"rendered":"<h2 style=\"text-align: center;\" data-start=\"113\" data-end=\"145\"><\/h2>\n<p data-start=\"147\" data-end=\"429\">A l\u2019<span class=\"hover:entity-accent entity-underline inline cursor-pointer align-baseline\"><span class=\"whitespace-normal\">Institut La Mallola<\/span><\/span> entenem els viatges com una part fonamental del creixement personal i educatiu de l\u2019alumnat. Sortir de l\u2019aula, compartir temps i espais diferents i conviure amb els companys permet aprendre d\u2019una manera vivencial, significativa i memorable.<\/p>\n<p data-start=\"431\" data-end=\"748\">A <strong data-start=\"433\" data-end=\"450\">1r i 2n d\u2019ESO<\/strong>, l\u2019alumnat realitza <strong data-start=\"471\" data-end=\"526\">sortides de curta durada (2 nits) dins de Catalunya<\/strong>, que esdevenen el marc ideal per dur a terme el <strong data-start=\"575\" data-end=\"597\">treball de s\u00edntesi<\/strong>. Aquestes estades permeten treballar continguts de manera globalitzada, fomentar l\u2019autonomia i iniciar-se en la conviv\u00e8ncia fora de l\u2019entorn habitual.<\/p>\n<p data-start=\"750\" data-end=\"1013\">A <strong data-start=\"752\" data-end=\"769\">3r i 4t d\u2019ESO<\/strong>, els viatges passen a tenir una dimensi\u00f3 m\u00e9s \u00e0mplia amb <strong data-start=\"826\" data-end=\"862\">estades internacionals de 4 nits<\/strong>, que obren l\u2019alumnat a noves cultures, lleng\u00fces i realitats. Aquests viatges reforcen l\u2019esperit cr\u00edtic, la mirada oberta al m\u00f3n i la cohesi\u00f3 del grup.<\/p>\n<p data-start=\"1015\" data-end=\"1249\">M\u00e9s enll\u00e0 del dest\u00ed, viatjar amb l\u2019institut significa <strong data-start=\"1069\" data-end=\"1160\">aprendre a conviure, compartir responsabilitats, crear vincles i cr\u00e9ixer com a persones<\/strong>, convertint cada experi\u00e8ncia en un record educatiu que va molt m\u00e9s enll\u00e0 del curr\u00edculum.<\/p>\n","protected":false},"excerpt":{"rendered":"<p>A l\u2019Institut La Mallola entenem els viatges com una part fonamental del creixement personal i educatiu de l\u2019alumnat. Sortir de l\u2019aula, compartir temps i espais diferents i conviure amb els companys permet aprendre d\u2019una manera vivencial, significativa i memorable. A 1r i 2n d\u2019ESO, l\u2019alumnat realitza sortides de curta durada (2 nits) dins de Catalunya, [&hellip;]<\/p>\n","protected":false},"author":1,"featured_media":0,"parent":0,"menu_order":0,"comment_status":"closed","ping_status":"closed","template":"","meta":{"_bbp_topic_count":0,"_bbp_reply_count":0,"_bbp_total_topic_count":0,"_bbp_total_reply_count":0,"_bbp_voice_count":0,"_bbp_anonymous_reply_count":0,"_bbp_topic_count_hidden":0,"_bbp_reply_count_hidden":0,"_bbp_forum_subforum_count":0,"site-sidebar-layout":"default","site-content-layout":"","ast-site-content-layout":"default","site-content-style":"default","site-sidebar-style":"default","ast-global-header-display":"","ast-banner-title-visibility":"","ast-main-header-display":"","ast-hfb-above-header-display":"","ast-hfb-below-header-display":"","ast-hfb-mobile-header-display":"","site-post-title":"","ast-breadcrumbs-content":"","ast-featured-img":"","footer-sml-layout":"","theme-transparent-header-meta":"default","adv-header-id-meta":"","stick-header-meta":"","header-above-stick-meta":"","header-main-stick-meta":"","header-below-stick-meta":"","astra-migrate-meta-layouts":"set","ast-page-background-enabled":"default","ast-page-background-meta":{"desktop":{"background-color":"var(--ast-global-color-4)","background-image":"","background-repeat":"repeat","background-position":"center center","background-size":"auto","background-attachment":"scroll","background-type":"","background-media":"","overlay-type":"","overlay-color":"","overlay-opacity":"","overlay-gradient":""},"tablet":{"background-color":"","background-image":"","background-repeat":"repeat","background-position":"center center","background-size":"auto","background-attachment":"scroll","background-type":"","background-media":"","overlay-type":"","overlay-color":"","overlay-opacity":"","overlay-gradient":""},"mobile":{"background-color":"","background-image":"","background-repeat":"repeat","background-position":"center center","background-size":"auto","background-attachment":"scroll","background-type":"","background-media":"","overlay-type":"","overlay-color":"","overlay-opacity":"","overlay-gradient":""}},"ast-content-background-meta":{"desktop":{"background-color":"var(--ast-global-color-5)","background-image":"","background-repeat":"repeat","background-position":"center center","background-size":"auto","background-attachment":"scroll","background-type":"","background-media":"","overlay-type":"","overlay-color":"","overlay-opacity":"","overlay-gradient":""},"tablet":{"background-color":"var(--ast-global-color-5)","background-image":"","background-repeat":"repeat","background-position":"center center","background-size":"auto","background-attachment":"scroll","background-type":"","background-media":"","overlay-type":"","overlay-color":"","overlay-opacity":"","overlay-gradient":""},"mobile":{"background-color":"var(--ast-global-color-5)","background-image":"","background-repeat":"repeat","background-position":"center center","background-size":"auto","background-attachment":"scroll","background-type":"","background-media":"","overlay-type":"","overlay-color":"","overlay-opacity":"","overlay-gradient":""}},"footnotes":""},"class_list":["post-4411","page","type-page","status-publish","hentry"],"post_mailing_queue_ids":[],"_links":{"self":[{"href":"https:\/\/agora.xtec.cat\/ieslamallola\/wp-json\/wp\/v2\/pages\/4411","targetHints":{"allow":["GET"]}}],"collection":[{"href":"https:\/\/agora.xtec.cat\/ieslamallola\/wp-json\/wp\/v2\/pages"}],"about":[{"href":"https:\/\/agora.xtec.cat\/ieslamallola\/wp-json\/wp\/v2\/types\/page"}],"author":[{"embeddable":true,"href":"https:\/\/agora.xtec.cat\/ieslamallola\/wp-json\/wp\/v2\/users\/1"}],"replies":[{"embeddable":true,"href":"https:\/\/agora.xtec.cat\/ieslamallola\/wp-json\/wp\/v2\/comments?post=4411"}],"version-history":[{"count":5,"href":"https:\/\/agora.xtec.cat\/ieslamallola\/wp-json\/wp\/v2\/pages\/4411\/revisions"}],"predecessor-version":[{"id":5233,"href":"https:\/\/agora.xtec.cat\/ieslamallola\/wp-json\/wp\/v2\/pages\/4411\/revisions\/5233"}],"wp:attachment":[{"href":"https:\/\/agora.xtec.cat\/ieslamallola\/wp-json\/wp\/v2\/media?parent=4411"}],"curies":[{"name":"wp","href":"https:\/\/api.w.org\/{rel}","templated":true}]}}

<h2 style="text-align: center;" data-start="113" data-end="145"></h2>
<p data-start="147" data-end="429">A l’<span class="hover:entity-accent entity-underline inline cursor-pointer align-baseline"><span class="whitespace-normal">Institut La Mallola</span></span> entenem els viatges com una part fonamental del creixement personal i educatiu de l’alumnat. Sortir de l’aula, compartir temps i espais diferents i conviure amb els companys permet aprendre d’una manera vivencial, significativa i memorable.</p>
<p data-start="431" data-end="748">A <strong data-start="433" data-end="450">1r i 2n d’ESO</strong>, l’alumnat realitza <strong data-start="471" data-end="526">sortides de curta durada (2 nits) dins de Catalunya</strong>, que esdevenen el marc ideal per dur a terme el <strong data-start="575" data-end="597">treball de síntesi</strong>. Aquestes estades permeten treballar continguts de manera globalitzada, fomentar l’autonomia i iniciar-se en la convivència fora de l’entorn habitual.</p>
<p data-start="750" data-end="1013">A <strong data-start="752" data-end="769">3r i 4t d’ESO</strong>, els viatges passen a tenir una dimensió més àmplia amb <strong data-start="826" data-end="862">estades internacionals de 4 nits</strong>, que obren l’alumnat a noves cultures, llengües i realitats. Aquests viatges reforcen l’esperit crític, la mirada oberta al món i la cohesió del grup.</p>
<p data-start="1015" data-end="1249">Més enllà del destí, viatjar amb l’institut significa <strong data-start="1069" data-end="1160">aprendre a conviure, compartir responsabilitats, crear vincles i créixer com a persones</strong>, convertint cada experiència en un record educatiu que va molt més enllà del currículum.</p>
