{"id":4357,"date":"2024-02-06T10:03:17","date_gmt":"2024-02-06T09:03:17","guid":{"rendered":"https:\/\/agora.xtec.cat\/ieslamallola\/?page_id=4357"},"modified":"2026-03-10T12:35:40","modified_gmt":"2026-03-10T11:35:40","slug":"professorat-en-practiques-mupf","status":"publish","type":"page","link":"https:\/\/agora.xtec.cat\/ieslamallola\/professorat-en-practiques-mupf\/","title":{"rendered":"Professorat en pr\u00e0ctiques MUFPS"},"content":{"rendered":"<p><em><strong>El centre, comprom\u00e8s amb la formaci\u00f3 inicial docent<\/strong><\/em><\/p>\n\n\n<p><em>El nostre centre forma part de la xarxa de centres formadors MUFPS des del curs 2022-2023. Des d\u2019aleshores, treballem per millorar l\u2019acompanyament dels estudiants en pr\u00e0ctiques i consolidar-nos com a centre de refer\u00e8ncia en la formaci\u00f3 inicial docent.<\/em><\/p>\n\n\n\n<p><em>Aquest curs, dins de l\u2019itinerari formatiu del Programa, l\u2019equip impulsor ha participat en diferents actuacions formatives, com la Jornada de Millora del Pr\u00e0cticum MUFPS sobre la mentoria de pr\u00e0ctiques en el centre formador, un cicle de confer\u00e8ncies del Dr. Marc Clar\u00e0 sobre la pr\u00e0ctica deliberada i l\u2019aprenentatge per a la reflexi\u00f3, i una visita formativa a l\u2019Institut Manuel de Cabanyes de Vilanova i la Geltr\u00fa, centre formador de refer\u00e8ncia.<\/em><\/p>\n\n\n\n<p><em>Aquestes actuacions ens permeten continuar avan\u00e7ant en la millora de la mentoria, la reflexi\u00f3 sobre la pr\u00e0ctica docent i la connexi\u00f3 entre teoria i pr\u00e0ctica.<\/em><\/p>\n\n\n\n<p><em>Actualment, el centre acull 9 estudiants en pr\u00e0ctiques del MUFPS de diferents especialitats: Ci\u00e8ncies Socials, Matem\u00e0tiques, Tecnologia, Lleng\u00fces Estrangeres (Angl\u00e8s i Alemany) i Orientaci\u00f3 Educativa.<\/em><\/p>\n\n\n\n<p><em>Aquesta tasca refor\u00e7a el comprom\u00eds del centre amb la formaci\u00f3 de futurs docents i amb la millora cont\u00ednua de la pr\u00e0ctica educativa.<\/em><\/p>\n\n\n\n<figure class=\"wp-block-image aligncenter size-large is-resized\"><a href=\"https:\/\/agora.xtec.cat\/ieslamallola\/wp-content\/uploads\/usu515\/2026\/03\/IMG_9978_1-1-scaled.jpeg\"><img loading=\"lazy\" decoding=\"async\" width=\"1024\" height=\"768\" src=\"https:\/\/agora.xtec.cat\/ieslamallola\/wp-content\/uploads\/usu515\/2026\/03\/IMG_9978_1-1-1024x768.jpeg\" alt=\"\" class=\"wp-image-5362\" style=\"width:469px;height:auto\" srcset=\"https:\/\/agora.xtec.cat\/ieslamallola\/wp-content\/uploads\/usu515\/2026\/03\/IMG_9978_1-1-1024x768.jpeg 1024w, https:\/\/agora.xtec.cat\/ieslamallola\/wp-content\/uploads\/usu515\/2026\/03\/IMG_9978_1-1-300x225.jpeg 300w, https:\/\/agora.xtec.cat\/ieslamallola\/wp-content\/uploads\/usu515\/2026\/03\/IMG_9978_1-1-768x576.jpeg 768w, https:\/\/agora.xtec.cat\/ieslamallola\/wp-content\/uploads\/usu515\/2026\/03\/IMG_9978_1-1-1536x1152.jpeg 1536w, https:\/\/agora.xtec.cat\/ieslamallola\/wp-content\/uploads\/usu515\/2026\/03\/IMG_9978_1-1-2048x1536.jpeg 2048w\" sizes=\"auto, (max-width: 1024px) 100vw, 1024px\" \/><\/a><figcaption class=\"wp-element-caption\">Visita als centres formadors<\/figcaption><\/figure>\n\n\n\n<div class=\"wp-block-getwid-images-slider has-arrows-inside has-dots-inside has-images-center has-cropped-images\"><div class=\"wp-block-getwid-images-slider__wrapper\" data-effect=\"slide\" data-slides-show=\"1\" data-slides-show-laptop=\"1\" data-slides-show-tablet=\"1\" data-slides-show-mobile=\"1\" data-slides-scroll=\"1\" data-autoplay=\"false\" data-pause-hover=\"false\" data-autoplay-speed=\"6000\" data-infinite=\"true\" data-animation-speed=\"800\" data-center-mode=\"false\" data-variable-width=\"false\" data-arrows=\"inside\" data-dots=\"inside\" data-spacing=\"none\"><\/div><\/div>\n\n\n\n<p><\/p>\n","protected":false},"excerpt":{"rendered":"<p>El centre, comprom\u00e8s amb la formaci\u00f3 inicial docent El nostre centre forma part de la xarxa de centres formadors MUFPS des del curs 2022-2023. Des d\u2019aleshores, treballem per millorar l\u2019acompanyament dels estudiants en pr\u00e0ctiques i consolidar-nos com a centre de refer\u00e8ncia en la formaci\u00f3 inicial docent. Aquest curs, dins de l\u2019itinerari formatiu del Programa, l\u2019equip [&hellip;]<\/p>\n","protected":false},"author":1,"featured_media":0,"parent":0,"menu_order":0,"comment_status":"closed","ping_status":"closed","template":"","meta":{"_bbp_topic_count":0,"_bbp_reply_count":0,"_bbp_total_topic_count":0,"_bbp_total_reply_count":0,"_bbp_voice_count":0,"_bbp_anonymous_reply_count":0,"_bbp_topic_count_hidden":0,"_bbp_reply_count_hidden":0,"_bbp_forum_subforum_count":0,"site-sidebar-layout":"default","site-content-layout":"","ast-site-content-layout":"default","site-content-style":"default","site-sidebar-style":"default","ast-global-header-display":"","ast-banner-title-visibility":"","ast-main-header-display":"","ast-hfb-above-header-display":"","ast-hfb-below-header-display":"","ast-hfb-mobile-header-display":"","site-post-title":"","ast-breadcrumbs-content":"","ast-featured-img":"","footer-sml-layout":"","theme-transparent-header-meta":"","adv-header-id-meta":"","stick-header-meta":"","header-above-stick-meta":"","header-main-stick-meta":"","header-below-stick-meta":"","astra-migrate-meta-layouts":"set","ast-page-background-enabled":"default","ast-page-background-meta":{"desktop":{"background-color":"var(--ast-global-color-4)","background-image":"","background-repeat":"repeat","background-position":"center center","background-size":"auto","background-attachment":"scroll","background-type":"","background-media":"","overlay-type":"","overlay-color":"","overlay-opacity":"","overlay-gradient":""},"tablet":{"background-color":"","background-image":"","background-repeat":"repeat","background-position":"center center","background-size":"auto","background-attachment":"scroll","background-type":"","background-media":"","overlay-type":"","overlay-color":"","overlay-opacity":"","overlay-gradient":""},"mobile":{"background-color":"","background-image":"","background-repeat":"repeat","background-position":"center center","background-size":"auto","background-attachment":"scroll","background-type":"","background-media":"","overlay-type":"","overlay-color":"","overlay-opacity":"","overlay-gradient":""}},"ast-content-background-meta":{"desktop":{"background-color":"var(--ast-global-color-5)","background-image":"","background-repeat":"repeat","background-position":"center center","background-size":"auto","background-attachment":"scroll","background-type":"","background-media":"","overlay-type":"","overlay-color":"","overlay-opacity":"","overlay-gradient":""},"tablet":{"background-color":"var(--ast-global-color-5)","background-image":"","background-repeat":"repeat","background-position":"center center","background-size":"auto","background-attachment":"scroll","background-type":"","background-media":"","overlay-type":"","overlay-color":"","overlay-opacity":"","overlay-gradient":""},"mobile":{"background-color":"var(--ast-global-color-5)","background-image":"","background-repeat":"repeat","background-position":"center center","background-size":"auto","background-attachment":"scroll","background-type":"","background-media":"","overlay-type":"","overlay-color":"","overlay-opacity":"","overlay-gradient":""}},"footnotes":""},"class_list":["post-4357","page","type-page","status-publish","hentry"],"post_mailing_queue_ids":[],"_links":{"self":[{"href":"https:\/\/agora.xtec.cat\/ieslamallola\/wp-json\/wp\/v2\/pages\/4357","targetHints":{"allow":["GET"]}}],"collection":[{"href":"https:\/\/agora.xtec.cat\/ieslamallola\/wp-json\/wp\/v2\/pages"}],"about":[{"href":"https:\/\/agora.xtec.cat\/ieslamallola\/wp-json\/wp\/v2\/types\/page"}],"author":[{"embeddable":true,"href":"https:\/\/agora.xtec.cat\/ieslamallola\/wp-json\/wp\/v2\/users\/1"}],"replies":[{"embeddable":true,"href":"https:\/\/agora.xtec.cat\/ieslamallola\/wp-json\/wp\/v2\/comments?post=4357"}],"version-history":[{"count":5,"href":"https:\/\/agora.xtec.cat\/ieslamallola\/wp-json\/wp\/v2\/pages\/4357\/revisions"}],"predecessor-version":[{"id":5366,"href":"https:\/\/agora.xtec.cat\/ieslamallola\/wp-json\/wp\/v2\/pages\/4357\/revisions\/5366"}],"wp:attachment":[{"href":"https:\/\/agora.xtec.cat\/ieslamallola\/wp-json\/wp\/v2\/media?parent=4357"}],"curies":[{"name":"wp","href":"https:\/\/api.w.org\/{rel}","templated":true}]}}

Professorat en pràctiques MUFPS

<p><em><strong>El centre, compromès amb la formació inicial docent</strong></em></p>


<p><em>El nostre centre forma part de la xarxa de centres formadors MUFPS des del curs 2022-2023. Des d’aleshores, treballem per millorar l’acompanyament dels estudiants en pràctiques i consolidar-nos com a centre de referència en la formació inicial docent.</em></p>



<p><em>Aquest curs, dins de l’itinerari formatiu del Programa, l’equip impulsor ha participat en diferents actuacions formatives, com la Jornada de Millora del Pràcticum MUFPS sobre la mentoria de pràctiques en el centre formador, un cicle de conferències del Dr. Marc Clarà sobre la pràctica deliberada i l’aprenentatge per a la reflexió, i una visita formativa a l’Institut Manuel de Cabanyes de Vilanova i la Geltrú, centre formador de referència.</em></p>



<p><em>Aquestes actuacions ens permeten continuar avançant en la millora de la mentoria, la reflexió sobre la pràctica docent i la connexió entre teoria i pràctica.</em></p>



<p><em>Actualment, el centre acull 9 estudiants en pràctiques del MUFPS de diferents especialitats: Ciències Socials, Matemàtiques, Tecnologia, Llengües Estrangeres (Anglès i Alemany) i Orientació Educativa.</em></p>



<p><em>Aquesta tasca reforça el compromís del centre amb la formació de futurs docents i amb la millora contínua de la pràctica educativa.</em></p>



<figure class="wp-block-image aligncenter size-large is-resized"><a href="https://agora.xtec.cat/ieslamallola/wp-content/uploads/usu515/2026/03/IMG_9978_1-1-scaled.jpeg"><img loading="lazy" decoding="async" width="1024" height="768" src="https://agora.xtec.cat/ieslamallola/wp-content/uploads/usu515/2026/03/IMG_9978_1-1-1024x768.jpeg" alt="" class="wp-image-5362" style="width:469px;height:auto" srcset="https://agora.xtec.cat/ieslamallola/wp-content/uploads/usu515/2026/03/IMG_9978_1-1-1024x768.jpeg 1024w, https://agora.xtec.cat/ieslamallola/wp-content/uploads/usu515/2026/03/IMG_9978_1-1-300x225.jpeg 300w, https://agora.xtec.cat/ieslamallola/wp-content/uploads/usu515/2026/03/IMG_9978_1-1-768x576.jpeg 768w, https://agora.xtec.cat/ieslamallola/wp-content/uploads/usu515/2026/03/IMG_9978_1-1-1536x1152.jpeg 1536w, https://agora.xtec.cat/ieslamallola/wp-content/uploads/usu515/2026/03/IMG_9978_1-1-2048x1536.jpeg 2048w" sizes="auto, (max-width: 1024px) 100vw, 1024px" /></a><figcaption class="wp-element-caption">Visita als centres formadors</figcaption></figure>



<div class="wp-block-getwid-images-slider has-arrows-inside has-dots-inside has-images-center has-cropped-images"><div class="wp-block-getwid-images-slider__wrapper" data-effect="slide" data-slides-show="1" data-slides-show-laptop="1" data-slides-show-tablet="1" data-slides-show-mobile="1" data-slides-scroll="1" data-autoplay="false" data-pause-hover="false" data-autoplay-speed="6000" data-infinite="true" data-animation-speed="800" data-center-mode="false" data-variable-width="false" data-arrows="inside" data-dots="inside" data-spacing="none"></div></div>



<p></p>

<p>El centre, compromès amb la formació inicial docent El nostre centre forma part de la xarxa de centres formadors MUFPS des del curs 2022-2023. Des d’aleshores, treballem per millorar l’acompanyament dels estudiants en pràctiques i consolidar-nos com a centre de referència en la formació inicial docent. Aquest curs, dins de l’itinerari formatiu del Programa, l’equip [&hellip;]</p>
