{"id":3914,"date":"2023-01-31T14:10:51","date_gmt":"2023-01-31T13:10:51","guid":{"rendered":"https:\/\/agora.xtec.cat\/ieslamallola\/?page_id=3914"},"modified":"2023-03-14T14:43:38","modified_gmt":"2023-03-14T13:43:38","slug":"diagnosi","status":"publish","type":"page","link":"https:\/\/agora.xtec.cat\/ieslamallola\/estrategia-digital-de-centre\/estrategia-digital\/diagnosi\/","title":{"rendered":"Diagnosi"},"content":{"rendered":"<p>A l&#8217;institut La Mallola vam realitzar la diagnosi de l\u2019EDC a partir de l\u2019enquesta SELFIE (\u201creflexi\u00f3 personal sobre un aprenentatge efectiu mitjan\u00e7ant el foment de la innovaci\u00f3 a trav\u00e9s de tecnologies educatives\u201d, per les sigles en angl\u00e8s). SELFIE \u00e9s una eina gratu\u00efta dissenyada per ajudar als centres educatius a integrar les tecnologies digitals a l\u2019ensenyament, l&#8217;aprenentatge i l&#8217;avaluaci\u00f3. T\u00e9 una base s\u00f2lida d\u2019investigaci\u00f3 i s\u2019ha desenvolupat a partir del <a href=\"https:\/\/publications.jrc.ec.europa.eu\/repository\/\" target=\"_blank\" rel=\"noopener\">marc de la Comissi\u00f3 Europea relatiu a la promoci\u00f3 de l\u2019aprenentatge en l\u2019era digital a les institucions educatives<\/a>.<\/p>\n<p>SELFIE recull, de forma an\u00f2nima, les opinions de l\u2019alumnat, el professorat i l\u2019equip directiu sobre la manera com es fan servir les tecnologies al centre educatiu. Per fer-ho, es fan servir afirmacions i preguntes breus amb una escala simple de l\u20191 al 5 per respondre. A partir de la informaci\u00f3 recollida mitjan\u00e7ant aquestes preguntes, l\u2019eina genera un informe, com si fos una instant\u00e0nia (una autofoto) dels punts forts i febles del centre educatiu a l\u2019hora de fer servir les tecnologies.<\/p>\n<p>L\u2019enquesta es va passar entre alumnat, professorat i equip directiu l&#8217;octubre de 2022 i de l&#8217;an\u00e0lisi dels resultats n&#8217;hem extret les seg\u00fcents conclusions:<\/p>\n<p><strong>Punts forts detectats<\/strong><\/p>\n<ul>\n<li>A3: Noves modalitats d&#8217;ensenyament<\/li>\n<li>C2: Dispositius digitals per a l&#8217;ensenyament<\/li>\n<li>C3: Acc\u00e9s a Internet<\/li>\n<li>E1: Recursos educatius en l\u00ednia<\/li>\n<li>E3: \u00das d&#8217;entorns virtuals d&#8217;aprenentatge<\/li>\n<li>E4: Comunicaci\u00f3 amb la comunitat educativa<\/li>\n<\/ul>\n<p><strong>Punts a millorar analitzats<\/strong><\/p>\n<ul>\n<li>D1: Necessitats de formaci\u00f3 permanent<\/li>\n<li>D3: Intercanvi d&#8217;experi\u00e8ncies<\/li>\n<li>B1: Avaluaci\u00f3 del progr\u00e9s<\/li>\n<li>B2: Debat sobre l&#8217;\u00fas de la tecnologia<\/li>\n<li>G6: Comentaris a d&#8217;altres alumnes sobre el seu treball<\/li>\n<li>H4: Verificar la qualitat de la informaci\u00f3<\/li>\n<\/ul>\n","protected":false},"excerpt":{"rendered":"<p>A l&#8217;institut La Mallola vam realitzar la diagnosi de l\u2019EDC a partir de l\u2019enquesta SELFIE (\u201creflexi\u00f3 personal sobre un aprenentatge efectiu mitjan\u00e7ant el foment de la innovaci\u00f3 a trav\u00e9s de tecnologies educatives\u201d, per les sigles en angl\u00e8s). SELFIE \u00e9s una eina gratu\u00efta dissenyada per ajudar als centres educatius a integrar les tecnologies digitals a l\u2019ensenyament, [&hellip;]<\/p>\n","protected":false},"author":1,"featured_media":0,"parent":3861,"menu_order":0,"comment_status":"closed","ping_status":"closed","template":"page-templates\/side-menu.php","meta":{"_bbp_topic_count":0,"_bbp_reply_count":0,"_bbp_total_topic_count":0,"_bbp_total_reply_count":0,"_bbp_voice_count":0,"_bbp_anonymous_reply_count":0,"_bbp_topic_count_hidden":0,"_bbp_reply_count_hidden":0,"_bbp_forum_subforum_count":0,"site-sidebar-layout":"default","site-content-layout":"","ast-site-content-layout":"","site-content-style":"default","site-sidebar-style":"default","ast-global-header-display":"","ast-banner-title-visibility":"","ast-main-header-display":"","ast-hfb-above-header-display":"","ast-hfb-below-header-display":"","ast-hfb-mobile-header-display":"","site-post-title":"","ast-breadcrumbs-content":"","ast-featured-img":"","footer-sml-layout":"","theme-transparent-header-meta":"","adv-header-id-meta":"","stick-header-meta":"","header-above-stick-meta":"","header-main-stick-meta":"","header-below-stick-meta":"","astra-migrate-meta-layouts":"default","ast-page-background-enabled":"default","ast-page-background-meta":{"desktop":{"background-color":"var(--ast-global-color-4)","background-image":"","background-repeat":"repeat","background-position":"center center","background-size":"auto","background-attachment":"scroll","background-type":"","background-media":"","overlay-type":"","overlay-color":"","overlay-opacity":"","overlay-gradient":""},"tablet":{"background-color":"","background-image":"","background-repeat":"repeat","background-position":"center center","background-size":"auto","background-attachment":"scroll","background-type":"","background-media":"","overlay-type":"","overlay-color":"","overlay-opacity":"","overlay-gradient":""},"mobile":{"background-color":"","background-image":"","background-repeat":"repeat","background-position":"center center","background-size":"auto","background-attachment":"scroll","background-type":"","background-media":"","overlay-type":"","overlay-color":"","overlay-opacity":"","overlay-gradient":""}},"ast-content-background-meta":{"desktop":{"background-color":"var(--ast-global-color-5)","background-image":"","background-repeat":"repeat","background-position":"center center","background-size":"auto","background-attachment":"scroll","background-type":"","background-media":"","overlay-type":"","overlay-color":"","overlay-opacity":"","overlay-gradient":""},"tablet":{"background-color":"var(--ast-global-color-5)","background-image":"","background-repeat":"repeat","background-position":"center center","background-size":"auto","background-attachment":"scroll","background-type":"","background-media":"","overlay-type":"","overlay-color":"","overlay-opacity":"","overlay-gradient":""},"mobile":{"background-color":"var(--ast-global-color-5)","background-image":"","background-repeat":"repeat","background-position":"center center","background-size":"auto","background-attachment":"scroll","background-type":"","background-media":"","overlay-type":"","overlay-color":"","overlay-opacity":"","overlay-gradient":""}},"footnotes":""},"class_list":["post-3914","page","type-page","status-publish","hentry"],"post_mailing_queue_ids":[],"_links":{"self":[{"href":"https:\/\/agora.xtec.cat\/ieslamallola\/wp-json\/wp\/v2\/pages\/3914","targetHints":{"allow":["GET"]}}],"collection":[{"href":"https:\/\/agora.xtec.cat\/ieslamallola\/wp-json\/wp\/v2\/pages"}],"about":[{"href":"https:\/\/agora.xtec.cat\/ieslamallola\/wp-json\/wp\/v2\/types\/page"}],"author":[{"embeddable":true,"href":"https:\/\/agora.xtec.cat\/ieslamallola\/wp-json\/wp\/v2\/users\/1"}],"replies":[{"embeddable":true,"href":"https:\/\/agora.xtec.cat\/ieslamallola\/wp-json\/wp\/v2\/comments?post=3914"}],"version-history":[{"count":3,"href":"https:\/\/agora.xtec.cat\/ieslamallola\/wp-json\/wp\/v2\/pages\/3914\/revisions"}],"predecessor-version":[{"id":3952,"href":"https:\/\/agora.xtec.cat\/ieslamallola\/wp-json\/wp\/v2\/pages\/3914\/revisions\/3952"}],"up":[{"embeddable":true,"href":"https:\/\/agora.xtec.cat\/ieslamallola\/wp-json\/wp\/v2\/pages\/3861"}],"wp:attachment":[{"href":"https:\/\/agora.xtec.cat\/ieslamallola\/wp-json\/wp\/v2\/media?parent=3914"}],"curies":[{"name":"wp","href":"https:\/\/api.w.org\/{rel}","templated":true}]}}