{"id":636,"date":"2020-07-12T20:33:42","date_gmt":"2020-07-12T18:33:42","guid":{"rendered":"https:\/\/agora.xtec.cat\/ieslallauna\/?page_id=636"},"modified":"2023-11-29T08:11:03","modified_gmt":"2023-11-29T07:11:03","slug":"professorat","status":"publish","type":"page","link":"https:\/\/agora.xtec.cat\/ieslallauna\/professorat\/","title":{"rendered":"N\u00favol del Professorat"},"content":{"rendered":"<table style=\"height: 585px; width: 63.4584%; border-style: none; border-color: #000000;\">\n<tbody>\n<tr style=\"height: 61px;\">\n<td style=\"width: 60px; border-style: none; height: 61px;\"><a href=\"https:\/\/agora.xtec.cat\/ieslallauna\/wp-content\/uploads\/usu21\/2021\/09\/moodle.jpg\"><img loading=\"lazy\" decoding=\"async\" class=\"alignnone size-thumbnail wp-image-2010\" src=\"https:\/\/agora.xtec.cat\/ieslallauna\/wp-content\/uploads\/usu21\/2021\/09\/moodle-150x150.jpg\" alt=\"\" width=\"150\" height=\"150\" srcset=\"https:\/\/agora.xtec.cat\/ieslallauna\/wp-content\/uploads\/usu21\/2021\/09\/moodle-150x150.jpg 150w, https:\/\/agora.xtec.cat\/ieslallauna\/wp-content\/uploads\/usu21\/2021\/09\/moodle.jpg 225w\" sizes=\"auto, (max-width: 150px) 100vw, 150px\" \/><\/a><\/td>\n<td style=\"width: 382.963px; border-style: none; height: 61px;\"><a href=\"https:\/\/educaciodigital.cat\/ieslallauna\/moodle\/login\/index.php\" target=\"_blank\" rel=\"noopener\">Moodle La Llauna<\/a> \u00a0 Curs de documentaci\u00f3, informacions digitals, formaci\u00f3<\/td>\n<\/tr>\n<tr style=\"height: 61px;\">\n<td style=\"width: 60px; border-style: none; height: 61px;\"><a href=\"https:\/\/agora.xtec.cat\/ieslallauna\/wp-content\/uploads\/usu21\/2021\/04\/imtlazarus.png\"><img loading=\"lazy\" decoding=\"async\" class=\"alignnone size-thumbnail wp-image-1619\" src=\"https:\/\/agora.xtec.cat\/ieslallauna\/wp-content\/uploads\/usu21\/2021\/04\/imtlazarus-150x150.png\" alt=\"\" width=\"150\" height=\"150\" srcset=\"https:\/\/agora.xtec.cat\/ieslallauna\/wp-content\/uploads\/usu21\/2021\/04\/imtlazarus-150x150.png 150w, https:\/\/agora.xtec.cat\/ieslallauna\/wp-content\/uploads\/usu21\/2021\/04\/imtlazarus.png 225w\" sizes=\"auto, (max-width: 150px) 100vw, 150px\" \/><\/a><\/td>\n<td style=\"width: 382.963px; border-style: none; height: 61px;\"><a href=\"https:\/\/lallauna.imtlazarus.com\/lazarus\" target=\"_blank\" rel=\"noopener\">IMTLazarus\u00a0<\/a> \u00a0 \u00a0Acc\u00e9s del professorat<\/td>\n<\/tr>\n<tr style=\"height: 58px;\">\n<td style=\"width: 60px; height: 58px; border-style: none;\"><a href=\"https:\/\/agora.xtec.cat\/ieslallauna\/wp-content\/uploads\/usu21\/2020\/10\/ieduca.jpg\"><img loading=\"lazy\" decoding=\"async\" class=\"alignnone wp-image-686\" src=\"https:\/\/agora.xtec.cat\/ieslallauna\/wp-content\/uploads\/usu21\/2020\/10\/ieduca-150x150.jpg\" alt=\"\" width=\"40\" height=\"40\" \/><\/a><\/td>\n<td style=\"width: 382.963px; height: 58px; border-style: none;\"><a href=\"https:\/\/ieduca.com\/ca\/\" target=\"_blank\" rel=\"noopener noreferrer\">ieduca \u00a0 \u00a0 <\/a>Gesti\u00f3 del centre i comunicaci\u00f3 amb les fam\u00edlies<\/td>\n<\/tr>\n<tr style=\"height: 61px;\">\n<td style=\"width: 60px; border-style: none; height: 61px;\"><a href=\"https:\/\/agora.xtec.cat\/ieslallauna\/wp-content\/uploads\/usu21\/2020\/10\/portalcentre-icon.png\"><img loading=\"lazy\" decoding=\"async\" class=\"alignnone size-full wp-image-680\" src=\"https:\/\/agora.xtec.cat\/ieslallauna\/wp-content\/uploads\/usu21\/2020\/10\/portalcentre-icon.png\" alt=\"\" width=\"60\" height=\"60\" \/><\/a><\/td>\n<td style=\"width: 382.963px; border-style: none; height: 61px;\"><a href=\"https:\/\/inici.espai.educacio.gencat.cat\/\" target=\"_blank\" rel=\"noopener noreferrer\">Portal de centre<\/a>. Atri, avaluaci\u00f3, e-Valisa<\/td>\n<\/tr>\n<tr style=\"height: 56px;\">\n<td style=\"width: 60px; border-style: none; height: 56px;\"><a href=\"https:\/\/agora.xtec.cat\/ieslallauna\/wp-content\/uploads\/usu21\/2022\/09\/riscoslaborals.jpg\"><img loading=\"lazy\" decoding=\"async\" class=\"alignnone size-thumbnail wp-image-2968\" src=\"https:\/\/agora.xtec.cat\/ieslallauna\/wp-content\/uploads\/usu21\/2022\/09\/riscoslaborals-150x130.jpg\" alt=\"\" width=\"150\" height=\"130\" \/><\/a><\/td>\n<td style=\"width: 382.963px; border-style: none; height: 56px;\"><a href=\"https:\/\/agora.xtec.cat\/ieslallauna\/coordinacio-prevencio-de-riscos-laborals\/\" target=\"_blank\" rel=\"noopener\">Riscos Laborals<\/a>\u00a0 \u00a0Pla d&#8217;evacuaci\u00f3 i confinament La Llauna<\/td>\n<\/tr>\n<tr style=\"height: 71px;\">\n<td style=\"width: 60px; height: 29px; border-style: none;\"><a href=\"https:\/\/agora.xtec.cat\/ieslallauna\/wp-content\/uploads\/usu21\/2020\/10\/lamevaxtec-icon.png\"><img loading=\"lazy\" decoding=\"async\" class=\"alignnone wp-image-679\" src=\"https:\/\/agora.xtec.cat\/ieslallauna\/wp-content\/uploads\/usu21\/2020\/10\/lamevaxtec-icon.png\" alt=\"\" width=\"52\" height=\"33\" \/><\/a><\/td>\n<td style=\"width: 382.963px; height: 29px; border-style: none;\"><a href=\"http:\/\/xtec.gencat.cat\/ca\/la-meva-xtec\/\" target=\"_blank\" rel=\"noopener noreferrer\">La meva xtec<\/a><\/td>\n<\/tr>\n<tr style=\"height: 54px;\">\n<td style=\"width: 60px; height: 54px; border-style: none;\"><a href=\"https:\/\/agora.xtec.cat\/ieslallauna\/wp-content\/uploads\/usu21\/2020\/10\/odissea.png\"><img loading=\"lazy\" decoding=\"async\" class=\"alignnone size-full wp-image-687\" src=\"https:\/\/agora.xtec.cat\/ieslallauna\/wp-content\/uploads\/usu21\/2020\/10\/odissea.png\" alt=\"\" width=\"130\" height=\"86\" \/><\/a><\/td>\n<td style=\"width: 382.963px; height: 54px; border-style: none;\"><a href=\"https:\/\/odissea.xtec.cat\/\" target=\"_blank\" rel=\"noopener noreferrer\">Odissea \u00a0 \u00a0 \u00a0\u00a0 <\/a>Entorn virtual de formaci\u00f3<\/td>\n<\/tr>\n<tr style=\"height: 58px;\">\n<td style=\"width: 60px; height: 58px; border-style: none;\"><a href=\"https:\/\/agora.xtec.cat\/ieslallauna\/wp-content\/uploads\/usu21\/2020\/10\/xtec-icon.png\"><img loading=\"lazy\" decoding=\"async\" class=\"alignnone size-full wp-image-681\" src=\"https:\/\/agora.xtec.cat\/ieslallauna\/wp-content\/uploads\/usu21\/2020\/10\/xtec-icon.png\" alt=\"\" width=\"63\" height=\"48\" \/><\/a><\/td>\n<td style=\"width: 382.963px; height: 58px; border-style: none;\"><a href=\"http:\/\/xtec.gencat.cat\/ca\/inici\" target=\"_blank\" rel=\"noopener noreferrer\">Xarxa Telem\u00e0tica de Catalunya<\/a><\/td>\n<\/tr>\n<tr style=\"height: 33px;\">\n<td style=\"width: 60px; height: 10px; border-style: none;\"><a href=\"https:\/\/agora.xtec.cat\/ieslallauna\/wp-content\/uploads\/usu21\/2020\/10\/arc.jpg\"><img loading=\"lazy\" decoding=\"async\" class=\"alignnone size-thumbnail wp-image-688\" src=\"https:\/\/agora.xtec.cat\/ieslallauna\/wp-content\/uploads\/usu21\/2020\/10\/arc-150x68.jpg\" alt=\"\" width=\"150\" height=\"68\" \/><\/a><\/td>\n<td style=\"width: 382.963px; height: 10px; border-style: none;\"><a href=\"https:\/\/apliense.xtec.cat\/arc\/cercador\">ARC \u00a0 \u00a0 \u00a0 \u00a0<\/a>Recursos Educatius<\/td>\n<\/tr>\n<tr style=\"height: 33px;\">\n<td style=\"width: 60px; height: 10px; border-style: none;\"><a href=\"https:\/\/agora.xtec.cat\/ieslallauna\/wp-content\/uploads\/usu21\/2021\/09\/alexandria.jpg\"><img loading=\"lazy\" decoding=\"async\" class=\"alignnone size-thumbnail wp-image-2014\" src=\"https:\/\/agora.xtec.cat\/ieslallauna\/wp-content\/uploads\/usu21\/2021\/09\/alexandria-150x60.jpg\" alt=\"\" width=\"150\" height=\"60\" \/><\/a><\/td>\n<td style=\"width: 382.963px; height: 10px; border-style: none;\">\u00a0\u00a0<a href=\"https:\/\/alexandria.xtec.cat\/\" target=\"_blank\" rel=\"noopener\">Alexandria\u00a0\u00a0\u00a0 <\/a>Recursos educatius preparats per importar al Moodle del centre<\/td>\n<\/tr>\n<tr style=\"height: 38px;\">\n<td style=\"width: 60px; height: 38px; border-style: none;\"><a href=\"https:\/\/agora.xtec.cat\/ieslallauna\/wp-content\/uploads\/usu21\/2021\/09\/edu365.jpg\"><img loading=\"lazy\" decoding=\"async\" class=\"alignnone size-thumbnail wp-image-2016\" src=\"https:\/\/agora.xtec.cat\/ieslallauna\/wp-content\/uploads\/usu21\/2021\/09\/edu365-150x66.jpg\" alt=\"\" width=\"150\" height=\"66\" \/><\/a><\/td>\n<td style=\"width: 382.963px; height: 38px; border-style: none;\"><a href=\"https:\/\/edu365.cat\/eso\/angles\/index.html\" target=\"_blank\" rel=\"noopener\">Edu365\u00a0<\/a>\u00a0 Plataforma de recursos educatius en l\u00ednia<\/td>\n<\/tr>\n<\/tbody>\n<\/table>\n","protected":false},"excerpt":{"rendered":"<p>Moodle La Llauna \u00a0 Curs de documentaci\u00f3, informacions digitals, formaci\u00f3 IMTLazarus\u00a0 \u00a0 \u00a0Acc\u00e9s del professorat ieduca \u00a0 \u00a0 Gesti\u00f3 del centre i comunicaci\u00f3 amb les fam\u00edlies Portal de centre. Atri, avaluaci\u00f3, e-Valisa Riscos Laborals\u00a0 \u00a0Pla d&#8217;evacuaci\u00f3 i confinament La Llauna La meva xtec Odissea \u00a0 \u00a0 \u00a0\u00a0 Entorn virtual de formaci\u00f3 Xarxa Telem\u00e0tica de Catalunya [&hellip;]<\/p>\n","protected":false},"author":3,"featured_media":0,"parent":0,"menu_order":0,"comment_status":"closed","ping_status":"closed","template":"","meta":{"_bbp_topic_count":0,"_bbp_reply_count":0,"_bbp_total_topic_count":0,"_bbp_total_reply_count":0,"_bbp_voice_count":0,"_bbp_anonymous_reply_count":0,"_bbp_topic_count_hidden":0,"_bbp_reply_count_hidden":0,"_bbp_forum_subforum_count":0,"site-sidebar-layout":"default","site-content-layout":"","ast-site-content-layout":"","site-content-style":"default","site-sidebar-style":"default","ast-global-header-display":"","ast-banner-title-visibility":"","ast-main-header-display":"","ast-hfb-above-header-display":"","ast-hfb-below-header-display":"","ast-hfb-mobile-header-display":"","site-post-title":"","ast-breadcrumbs-content":"","ast-featured-img":"","footer-sml-layout":"","theme-transparent-header-meta":"","adv-header-id-meta":"","stick-header-meta":"","header-above-stick-meta":"","header-main-stick-meta":"","header-below-stick-meta":"","astra-migrate-meta-layouts":"default","ast-page-background-enabled":"default","ast-page-background-meta":{"desktop":{"background-color":"var(--ast-global-color-4)","background-image":"","background-repeat":"repeat","background-position":"center center","background-size":"auto","background-attachment":"scroll","background-type":"","background-media":"","overlay-type":"","overlay-color":"","overlay-opacity":"","overlay-gradient":""},"tablet":{"background-color":"","background-image":"","background-repeat":"repeat","background-position":"center center","background-size":"auto","background-attachment":"scroll","background-type":"","background-media":"","overlay-type":"","overlay-color":"","overlay-opacity":"","overlay-gradient":""},"mobile":{"background-color":"","background-image":"","background-repeat":"repeat","background-position":"center center","background-size":"auto","background-attachment":"scroll","background-type":"","background-media":"","overlay-type":"","overlay-color":"","overlay-opacity":"","overlay-gradient":""}},"ast-content-background-meta":{"desktop":{"background-color":"var(--ast-global-color-5)","background-image":"","background-repeat":"repeat","background-position":"center center","background-size":"auto","background-attachment":"scroll","background-type":"","background-media":"","overlay-type":"","overlay-color":"","overlay-opacity":"","overlay-gradient":""},"tablet":{"background-color":"var(--ast-global-color-5)","background-image":"","background-repeat":"repeat","background-position":"center center","background-size":"auto","background-attachment":"scroll","background-type":"","background-media":"","overlay-type":"","overlay-color":"","overlay-opacity":"","overlay-gradient":""},"mobile":{"background-color":"var(--ast-global-color-5)","background-image":"","background-repeat":"repeat","background-position":"center center","background-size":"auto","background-attachment":"scroll","background-type":"","background-media":"","overlay-type":"","overlay-color":"","overlay-opacity":"","overlay-gradient":""}},"footnotes":""},"class_list":["post-636","page","type-page","status-publish","hentry"],"post_mailing_queue_ids":[],"_links":{"self":[{"href":"https:\/\/agora.xtec.cat\/ieslallauna\/wp-json\/wp\/v2\/pages\/636","targetHints":{"allow":["GET"]}}],"collection":[{"href":"https:\/\/agora.xtec.cat\/ieslallauna\/wp-json\/wp\/v2\/pages"}],"about":[{"href":"https:\/\/agora.xtec.cat\/ieslallauna\/wp-json\/wp\/v2\/types\/page"}],"author":[{"embeddable":true,"href":"https:\/\/agora.xtec.cat\/ieslallauna\/wp-json\/wp\/v2\/users\/3"}],"replies":[{"embeddable":true,"href":"https:\/\/agora.xtec.cat\/ieslallauna\/wp-json\/wp\/v2\/comments?post=636"}],"version-history":[{"count":5,"href":"https:\/\/agora.xtec.cat\/ieslallauna\/wp-json\/wp\/v2\/pages\/636\/revisions"}],"predecessor-version":[{"id":3815,"href":"https:\/\/agora.xtec.cat\/ieslallauna\/wp-json\/wp\/v2\/pages\/636\/revisions\/3815"}],"wp:attachment":[{"href":"https:\/\/agora.xtec.cat\/ieslallauna\/wp-json\/wp\/v2\/media?parent=636"}],"curies":[{"name":"wp","href":"https:\/\/api.w.org\/{rel}","templated":true}]}}