{"id":574,"date":"2020-07-09T09:22:23","date_gmt":"2020-07-09T07:22:23","guid":{"rendered":"https:\/\/agora.xtec.cat\/ieslallauna\/?page_id=574"},"modified":"2025-09-25T12:19:18","modified_gmt":"2025-09-25T10:19:18","slug":"convalidacions","status":"publish","type":"page","link":"https:\/\/agora.xtec.cat\/ieslallauna\/secretaria\/convalidacions\/","title":{"rendered":"Convalidacions"},"content":{"rendered":"<h5><strong>Convalidacions curs 2025-2026<br \/>\n<\/strong><\/h5>\n<p>L&#8217;alumnat d&#8217;ESO o Batxillerat que cursa estudis de <b>m\u00fasica<\/b> o <b>dansa<\/b>\u00a0i l&#8217;alumnat amb<b> dedicaci\u00f3 significativa a l&#8217;esport<\/b> pot sol\u00b7licitar una convalidaci\u00f3 de mat\u00e8ries durant els seus estudis al centre.<\/p>\n<p>Us adjuntem les instruccions i la documentaci\u00f3 que cal presentar:<\/p>\n<ul>\n<li><a style=\"font-family: inherit; font-size: 1em;\" href=\"https:\/\/agora.xtec.cat\/ieslallauna\/wp-content\/uploads\/usu21\/2025\/09\/Instruccions-convalidacions-25_26-1.pdf\">Instruccions sobre les convalidacions per al curs 2025\/2026<\/a><\/li>\n<\/ul>\n<div>\n<ul>\n<li><a href=\"https:\/\/agora.xtec.cat\/ieslallauna\/wp-content\/uploads\/usu21\/2025\/09\/Autoritzacio-modificacio-horari-1.pdf\">Autoritzacio\u0301 modificacio\u0301 horaris curs 2025\/2026<\/a><\/li>\n<\/ul>\n<p>&nbsp;<\/p>\n<\/div>\n<div>\n<ul>\n<li><a href=\"https:\/\/drive.google.com\/file\/d\/0B-hw15rIuPfHWHVkTlVqQnhxb1Y5cTE0LXc5Q3FsWGYwOFhZ\/edit?usp=sharing\" target=\"_blank\" rel=\"noopener noreferrer\">Sol\u00b7licitud de reducci\u00f3 de mat\u00e8ries de l&#8217;<b>ESO<\/b> per als alumnes que cursen estudis de\u00a0<b>m\u00fasica<\/b>\u00a0en un conservatori o centre professional o en una escola de m\u00fasica autoritzada. EMU1<\/a><\/li>\n<li><a href=\"https:\/\/drive.google.com\/file\/d\/0B-hw15rIuPfHTkJFZUtZZE1fUERnZlBtTVpTclV3ZjZzWkVn\/edit?usp=sharing\" target=\"_blank\" rel=\"noopener noreferrer\">Sol\u00b7licitud de reducci\u00f3 de mat\u00e8ries de l&#8217;<b>ESO<\/b> per als alumnes que cursen estudis de <b>dansa<\/b> en un conservatori o en un centre professional o en una escola de dansa autoritzada. EDA1<\/a><\/li>\n<li><a href=\"https:\/\/agora.xtec.cat\/ieslallauna\/wp-content\/uploads\/usu21\/2021\/09\/DEDICACIO-ESPORT-ESO.pdf\" target=\"_blank\" rel=\"noopener\">Alumnat amb dedicaci\u00f3 significativa a l&#8217;esport (<strong>ESO<\/strong>)<\/a><\/li>\n<\/ul>\n<p>&nbsp;<\/p>\n<ul>\n<li><a href=\"https:\/\/agora.xtec.cat\/ieslallauna\/wp-content\/uploads\/usu21\/2025\/09\/Sollicitud-reconeixement-materies-batxillerat.pdf\">Sol\u00b7licitud de reconeixement mate\u0300ries de la franja d&#8217;optatives i\/o de l&#8217;Educaci\u00f3 F\u00edsica de <strong>batxillerat<\/strong> als alumnes amb dedicaci\u00f3 significativa a l&#8217;esport.<\/a><\/li>\n<li><a href=\"https:\/\/agora.xtec.cat\/ieslallauna\/wp-content\/uploads\/usu21\/2021\/09\/MUSICA-BATXILLERAT-BMU1.pdf\" target=\"_blank\" rel=\"noopener\">Sol\u00b7licitud de reducci\u00f3 de mat\u00e8ries de la franja d&#8217;optativitat i\/o d&#8217;una mat\u00e8ria de modalitat de <b>batxillerat<\/b> basant-se en estudis de m\u00fasica en un conservatori o en un centre professional. BMU1<\/a><\/li>\n<li><a href=\"https:\/\/agora.xtec.cat\/ieslallauna\/wp-content\/uploads\/usu21\/2021\/09\/MUSICA-BATXILLERAT-AUT.-BMU3.pdf\" target=\"_blank\" rel=\"noopener\">Sol\u00b7licitud de reducci\u00f3 de mat\u00e8ries de la franja d\u2019optativitat i\/o d\u2019una mat\u00e8ria de\u00a0modalitat de <b>batxillerat <\/b>basant-se en estudis de m\u00fasica en una escola de\u00a0m\u00fasica autoritzada. BMU3<\/a><\/li>\n<li><a href=\"https:\/\/agora.xtec.cat\/ieslallauna\/wp-content\/uploads\/usu21\/2021\/09\/DANSA-BATXILLERAT-BDA1.pdf\" target=\"_blank\" rel=\"noopener\">Sol\u00b7licitud de reducci\u00f3 de mat\u00e8ries de la franja d\u2019optativitat i\/o d\u2019una mat\u00e8ria de\u00a0modalitat i\/o de l\u2019educaci\u00f3 f\u00edsica de <b>batxillerat<\/b> basant-se en estudis de dansa\u00a0en un conservatori o en un centre professional. BDA1<\/a><\/li>\n<li><a href=\"https:\/\/agora.xtec.cat\/ieslallauna\/wp-content\/uploads\/usu21\/2021\/09\/DANSA-BATXILLERAT-AUT.-BD3.pdf\" target=\"_blank\" rel=\"noopener\">Sol\u00b7licitud de reducci\u00f3 de mat\u00e8ries de la franja d\u2019optativitat i\/o d\u2019una mat\u00e8ria de\u00a0modalitat i\/o de l\u2019educaci\u00f3 f\u00edsica de <b>batxillerat<\/b> basant-se en estudis de dansa\u00a0en una escola de dansa autoritzada. BDA3<\/a><\/li>\n<\/ul>\n<\/div>\n<div><\/div>\n","protected":false},"excerpt":{"rendered":"<p>Convalidacions curs 2025-2026 L&#8217;alumnat d&#8217;ESO o Batxillerat que cursa estudis de m\u00fasica o dansa\u00a0i l&#8217;alumnat amb dedicaci\u00f3 significativa a l&#8217;esport pot sol\u00b7licitar una convalidaci\u00f3 de mat\u00e8ries durant els seus estudis al centre. Us adjuntem les instruccions i la documentaci\u00f3 que cal presentar: Instruccions sobre les convalidacions per al curs 2025\/2026 Autoritzacio\u0301 modificacio\u0301 horaris curs 2025\/2026 [&hellip;]<\/p>\n","protected":false},"author":3,"featured_media":0,"parent":566,"menu_order":0,"comment_status":"closed","ping_status":"closed","template":"page-templates\/side-menu.php","meta":{"_bbp_topic_count":0,"_bbp_reply_count":0,"_bbp_total_topic_count":0,"_bbp_total_reply_count":0,"_bbp_voice_count":0,"_bbp_anonymous_reply_count":0,"_bbp_topic_count_hidden":0,"_bbp_reply_count_hidden":0,"_bbp_forum_subforum_count":0,"site-sidebar-layout":"default","site-content-layout":"","ast-site-content-layout":"","site-content-style":"default","site-sidebar-style":"default","ast-global-header-display":"","ast-banner-title-visibility":"","ast-main-header-display":"","ast-hfb-above-header-display":"","ast-hfb-below-header-display":"","ast-hfb-mobile-header-display":"","site-post-title":"","ast-breadcrumbs-content":"","ast-featured-img":"","footer-sml-layout":"","theme-transparent-header-meta":"","adv-header-id-meta":"","stick-header-meta":"","header-above-stick-meta":"","header-main-stick-meta":"","header-below-stick-meta":"","astra-migrate-meta-layouts":"default","ast-page-background-enabled":"default","ast-page-background-meta":{"desktop":{"background-color":"var(--ast-global-color-4)","background-image":"","background-repeat":"repeat","background-position":"center center","background-size":"auto","background-attachment":"scroll","background-type":"","background-media":"","overlay-type":"","overlay-color":"","overlay-opacity":"","overlay-gradient":""},"tablet":{"background-color":"","background-image":"","background-repeat":"repeat","background-position":"center center","background-size":"auto","background-attachment":"scroll","background-type":"","background-media":"","overlay-type":"","overlay-color":"","overlay-opacity":"","overlay-gradient":""},"mobile":{"background-color":"","background-image":"","background-repeat":"repeat","background-position":"center center","background-size":"auto","background-attachment":"scroll","background-type":"","background-media":"","overlay-type":"","overlay-color":"","overlay-opacity":"","overlay-gradient":""}},"ast-content-background-meta":{"desktop":{"background-color":"var(--ast-global-color-5)","background-image":"","background-repeat":"repeat","background-position":"center center","background-size":"auto","background-attachment":"scroll","background-type":"","background-media":"","overlay-type":"","overlay-color":"","overlay-opacity":"","overlay-gradient":""},"tablet":{"background-color":"var(--ast-global-color-5)","background-image":"","background-repeat":"repeat","background-position":"center center","background-size":"auto","background-attachment":"scroll","background-type":"","background-media":"","overlay-type":"","overlay-color":"","overlay-opacity":"","overlay-gradient":""},"mobile":{"background-color":"var(--ast-global-color-5)","background-image":"","background-repeat":"repeat","background-position":"center center","background-size":"auto","background-attachment":"scroll","background-type":"","background-media":"","overlay-type":"","overlay-color":"","overlay-opacity":"","overlay-gradient":""}},"footnotes":""},"class_list":["post-574","page","type-page","status-publish","hentry"],"post_mailing_queue_ids":[],"_links":{"self":[{"href":"https:\/\/agora.xtec.cat\/ieslallauna\/wp-json\/wp\/v2\/pages\/574","targetHints":{"allow":["GET"]}}],"collection":[{"href":"https:\/\/agora.xtec.cat\/ieslallauna\/wp-json\/wp\/v2\/pages"}],"about":[{"href":"https:\/\/agora.xtec.cat\/ieslallauna\/wp-json\/wp\/v2\/types\/page"}],"author":[{"embeddable":true,"href":"https:\/\/agora.xtec.cat\/ieslallauna\/wp-json\/wp\/v2\/users\/3"}],"replies":[{"embeddable":true,"href":"https:\/\/agora.xtec.cat\/ieslallauna\/wp-json\/wp\/v2\/comments?post=574"}],"version-history":[{"count":6,"href":"https:\/\/agora.xtec.cat\/ieslallauna\/wp-json\/wp\/v2\/pages\/574\/revisions"}],"predecessor-version":[{"id":5038,"href":"https:\/\/agora.xtec.cat\/ieslallauna\/wp-json\/wp\/v2\/pages\/574\/revisions\/5038"}],"up":[{"embeddable":true,"href":"https:\/\/agora.xtec.cat\/ieslallauna\/wp-json\/wp\/v2\/pages\/566"}],"wp:attachment":[{"href":"https:\/\/agora.xtec.cat\/ieslallauna\/wp-json\/wp\/v2\/media?parent=574"}],"curies":[{"name":"wp","href":"https:\/\/api.w.org\/{rel}","templated":true}]}}