{"id":5122,"date":"2025-10-08T11:47:07","date_gmt":"2025-10-08T09:47:07","guid":{"rendered":"https:\/\/agora.xtec.cat\/ieslallauna\/?page_id=5122"},"modified":"2026-01-30T12:10:26","modified_gmt":"2026-01-30T11:10:26","slug":"serveis-digitals","status":"publish","type":"page","link":"https:\/\/agora.xtec.cat\/ieslallauna\/serveis\/serveis-digitals\/","title":{"rendered":"Serveis Digitals"},"content":{"rendered":"\n<p>L&#8217;oferta de serveis digitals del centre \u00e9s molt extensa:<\/p>\n\n\n\n<p><strong>Plataformes d&#8217;aprenentatge:<\/strong><\/p>\n\n\n\n<ul class=\"wp-block-list\">\n<li>\n<ul class=\"wp-block-list\">\n<li>\n<ul class=\"wp-block-list\">\n<li>\n<ul class=\"wp-block-list\">\n<li><a href=\"https:\/\/educaciodigital.cat\/ieslallauna\/moodle\/\">MOODLE<\/a><\/li>\n\n\n\n<li><a href=\"https:\/\/classroom.google.com\/\">CLASSROOM<\/a><\/li>\n<\/ul>\n<\/li>\n<\/ul>\n<\/li>\n<\/ul>\n<\/li>\n<\/ul>\n\n\n\n<p><strong>Eines de gesti\u00f3 i control de dispositius educatius:<\/strong><\/p>\n\n\n\n<ul class=\"wp-block-list\">\n<li>\n<ul class=\"wp-block-list\">\n<li>\n<ul class=\"wp-block-list\">\n<li>\n<ul class=\"wp-block-list\">\n<li><a href=\"https:\/\/www.imtlazarus.com\/\">IMT LAZARUS<\/a><\/li>\n<\/ul>\n<\/li>\n<\/ul>\n<\/li>\n<\/ul>\n<\/li>\n<\/ul>\n\n\n\n<p><strong>Plataforma de gesti\u00f3 acad\u00e8mica:<\/strong><\/p>\n\n\n\n<ul class=\"wp-block-list\">\n<li>\n<ul class=\"wp-block-list\">\n<li>\n<ul class=\"wp-block-list\">\n<li>\n<ul class=\"wp-block-list\">\n<li><a href=\"https:\/\/login.ieduca.com\/?centre=inslallauna&amp;modul=base\">IEDUCA. \u00a0 \u00a0 <\/a><\/li>\n<\/ul>\n<\/li>\n<\/ul>\n<\/li>\n<\/ul>\n<\/li>\n<\/ul>\n\n\n\n<figure class=\"wp-block-image\"><a href=\"https:\/\/agora.xtec.cat\/ieslallauna\/wp-content\/uploads\/usu21\/2025\/10\/ieduca.png\"><img loading=\"lazy\" decoding=\"async\" width=\"150\" height=\"150\" src=\"https:\/\/agora.xtec.cat\/ieslallauna\/wp-content\/uploads\/usu21\/2025\/10\/ieduca-150x150.png\" alt=\"\" class=\"wp-image-5132\" srcset=\"https:\/\/agora.xtec.cat\/ieslallauna\/wp-content\/uploads\/usu21\/2025\/10\/ieduca-150x150.png 150w, https:\/\/agora.xtec.cat\/ieslallauna\/wp-content\/uploads\/usu21\/2025\/10\/ieduca.png 240w\" sizes=\"auto, (max-width: 150px) 100vw, 150px\" \/><\/a><\/figure>\n\n\n\n<p><a href=\"https:\/\/login.ieduca.com\/?centre=inslallauna&amp;modul=base\">&nbsp; &nbsp; &nbsp; &nbsp; &nbsp; &nbsp; &nbsp; <\/a><\/p>\n\n\n\n<p>Cliqueu&nbsp;<a href=\"https:\/\/drive.google.com\/file\/d\/1X_j0_vN60lAX5pgZwGD-puldRiQBM7wL\/view\">AQU\u00cd<\/a>&nbsp;per accedir al tutorial de com fer-ho.<\/p>\n\n\n\n<p><strong>Sistema de gesti\u00f3 pagaments i autoritzacions:<\/strong><\/p>\n\n\n\n<ul class=\"wp-block-list\">\n<li>\n<ul class=\"wp-block-list\">\n<li>\n<ul class=\"wp-block-list\">\n<li>\n<ul class=\"wp-block-list\">\n<li><a href=\"https:\/\/www.tpvescola.com\/\">TPVEscola.\u00a0 \u00a0 \u00a0 \u00a0 \u00a0 \u00a0 \u00a0 \u00a0 <\/a><\/li>\n<\/ul>\n<\/li>\n<\/ul>\n<\/li>\n<\/ul>\n<\/li>\n<\/ul>\n\n\n\n<figure class=\"wp-block-image\"><a href=\"https:\/\/agora.xtec.cat\/ieslallauna\/wp-content\/uploads\/usu21\/2025\/10\/unnamed.png\"><img loading=\"lazy\" decoding=\"async\" width=\"150\" height=\"150\" src=\"https:\/\/agora.xtec.cat\/ieslallauna\/wp-content\/uploads\/usu21\/2025\/10\/unnamed-e1759918785165-150x150.png\" alt=\"\" class=\"wp-image-5130\" srcset=\"https:\/\/agora.xtec.cat\/ieslallauna\/wp-content\/uploads\/usu21\/2025\/10\/unnamed-e1759918785165-150x150.png 150w, https:\/\/agora.xtec.cat\/ieslallauna\/wp-content\/uploads\/usu21\/2025\/10\/unnamed-e1759918785165-298x300.png 298w, https:\/\/agora.xtec.cat\/ieslallauna\/wp-content\/uploads\/usu21\/2025\/10\/unnamed-e1759918785165.png 378w\" sizes=\"auto, (max-width: 150px) 100vw, 150px\" \/><\/a><\/figure>\n\n\n\n<p>&nbsp; &nbsp; &nbsp; <\/p>\n\n\n\n<p>Cliqueu&nbsp;<a href=\"https:\/\/drive.google.com\/file\/d\/1jFralR3RwwOKFtAJUDdpHzcyA2pebOxT\/view\">AQU\u00cd&nbsp;<\/a>per accedir al tutorial de com fer-ho.<\/p>\n\n\n\n<p><a href=\"https:\/\/docs.google.com\/document\/d\/14YR-nz6J0pwYmmdp78Ia64Rfe4apslFN\/edit?usp=sharing&amp;ouid=118182643647954208648&amp;rtpof=true&amp;sd=true\" target=\"_blank\" rel=\"noopener\">Entorns digitals oficials de La LLauna. Quins fem servir i per qu\u00e8?<\/a><\/p>\n\n\n\n<p>&nbsp;<\/p>\n","protected":false},"excerpt":{"rendered":"<p>L&#8217;oferta de serveis digitals del centre \u00e9s molt extensa: Plataformes d&#8217;aprenentatge: Eines de gesti\u00f3 i control de dispositius educatius: Plataforma de gesti\u00f3 acad\u00e8mica: &nbsp; &nbsp; &nbsp; &nbsp; &nbsp; &nbsp; &nbsp; Cliqueu&nbsp;AQU\u00cd&nbsp;per accedir al tutorial de com fer-ho. Sistema de gesti\u00f3 pagaments i autoritzacions: &nbsp; &nbsp; &nbsp; Cliqueu&nbsp;AQU\u00cd&nbsp;per accedir al tutorial de com fer-ho. Entorns digitals [&hellip;]<\/p>\n","protected":false},"author":1,"featured_media":0,"parent":5298,"menu_order":15,"comment_status":"closed","ping_status":"closed","template":"","meta":{"_bbp_topic_count":0,"_bbp_reply_count":0,"_bbp_total_topic_count":0,"_bbp_total_reply_count":0,"_bbp_voice_count":0,"_bbp_anonymous_reply_count":0,"_bbp_topic_count_hidden":0,"_bbp_reply_count_hidden":0,"_bbp_forum_subforum_count":0,"site-sidebar-layout":"default","site-content-layout":"","ast-site-content-layout":"default","site-content-style":"default","site-sidebar-style":"default","ast-global-header-display":"","ast-banner-title-visibility":"","ast-main-header-display":"","ast-hfb-above-header-display":"","ast-hfb-below-header-display":"","ast-hfb-mobile-header-display":"","site-post-title":"","ast-breadcrumbs-content":"","ast-featured-img":"","footer-sml-layout":"","theme-transparent-header-meta":"default","adv-header-id-meta":"","stick-header-meta":"","header-above-stick-meta":"","header-main-stick-meta":"","header-below-stick-meta":"","astra-migrate-meta-layouts":"set","ast-page-background-enabled":"default","ast-page-background-meta":{"desktop":{"background-color":"var(--ast-global-color-4)","background-image":"","background-repeat":"repeat","background-position":"center center","background-size":"auto","background-attachment":"scroll","background-type":"","background-media":"","overlay-type":"","overlay-color":"","overlay-opacity":"","overlay-gradient":""},"tablet":{"background-color":"","background-image":"","background-repeat":"repeat","background-position":"center center","background-size":"auto","background-attachment":"scroll","background-type":"","background-media":"","overlay-type":"","overlay-color":"","overlay-opacity":"","overlay-gradient":""},"mobile":{"background-color":"","background-image":"","background-repeat":"repeat","background-position":"center center","background-size":"auto","background-attachment":"scroll","background-type":"","background-media":"","overlay-type":"","overlay-color":"","overlay-opacity":"","overlay-gradient":""}},"ast-content-background-meta":{"desktop":{"background-color":"var(--ast-global-color-5)","background-image":"","background-repeat":"repeat","background-position":"center center","background-size":"auto","background-attachment":"scroll","background-type":"","background-media":"","overlay-type":"","overlay-color":"","overlay-opacity":"","overlay-gradient":""},"tablet":{"background-color":"var(--ast-global-color-5)","background-image":"","background-repeat":"repeat","background-position":"center center","background-size":"auto","background-attachment":"scroll","background-type":"","background-media":"","overlay-type":"","overlay-color":"","overlay-opacity":"","overlay-gradient":""},"mobile":{"background-color":"var(--ast-global-color-5)","background-image":"","background-repeat":"repeat","background-position":"center center","background-size":"auto","background-attachment":"scroll","background-type":"","background-media":"","overlay-type":"","overlay-color":"","overlay-opacity":"","overlay-gradient":""}},"footnotes":""},"class_list":["post-5122","page","type-page","status-publish","hentry"],"post_mailing_queue_ids":[],"_links":{"self":[{"href":"https:\/\/agora.xtec.cat\/ieslallauna\/wp-json\/wp\/v2\/pages\/5122","targetHints":{"allow":["GET"]}}],"collection":[{"href":"https:\/\/agora.xtec.cat\/ieslallauna\/wp-json\/wp\/v2\/pages"}],"about":[{"href":"https:\/\/agora.xtec.cat\/ieslallauna\/wp-json\/wp\/v2\/types\/page"}],"author":[{"embeddable":true,"href":"https:\/\/agora.xtec.cat\/ieslallauna\/wp-json\/wp\/v2\/users\/1"}],"replies":[{"embeddable":true,"href":"https:\/\/agora.xtec.cat\/ieslallauna\/wp-json\/wp\/v2\/comments?post=5122"}],"version-history":[{"count":6,"href":"https:\/\/agora.xtec.cat\/ieslallauna\/wp-json\/wp\/v2\/pages\/5122\/revisions"}],"predecessor-version":[{"id":5196,"href":"https:\/\/agora.xtec.cat\/ieslallauna\/wp-json\/wp\/v2\/pages\/5122\/revisions\/5196"}],"up":[{"embeddable":true,"href":"https:\/\/agora.xtec.cat\/ieslallauna\/wp-json\/wp\/v2\/pages\/5298"}],"wp:attachment":[{"href":"https:\/\/agora.xtec.cat\/ieslallauna\/wp-json\/wp\/v2\/media?parent=5122"}],"curies":[{"name":"wp","href":"https:\/\/api.w.org\/{rel}","templated":true}]}}