{"id":2642,"date":"2022-03-17T18:34:48","date_gmt":"2022-03-17T17:34:48","guid":{"rendered":"https:\/\/agora.xtec.cat\/ieslallauna\/?page_id=2642"},"modified":"2022-04-20T07:45:00","modified_gmt":"2022-04-20T05:45:00","slug":"portes-obertes-batxillerat-curs-2022-2023","status":"publish","type":"page","link":"https:\/\/agora.xtec.cat\/ieslallauna\/portes-obertes-batxillerat-curs-2022-2023\/","title":{"rendered":"Portes Obertes Batxillerat curs 2022-2023"},"content":{"rendered":"<p>La Jornada de Portes Obertes de Batxillerat va tenir lloc dijous 31 de mar\u00e7. Si teniu dubtes, ens podeu escriure a <a href=\"mailto:consultes@lallauna.cat\">consultes@lallauna.cat<\/a><\/p>\n<ul>\n<li><a href=\"https:\/\/agora.xtec.cat\/ieslallauna\/estudis\/batxillerat\/\" target=\"_blank\" rel=\"noopener\">Batxillerat a La Llauna. M\u00e9s informaci\u00f3<\/a><\/li>\n<\/ul>\n<p>La preinscripci\u00f3 al Batxillerat \u00e9s del <strong>20 al 26 d&#8217;abril<\/strong>. M\u00e9s informaci\u00f3 sobre el proc\u00e9s de preinscripci\u00f3 i matr\u00edcula a la <a href=\"https:\/\/agora.xtec.cat\/ieslallauna\/secretaria\/preinscripcio-i-matricula\/\" target=\"_blank\" rel=\"noopener\">p\u00e0gina de secretaria.\u00a0<\/a><\/p>\n<p>Us convidem a seguir-nos al nostre\u00a0<em>Instagram<\/em>\u00a0<a href=\"https:\/\/www.instagram.com\/inslallauna\">@inslallauna,\u00a0<\/a>al nostre\u00a0<em>Twitter<\/em>\u00a0<a href=\"https:\/\/twitter.com\/inslallauna\" target=\"_blank\" rel=\"noopener\">@inslallauna\u00a0<\/a>i\u00a0al\u00a0<a href=\"https:\/\/www.youtube.com\/channel\/UCBK3jqwvOu3c290cxuWdXRw\" target=\"_blank\" rel=\"noopener\">nostre canal de\u00a0<em>Youtube<\/em><\/a><\/p>\n<div class=\"addtoany_share_save_container addtoany_content addtoany_content_bottom\">\n<div class=\"a2a_kit a2a_kit_size_25 addtoany_list\" data-a2a-url=\"https:\/\/agora.xtec.cat\/ieslallauna\/portes-obertes-batxibac-curs-2022-2023\/\" data-a2a-title=\"Portes Obertes Batxibac curs 2022-2023\"><\/div>\n<\/div>\n","protected":false},"excerpt":{"rendered":"<p>La Jornada de Portes Obertes de Batxillerat va tenir lloc dijous 31 de mar\u00e7. Si teniu dubtes, ens podeu escriure a consultes@lallauna.cat Batxillerat a La Llauna. M\u00e9s informaci\u00f3 La preinscripci\u00f3 al Batxillerat \u00e9s del 20 al 26 d&#8217;abril. M\u00e9s informaci\u00f3 sobre el proc\u00e9s de preinscripci\u00f3 i matr\u00edcula a la p\u00e0gina de secretaria.\u00a0 Us convidem a [&hellip;]<\/p>\n","protected":false},"author":1,"featured_media":0,"parent":0,"menu_order":0,"comment_status":"closed","ping_status":"closed","template":"","meta":{"_bbp_topic_count":0,"_bbp_reply_count":0,"_bbp_total_topic_count":0,"_bbp_total_reply_count":0,"_bbp_voice_count":0,"_bbp_anonymous_reply_count":0,"_bbp_topic_count_hidden":0,"_bbp_reply_count_hidden":0,"_bbp_forum_subforum_count":0,"site-sidebar-layout":"default","site-content-layout":"","ast-site-content-layout":"","site-content-style":"default","site-sidebar-style":"default","ast-global-header-display":"","ast-banner-title-visibility":"","ast-main-header-display":"","ast-hfb-above-header-display":"","ast-hfb-below-header-display":"","ast-hfb-mobile-header-display":"","site-post-title":"","ast-breadcrumbs-content":"","ast-featured-img":"","footer-sml-layout":"","theme-transparent-header-meta":"","adv-header-id-meta":"","stick-header-meta":"","header-above-stick-meta":"","header-main-stick-meta":"","header-below-stick-meta":"","astra-migrate-meta-layouts":"default","ast-page-background-enabled":"default","ast-page-background-meta":{"desktop":{"background-color":"var(--ast-global-color-4)","background-image":"","background-repeat":"repeat","background-position":"center center","background-size":"auto","background-attachment":"scroll","background-type":"","background-media":"","overlay-type":"","overlay-color":"","overlay-opacity":"","overlay-gradient":""},"tablet":{"background-color":"","background-image":"","background-repeat":"repeat","background-position":"center center","background-size":"auto","background-attachment":"scroll","background-type":"","background-media":"","overlay-type":"","overlay-color":"","overlay-opacity":"","overlay-gradient":""},"mobile":{"background-color":"","background-image":"","background-repeat":"repeat","background-position":"center center","background-size":"auto","background-attachment":"scroll","background-type":"","background-media":"","overlay-type":"","overlay-color":"","overlay-opacity":"","overlay-gradient":""}},"ast-content-background-meta":{"desktop":{"background-color":"var(--ast-global-color-5)","background-image":"","background-repeat":"repeat","background-position":"center center","background-size":"auto","background-attachment":"scroll","background-type":"","background-media":"","overlay-type":"","overlay-color":"","overlay-opacity":"","overlay-gradient":""},"tablet":{"background-color":"var(--ast-global-color-5)","background-image":"","background-repeat":"repeat","background-position":"center center","background-size":"auto","background-attachment":"scroll","background-type":"","background-media":"","overlay-type":"","overlay-color":"","overlay-opacity":"","overlay-gradient":""},"mobile":{"background-color":"var(--ast-global-color-5)","background-image":"","background-repeat":"repeat","background-position":"center center","background-size":"auto","background-attachment":"scroll","background-type":"","background-media":"","overlay-type":"","overlay-color":"","overlay-opacity":"","overlay-gradient":""}},"footnotes":""},"class_list":["post-2642","page","type-page","status-publish","hentry"],"post_mailing_queue_ids":[],"_links":{"self":[{"href":"https:\/\/agora.xtec.cat\/ieslallauna\/wp-json\/wp\/v2\/pages\/2642","targetHints":{"allow":["GET"]}}],"collection":[{"href":"https:\/\/agora.xtec.cat\/ieslallauna\/wp-json\/wp\/v2\/pages"}],"about":[{"href":"https:\/\/agora.xtec.cat\/ieslallauna\/wp-json\/wp\/v2\/types\/page"}],"author":[{"embeddable":true,"href":"https:\/\/agora.xtec.cat\/ieslallauna\/wp-json\/wp\/v2\/users\/1"}],"replies":[{"embeddable":true,"href":"https:\/\/agora.xtec.cat\/ieslallauna\/wp-json\/wp\/v2\/comments?post=2642"}],"version-history":[{"count":4,"href":"https:\/\/agora.xtec.cat\/ieslallauna\/wp-json\/wp\/v2\/pages\/2642\/revisions"}],"predecessor-version":[{"id":2781,"href":"https:\/\/agora.xtec.cat\/ieslallauna\/wp-json\/wp\/v2\/pages\/2642\/revisions\/2781"}],"wp:attachment":[{"href":"https:\/\/agora.xtec.cat\/ieslallauna\/wp-json\/wp\/v2\/media?parent=2642"}],"curies":[{"name":"wp","href":"https:\/\/api.w.org\/{rel}","templated":true}]}}