{"id":1642,"date":"2021-04-24T13:15:20","date_gmt":"2021-04-24T11:15:20","guid":{"rendered":"https:\/\/agora.xtec.cat\/ieslallauna\/?page_id=1642"},"modified":"2025-02-25T09:40:04","modified_gmt":"2025-02-25T08:40:04","slug":"modalitats-i-materies","status":"publish","type":"page","link":"https:\/\/agora.xtec.cat\/ieslallauna\/estudis\/batxillerat\/modalitats-i-materies\/","title":{"rendered":"Modalitats i mat\u00e8ries"},"content":{"rendered":"<p><span dir=\"ltr\"><strong>La Llauna ofereix tres modalitats diferents de batxillerat.<\/strong><br \/>\n<\/span><\/p>\n<p>Contacteu-nos si teniu qualsevol dubte. Ens podeu escriure a <a href=\"mailto:consultes@lallauna.cat\" target=\"_blank\" rel=\"noopener\">consultes@lallauna.cat<\/a><\/p>\n<ul>\n<li><a href=\"https:\/\/agora.xtec.cat\/ieslallauna\/portes-obertes-curs-2021-2022-nou-alumnat\/batxibac\/\" target=\"_blank\" rel=\"noopener noreferrer\">Modalitat Batxibac<\/a><\/li>\n<li>Modalitat de Ci\u00e8ncies i Tecnologia<\/li>\n<li>Modalitat de Ci\u00e8ncies Socials i Humanitats<\/li>\n<\/ul>\n<p><span dir=\"ltr\">Hi ha una part comuna a totes les modalitats i una part diversificada, que varia en funci\u00f3 del Batxillerat que es tria. La part diversificada est\u00e0 organitzada verticalment per tal que l&#8217;alumne faci una tria coherent d&#8217;acord amb les modalitats i l&#8217;acc\u00e9s al Grau Universitari.<\/span><\/p>\n<p style=\"text-align: justify;\"><span dir=\"ltr\">Cal tenir present que determinades mat\u00e8ries poden servir per millorar la <strong>nota de la Selectivitat<\/strong> a l&#8217;hora d&#8217;accedir a la universitat. Les mat\u00e8ries que poden millorar nota canvien en funci\u00f3 del Grau Universitari que es vulgui fer. Si l&#8217;alumnat sap quins estudis vol cursar amb posterioritat, conv\u00e9 saber quines mat\u00e8ries ponderaran m\u00e9s per accedir als estudis superiors. En <a href=\"https:\/\/universitats.gencat.cat\/ca\/preinscripcions\/sobre-preinscripcio\/ponderacions\/index.html\" target=\"_blank\" rel=\"noopener\">AQUEST ENLLA\u00c7<\/a> hi podeu consultar les <strong>ponderacions<\/strong><\/span><span dir=\"ltr\"><strong> de 2024, 2025 i 2026<\/strong> de les mat\u00e8ries de modalitat de 2n de batxillerat per a l&#8217;acc\u00e9s a la universitat a la preinscripci\u00f3 universit\u00e0ria a Catalunya.<strong> Les mat\u00e8ries que ponderen b\u00e9 tenen continu\u00eftat de 1r a 2n o es fan a 2n de Batxillerat.<\/strong><span style=\"color: #ff0000;\"><strong>\u00a0<\/strong><\/span><\/span><\/p>\n<ul>\n<li><a href=\"https:\/\/universitats.gencat.cat\/ca\/preinscripcions\/sobre-preinscripcio\/notes-tall\/\" target=\"_blank\" rel=\"noopener\">Notes de tall. Canal Universitats<\/a><\/li>\n<\/ul>\n<p><span dir=\"ltr\"><strong>1) Mat\u00e8ries Comunes.<\/strong> L&#8217;alumnat cursa<strong> mat\u00e8ries comunes obligat\u00f2ries <\/strong>a totes les modalitats. Tant a primer com a segon fa una hora de <strong>tutoria<\/strong> setmanal. Entre el segon trimestre de 1r de Batxillerat i el segon trimestre del 2n curs, l&#8217;alumnat elabora el Treball de Recerca, guiat per un professor\/a tutor\/a especialista en la mat\u00e8ria.<\/span><\/p>\n<ul>\n<li>Llengua catalana i literatura<\/li>\n<li>Llengua castellana i literatura<\/li>\n<li>Llengua estrangera: angl\u00e8s o franc\u00e8s<\/li>\n<li>Tutoria<\/li>\n<li>Educaci\u00f3 f\u00edsica (nom\u00e9s a 1r de batxillerat)<\/li>\n<li>Filosofia (nom\u00e9s a 1r de batxillerat)<\/li>\n<li>Hist\u00f2ria de la filosofia (nom\u00e9s a 2n de batxillerat)<\/li>\n<li>Hist\u00f2ria (nom\u00e9s a 2n de batxillerat)<\/li>\n<li>Treball de Recerca (a 1r i a 2n de batxillerat)<\/li>\n<\/ul>\n<p><span dir=\"ltr\"><strong>2)<\/strong> En la part <strong>diversificada<\/strong>, l&#8217;alumne pot triar dins de la franja ofertada i en funci\u00f3 de la modalitat triada.<\/span><\/p>\n<ul>\n<li><a href=\"https:\/\/docs.google.com\/spreadsheets\/d\/1ccYeh1jlO8Tiq9s85pYKJSJlFEyFITnTaFVw5SWoOBc\/edit?usp=sharing\" target=\"_blank\" rel=\"noopener\">Mat\u00e8ries de modalitat i optatives 1r i 2n batxillerat curs 2025-2026<\/a><\/li>\n<li><a href=\"https:\/\/agora.xtec.cat\/ieslallauna\/estudis\/batxillerat\/batxillerat-optatives-de-centre\/\" target=\"_blank\" rel=\"noopener\">M\u00e9s informaci\u00f3 sobre les optatives de centre.<\/a><\/li>\n<\/ul>\n<p>Mat\u00e8ria de <strong>modalitat obligada<\/strong><\/p>\n<ul>\n<li>Batxillerat Cient\u00edfic i Tecnol\u00f2gic: Matem\u00e0tiques<\/li>\n<li>Batxillerat Social: Matem\u00e0tiques Aplicades a les Ci\u00e8ncies Socials<\/li>\n<li>Batxillerat Human\u00edstic: Llat\u00ed<\/li>\n<\/ul>\n<p>Mat\u00e8ries de <strong>modalitat que ofertem<\/strong><\/p>\n<ul>\n<li>Biologia<\/li>\n<li>Dibuix t\u00e8cnic<\/li>\n<li>Economia<\/li>\n<li>Electrot\u00e8cnia<\/li>\n<li><a href=\"https:\/\/drive.google.com\/file\/d\/1BLWxBhjuwsL1WSszzq0a0JjEPPL-ghkc\/view?usp=sharing\" target=\"_blank\" rel=\"noopener\">F\u00edsica.<\/a> <a href=\"https:\/\/drive.google.com\/file\/d\/1BLWxBhjuwsL1WSszzq0a0JjEPPL-ghkc\/view?usp=sharing\" target=\"_blank\" rel=\"noopener\">Com enfoquem la f\u00edsica al Batxillerat? Cliqueu<\/a><\/li>\n<li>Funcionament de l&#8217;empresa<\/li>\n<li>Funcionament de l&#8217;empresa i dissenys de models de negoci<\/li>\n<li>Geologia i ci\u00e8ncies ambientals<\/li>\n<li>Grec<\/li>\n<li>Hist\u00f2ria del m\u00f3n contemporani<\/li>\n<li>Literatura universal<\/li>\n<li>Literatura catalana<\/li>\n<li>Literatura castellana<\/li>\n<li><a href=\"https:\/\/drive.google.com\/file\/d\/1MU5jAnyOg9bBYrSHMO_0wO8L9mVbgCeG\/view?usp=sharing\" target=\"_blank\" rel=\"noopener\">Qu\u00edmica. Algunes raons per estudiar qu\u00edmica. Cliqueu<\/a><\/li>\n<li>Tecnologia i enginyeria<\/li>\n<\/ul>\n<p>Mat\u00e8ries <strong>optatives de centre<\/strong> que ofertem. Informaci\u00f3 m\u00e9s detallada <a href=\"https:\/\/agora.xtec.cat\/ieslallauna\/estudis\/batxillerat\/batxillerat-optatives-de-centre\/\" target=\"_blank\" rel=\"noopener\">AQU\u00cd<\/a><\/p>\n<ul>\n<li>Ampliacions de matem\u00e0tiques \/ f\u00edsica \/ qu\u00edmica<\/li>\n<li>Biomedicina<\/li>\n<li>Comunicaci\u00f3 audiovisual<\/li>\n<li>Ciutadania, pol\u00edtica i dret<\/li>\n<li>Creaci\u00f3 liter\u00e0ria<\/li>\n<li>Pau i Just\u00edcia<\/li>\n<li>Problem\u00e0tiques socials<\/li>\n<li>Programaci\u00f3<\/li>\n<li>Psicologia<\/li>\n<li>Reptes cient\u00edfics actuals (biologia i geologia)<\/li>\n<li>Rob\u00f2tica<\/li>\n<li>Sociologia<\/li>\n<li>Histoire de la France (Batxibac)<\/li>\n<li>Litt\u00e9rature fran\u00e7aise (Batxibac)<\/li>\n<\/ul>\n<p>En alguns casos concrets, es poden cursar assignatures de batxillerat a <a href=\"https:\/\/ioc.xtec.cat\/educacio\/index.php\" target=\"_blank\" rel=\"noopener\"><strong>l&#8217;Institut Obert de Catalunya. <\/strong><\/a>L&#8217;alumne est\u00e0 tutoritzat per professorat de l&#8217;IOC i treballa aut\u00f2nomament al centre a les hores de la franja que correspongui. Es pot cursar una mat\u00e8ria a l&#8217;IOC:<\/p>\n<ul style=\"list-style-type: square;\">\n<li>Si una mat\u00e8ria no arriba als <strong>5 matriculats<\/strong> i no la pot oferir el centre.<\/li>\n<li>Si un alumne vol cursar <strong>dues mat\u00e8ries obligades de modalitat<\/strong> (per exemple, llat\u00ed i matem\u00e0tiques).<\/li>\n<li>Si un alumne vol cursar una <strong>segona llengua estrangera <\/strong>durant el batxillerat.<\/li>\n<li>Si un alumne vol cursar una mat\u00e8ria de modalitat que <strong>no ofereix el centre<\/strong>.<\/li>\n<\/ul>\n<p>En el formulari que l&#8217;alumnat de batxillerat haur\u00e0 d&#8217;omplir en el moment de la matr\u00edcula, haur\u00e0 d&#8217;indicar, si escau, quina mat\u00e8ria vol cursar a l&#8217;IOC. En qualsevol cas, les preinscripcions a l&#8217;IOC s&#8217;hauran de fer <strong>abans de la data establerta pel centre.<\/strong><\/p>\n<p style=\"text-align: right;\">\u00daltima actualitzaci\u00f3: 25\/2\/2025<\/p>\n","protected":false},"excerpt":{"rendered":"<p>La Llauna ofereix tres modalitats diferents de batxillerat. Contacteu-nos si teniu qualsevol dubte. Ens podeu escriure a consultes@lallauna.cat Modalitat Batxibac Modalitat de Ci\u00e8ncies i Tecnologia Modalitat de Ci\u00e8ncies Socials i Humanitats Hi ha una part comuna a totes les modalitats i una part diversificada, que varia en funci\u00f3 del Batxillerat que es tria. La part [&hellip;]<\/p>\n","protected":false},"author":1,"featured_media":0,"parent":831,"menu_order":0,"comment_status":"closed","ping_status":"closed","template":"page-templates\/side-menu.php","meta":{"_bbp_topic_count":0,"_bbp_reply_count":0,"_bbp_total_topic_count":0,"_bbp_total_reply_count":0,"_bbp_voice_count":0,"_bbp_anonymous_reply_count":0,"_bbp_topic_count_hidden":0,"_bbp_reply_count_hidden":0,"_bbp_forum_subforum_count":0,"site-sidebar-layout":"default","site-content-layout":"","ast-site-content-layout":"","site-content-style":"default","site-sidebar-style":"default","ast-global-header-display":"","ast-banner-title-visibility":"","ast-main-header-display":"","ast-hfb-above-header-display":"","ast-hfb-below-header-display":"","ast-hfb-mobile-header-display":"","site-post-title":"","ast-breadcrumbs-content":"","ast-featured-img":"","footer-sml-layout":"","theme-transparent-header-meta":"","adv-header-id-meta":"","stick-header-meta":"","header-above-stick-meta":"","header-main-stick-meta":"","header-below-stick-meta":"","astra-migrate-meta-layouts":"default","ast-page-background-enabled":"default","ast-page-background-meta":{"desktop":{"background-color":"var(--ast-global-color-4)","background-image":"","background-repeat":"repeat","background-position":"center center","background-size":"auto","background-attachment":"scroll","background-type":"","background-media":"","overlay-type":"","overlay-color":"","overlay-opacity":"","overlay-gradient":""},"tablet":{"background-color":"","background-image":"","background-repeat":"repeat","background-position":"center center","background-size":"auto","background-attachment":"scroll","background-type":"","background-media":"","overlay-type":"","overlay-color":"","overlay-opacity":"","overlay-gradient":""},"mobile":{"background-color":"","background-image":"","background-repeat":"repeat","background-position":"center center","background-size":"auto","background-attachment":"scroll","background-type":"","background-media":"","overlay-type":"","overlay-color":"","overlay-opacity":"","overlay-gradient":""}},"ast-content-background-meta":{"desktop":{"background-color":"var(--ast-global-color-5)","background-image":"","background-repeat":"repeat","background-position":"center center","background-size":"auto","background-attachment":"scroll","background-type":"","background-media":"","overlay-type":"","overlay-color":"","overlay-opacity":"","overlay-gradient":""},"tablet":{"background-color":"var(--ast-global-color-5)","background-image":"","background-repeat":"repeat","background-position":"center center","background-size":"auto","background-attachment":"scroll","background-type":"","background-media":"","overlay-type":"","overlay-color":"","overlay-opacity":"","overlay-gradient":""},"mobile":{"background-color":"var(--ast-global-color-5)","background-image":"","background-repeat":"repeat","background-position":"center center","background-size":"auto","background-attachment":"scroll","background-type":"","background-media":"","overlay-type":"","overlay-color":"","overlay-opacity":"","overlay-gradient":""}},"footnotes":""},"class_list":["post-1642","page","type-page","status-publish","hentry"],"post_mailing_queue_ids":[],"_links":{"self":[{"href":"https:\/\/agora.xtec.cat\/ieslallauna\/wp-json\/wp\/v2\/pages\/1642","targetHints":{"allow":["GET"]}}],"collection":[{"href":"https:\/\/agora.xtec.cat\/ieslallauna\/wp-json\/wp\/v2\/pages"}],"about":[{"href":"https:\/\/agora.xtec.cat\/ieslallauna\/wp-json\/wp\/v2\/types\/page"}],"author":[{"embeddable":true,"href":"https:\/\/agora.xtec.cat\/ieslallauna\/wp-json\/wp\/v2\/users\/1"}],"replies":[{"embeddable":true,"href":"https:\/\/agora.xtec.cat\/ieslallauna\/wp-json\/wp\/v2\/comments?post=1642"}],"version-history":[{"count":7,"href":"https:\/\/agora.xtec.cat\/ieslallauna\/wp-json\/wp\/v2\/pages\/1642\/revisions"}],"predecessor-version":[{"id":4780,"href":"https:\/\/agora.xtec.cat\/ieslallauna\/wp-json\/wp\/v2\/pages\/1642\/revisions\/4780"}],"up":[{"embeddable":true,"href":"https:\/\/agora.xtec.cat\/ieslallauna\/wp-json\/wp\/v2\/pages\/831"}],"wp:attachment":[{"href":"https:\/\/agora.xtec.cat\/ieslallauna\/wp-json\/wp\/v2\/media?parent=1642"}],"curies":[{"name":"wp","href":"https:\/\/api.w.org\/{rel}","templated":true}]}}