{"id":7023,"date":"2026-09-01T16:02:55","date_gmt":"2026-09-01T14:02:55","guid":{"rendered":"https:\/\/agora.xtec.cat\/ieslajonquera\/?page_id=7023"},"modified":"2026-09-01T16:02:55","modified_gmt":"2026-09-01T14:02:55","slug":"siei","status":"publish","type":"page","link":"https:\/\/agora.xtec.cat\/ieslajonquera\/altres-projectes\/siei\/","title":{"rendered":"SIEI"},"content":{"rendered":"<p style=\"text-align: justify;\">Els suports intensius per a l\u2019escolaritzaci\u00f3 inclusiva (SIEI), abans USEE; s\u00f3n dotacions extraordin\u00e0ries de professionals que s\u2019incoporen a les plantilles d\u2019escoles i instituts com a recursos intensius per atendre els alumnes amb necessitats educatives especials que ho necessitin.<\/p>\n<p style=\"text-align: justify;\">El SIEI \u00e9s un recurs per al centre, que se suma als suports universals i addicionals per a la inclusi\u00f3.<\/p>\n","protected":false},"excerpt":{"rendered":"<p>Els suports intensius per a l\u2019escolaritzaci\u00f3 inclusiva (SIEI), abans USEE; s\u00f3n dotacions extraordin\u00e0ries de professionals que s\u2019incoporen a les plantilles d\u2019escoles i instituts com a recursos intensius per atendre els alumnes amb necessitats educatives especials que ho necessitin.<br \/>\nEl SIEI \u00e9s un recurs per al centre,&hellip;  <a href=\"https:\/\/agora.xtec.cat\/ieslajonquera\/altres-projectes\/siei\/\" title=\"Read SIEI\">Llegeix m\u00e9s\u00bb<\/a><\/p>\n","protected":false},"author":3,"featured_media":0,"parent":5643,"menu_order":0,"comment_status":"closed","ping_status":"closed","template":"page-templates\/side-menu.php","meta":{"_bbp_topic_count":0,"_bbp_reply_count":0,"_bbp_total_topic_count":0,"_bbp_total_reply_count":0,"_bbp_voice_count":0,"_bbp_anonymous_reply_count":0,"_bbp_topic_count_hidden":0,"_bbp_reply_count_hidden":0,"_bbp_forum_subforum_count":0,"footnotes":""},"class_list":["post-7023","page","type-page","status-publish","hentry"],"post_mailing_queue_ids":[],"_links":{"self":[{"href":"https:\/\/agora.xtec.cat\/ieslajonquera\/wp-json\/wp\/v2\/pages\/7023","targetHints":{"allow":["GET"]}}],"collection":[{"href":"https:\/\/agora.xtec.cat\/ieslajonquera\/wp-json\/wp\/v2\/pages"}],"about":[{"href":"https:\/\/agora.xtec.cat\/ieslajonquera\/wp-json\/wp\/v2\/types\/page"}],"author":[{"embeddable":true,"href":"https:\/\/agora.xtec.cat\/ieslajonquera\/wp-json\/wp\/v2\/users\/3"}],"replies":[{"embeddable":true,"href":"https:\/\/agora.xtec.cat\/ieslajonquera\/wp-json\/wp\/v2\/comments?post=7023"}],"version-history":[{"count":1,"href":"https:\/\/agora.xtec.cat\/ieslajonquera\/wp-json\/wp\/v2\/pages\/7023\/revisions"}],"predecessor-version":[{"id":7024,"href":"https:\/\/agora.xtec.cat\/ieslajonquera\/wp-json\/wp\/v2\/pages\/7023\/revisions\/7024"}],"up":[{"embeddable":true,"href":"https:\/\/agora.xtec.cat\/ieslajonquera\/wp-json\/wp\/v2\/pages\/5643"}],"wp:attachment":[{"href":"https:\/\/agora.xtec.cat\/ieslajonquera\/wp-json\/wp\/v2\/media?parent=7023"}],"curies":[{"name":"wp","href":"https:\/\/api.w.org\/{rel}","templated":true}]}}

<p style="text-align: justify;">Els suports intensius per a l’escolarització inclusiva (SIEI), abans USEE; són dotacions extraordinàries de professionals que s’incoporen a les plantilles d’escoles i instituts com a recursos intensius per atendre els alumnes amb necessitats educatives especials que ho necessitin.</p>
<p style="text-align: justify;">El SIEI és un recurs per al centre, que se suma als suports universals i addicionals per a la inclusió.</p>

<p>Els suports intensius per a l’escolarització inclusiva (SIEI), abans USEE; són dotacions extraordinàries de professionals que s’incoporen a les plantilles d’escoles i instituts com a recursos intensius per atendre els alumnes amb necessitats educatives especials que ho necessitin.<br />
El SIEI és un recurs per al centre,&hellip;  <a href="https://agora.xtec.cat/ieslajonquera/altres-projectes/siei/" title="Read SIEI">Llegeix més»</a></p>
