{"id":596,"date":"2019-05-26T16:31:40","date_gmt":"2019-05-26T14:31:40","guid":{"rendered":"https:\/\/agora.xtec.cat\/ieslajonquera\/?page_id=596"},"modified":"2021-07-14T09:10:18","modified_gmt":"2021-07-14T07:10:18","slug":"objectius-basics","status":"publish","type":"page","link":"https:\/\/agora.xtec.cat\/ieslajonquera\/linstitut\/organitzacio-de-centre\/projecte-educatiu\/objectius-basics\/","title":{"rendered":"Objectius b\u00e0sics"},"content":{"rendered":"<p>&nbsp;<\/p>\n<table style=\"height: 3819px;\" width=\"744\">\n<tbody>\n<tr>\n<td style=\"width: 160px;\"><strong>OBJECTIUS B\u00c0SICS<\/strong><\/td>\n<td style=\"width: 169px;\"><strong>ESTRAT\u00c8GIES B\u00c0SIQUES<\/strong><\/td>\n<td style=\"width: 238px;\"><strong>ACTUACIONS<\/strong><\/td>\n<td style=\"width: 165px;\"><strong>RESPONSABLE<\/strong><\/td>\n<\/tr>\n<tr>\n<td style=\"width: 160px;\" rowspan=\"5\">OBJECTIU\u00a0 1: Con\u00e8ixer els grups i els alumnes (les necessitats, capacitats i expectatives) i guiar-los i acompanyar-los en els proc\u00e9s d&#8217;aprenentatge<\/td>\n<td style=\"width: 169px;\">1. Aplicar el pla d&#8217;acollida i acompanyament per als alumnes de primer d&#8217;ESO.<\/td>\n<td style=\"width: 238px;\">Realitzar totes les activitats recollides en el pla.<\/td>\n<td style=\"width: 165px;\">Coordinadora Pedag\u00f2gica<\/td>\n<\/tr>\n<tr>\n<td style=\"width: 169px;\">2. Potenciar la tutoria<\/td>\n<td style=\"width: 238px;\">Aquest curs hi haur\u00e0 cotutories a primer d\u2019ESO.<br \/>\nEls tutors tindran una hora m\u00e9s de dedicaci\u00f3 a la tutoria<br \/>\nEls tutors s\u2019encarregaran del control d\u2019abs\u00e8ncies i faltes de l\u2019alumnat a trav\u00e9s de la intranet.<br \/>\nEs creen hores d\u2019atenci\u00f3 espec\u00edfica que suposen una tutoritzaci\u00f3 d\u2019alumnes concrets (repetidors,UEC) per refor\u00e7ar les tutories de 2n,3r i 4t.<\/td>\n<td style=\"width: 165px;\">Coordinadora Pedag\u00f2gica<\/td>\n<\/tr>\n<tr>\n<td style=\"width: 169px;\">3. Aplicar un programa integrat d&#8217;atenci\u00f3 a la diversitat.<\/td>\n<td style=\"width: 238px;\">La CAD t\u00e9 com a\u00a0 missi\u00f3 centralitzar tots els recursos i oferir suport als alumnes de NEE.<br \/>\nLa CAD coordina els serveis de suport externs.<\/td>\n<td style=\"width: 165px;\">Coordinadora Pedag\u00f2gica<\/td>\n<\/tr>\n<tr>\n<td style=\"width: 169px;\">4. Aplicar un programa d&#8217;orientaci\u00f3.<\/td>\n<td style=\"width: 238px;\">Aquest curs elaborarem un programa sobre orientaci\u00f3 que detalli les actuacions que es fan a cada nivell<br \/>\nElaborar un dossier de recursos i adreces<\/td>\n<td style=\"width: 165px;\">MPT<\/td>\n<\/tr>\n<tr>\n<td style=\"width: 169px;\">5. Aplicar el pla d&#8217;acollida per a alumnat nouvingut.<\/td>\n<td style=\"width: 238px;\">Donar a con\u00e8ixer, aplicar i revisar el Pla d\u2019acollida.<\/td>\n<td style=\"width: 165px;\">Tutor d\u2019aula d\u2019acollida<\/td>\n<\/tr>\n<tr>\n<td style=\"width: 160px;\" rowspan=\"2\">OBJECTIU\u00a0 2: Fomentar la participaci\u00f3 i la implicaci\u00f3 de tots els agents educatius en el proc\u00e9s d&#8217;ensenyament-aprenentatge<\/td>\n<td style=\"width: 169px;\">1. Fomentar la participaci\u00f3.<\/td>\n<td style=\"width: 238px;\">Participaci\u00f3 en treball en xarxa, consell escolar, consell municipal, claustre, reunions de delegats<\/td>\n<td style=\"width: 165px;\">Director<\/td>\n<\/tr>\n<tr>\n<td style=\"width: 169px;\">2. Aprofitar l&#8217;entorn com a eina d&#8217;estudi i com a recurs per singularitzar el centre.<\/td>\n<td style=\"width: 238px;\">Elaborar programacions curriculars que contempli l\u2019entorn en algun apartat<\/p>\n<p>&nbsp;<\/p>\n<p>&nbsp;<\/td>\n<td style=\"width: 165px;\">Cap d\u2019estudis<\/td>\n<\/tr>\n<tr>\n<td style=\"width: 160px;\" rowspan=\"2\">OBJECTIU 3: Oferir un ensenyament de qualitat que permeti als alumnes assolir l&#8217;\u00e8xit educatiu<\/td>\n<td style=\"width: 169px;\">1. Potenciar el batxillerat com a model per als alumnes.<\/td>\n<td style=\"width: 238px;\">Aplicar el nou model de treball de recerca.<br \/>\nElaborar un document que reculli la l\u00ednia de treball.<br \/>\nFer actuacions de modelatge per part dels alumnes de batxillerat.<br \/>\nFer proves a segon de batxillerat per avaluar la preparaci\u00f3 dels alumnes<\/td>\n<td style=\"width: 165px;\">Coordinadora Pedag\u00f2gica<\/td>\n<\/tr>\n<tr>\n<td style=\"width: 169px;\">2. Comen\u00e7ar a elaborar un projecte curricular propi.<\/p>\n<p>&nbsp;<\/td>\n<td style=\"width: 238px;\">La creaci\u00f3 de 5 departaments busca concentrar esfor\u00e7os, permetre una millor coordinaci\u00f3 i arribar a concrecions curriculars coordinades entre diferents \u00e0rees.<\/td>\n<td style=\"width: 165px;\">Cap d\u2019estudis<\/td>\n<\/tr>\n<tr>\n<td style=\"width: 160px;\" rowspan=\"2\">OBJECTIU\u00a0 4: Construir les condicions adequades de conviv\u00e8ncia que afavoreixin l&#8217;aprenentatge personal i social<\/td>\n<td style=\"width: 169px;\">1. Millorar el clima del centre.<\/td>\n<td style=\"width: 238px;\">Potenciar les assemblees a tutoria<br \/>\nTreball participatiu de les normes<\/td>\n<td style=\"width: 165px;\">Director<\/td>\n<\/tr>\n<tr>\n<td style=\"width: 169px;\">2. Millorar el clima a les aules.<\/td>\n<td style=\"width: 238px;\">Creem una comissi\u00f3 d\u2019orientaci\u00f3 per treballar la conviv\u00e8ncia a trav\u00e9s del di\u00e0leg en la que participin els alumnes<\/td>\n<td style=\"width: 165px;\">Director<\/td>\n<\/tr>\n<tr>\n<td style=\"width: 160px;\" rowspan=\"5\">OBJECTIU\u00a0 5: Aconseguir una organitzaci\u00f3 eficient en els \u00e0mbits pedag\u00f2gic i de gesti\u00f3, capa\u00e7 d&#8217;aprofitar els canvis per millorar<\/td>\n<td style=\"width: 169px;\">1. Establir canals de comunicaci\u00f3 eficients entre els diferents estaments educatius.<\/td>\n<td style=\"width: 238px;\">La nova intranet es posa en marxa i ofereix moltes possibilitats<\/td>\n<td style=\"width: 165px;\">Cap d\u2019Estudis<\/td>\n<\/tr>\n<tr>\n<td style=\"width: 169px;\">2. Construir un organigrama clar que faciliti la gesti\u00f3.<\/td>\n<td style=\"width: 238px;\">Delimitar les responsabilitats i protocols d\u2019actuacions.<\/td>\n<td style=\"width: 165px;\">Director<\/td>\n<\/tr>\n<tr>\n<td style=\"width: 169px;\">3. Assignar als departaments la coordinaci\u00f3 i l&#8217;elaboraci\u00f3 de les parts del projecte curricular.<\/td>\n<td style=\"width: 238px;\">Arribar a coordinar programacions<\/td>\n<td style=\"width: 165px;\">Cap d\u2019Estudis<\/td>\n<\/tr>\n<tr>\n<td style=\"width: 169px;\">4. Potenciar les reunions de caps de departament com a \u00e0mbit de gesti\u00f3 del centre.<\/td>\n<td style=\"width: 238px;\">Els caps de departament s\u00f3n interlocutors entre l\u2019equip directiu i el professorat.<\/td>\n<td style=\"width: 165px;\">Cap d\u2019Estudis<\/td>\n<\/tr>\n<tr>\n<td style=\"width: 169px;\">5. Aprofitar el projecte 1X1 per innovar i crear noves din\u00e0miques al centre<\/p>\n<p>&nbsp;<\/p>\n<p>&nbsp;<\/p>\n<p>&nbsp;<\/p>\n<p>&nbsp;<\/td>\n<td style=\"width: 238px;\">Desenvolupament del Projecte 1X1<\/td>\n<td style=\"width: 165px;\">T\u00e8cnica: cap d\u2019estudis.<br \/>\nPedag\u00f2gica. Coordinadora pedag\u00f2gica.<br \/>\nOrganitzativa i de materials: Secret\u00e0ria<\/td>\n<\/tr>\n<tr>\n<td style=\"width: 160px;\" rowspan=\"3\">OBJECTIU 6: Aconseguir una organitzaci\u00f3 que reflexiona i s&#8217;avalua i formula propostes de millora<\/td>\n<td style=\"width: 169px;\">1. Elaborar mem\u00f2ries de les activitats educatives desenvolupades al centre.<\/td>\n<td style=\"width: 238px;\">Mem\u00f2ria del curs<\/td>\n<td style=\"width: 165px;\">Director<\/td>\n<\/tr>\n<tr>\n<td style=\"width: 169px;\">2. Fer arribar als membres del Consell escolar la mem\u00f2ria del curs i les valoracions abans del consell escolar i debatre els punts clau i formular propostes de millora per al curs seg\u00fcent.<\/td>\n<td style=\"width: 238px;\">Rendiment de comptes al Consell escolar<\/td>\n<td style=\"width: 165px;\">Director<\/td>\n<\/tr>\n<tr>\n<td style=\"width: 169px;\">3. Tenir en compte els indicadors proposats.<\/td>\n<td style=\"width: 238px;\">Elaborar un quadre dels indicadors m\u00e9s significatius per avaluar la millora dels resultats escolars<\/td>\n<td style=\"width: 165px;\">Director<\/td>\n<\/tr>\n<\/tbody>\n<\/table>\n","protected":false},"excerpt":{"rendered":"<p>&nbsp;<\/p>\n<p>OBJECTIUS B\u00c0SICS<br \/>\nESTRAT\u00c8GIES B\u00c0SIQUES<br \/>\nACTUACIONS<br \/>\nRESPONSABLE<\/p>\n<p>OBJECTIU\u00a0 1: Con\u00e8ixer els grups i els alumnes (les necessitats, capacitats i expectatives) i guiar-los i acompanyar-los en els proc\u00e9s d&#8217;aprenentatge<br \/>\n1. Aplicar el pla d&#8217;acollida i acompanyament per als alumnes de primer d&#8217;ESO.<br \/>\nRealitzar totes les activitats recollides en el pla.<br \/>\nCoordinadora Pedag\u00f2gica<\/p>\n<p>2. Potenciar la&hellip;  <a href=\"https:\/\/agora.xtec.cat\/ieslajonquera\/linstitut\/organitzacio-de-centre\/projecte-educatiu\/objectius-basics\/\" title=\"Read Objectius b\u00e0sics\">Llegeix m\u00e9s\u00bb<\/a><\/p>\n","protected":false},"author":3,"featured_media":0,"parent":57,"menu_order":0,"comment_status":"closed","ping_status":"closed","template":"page-templates\/side-menu.php","meta":{"_bbp_topic_count":0,"_bbp_reply_count":0,"_bbp_total_topic_count":0,"_bbp_total_reply_count":0,"_bbp_voice_count":0,"_bbp_anonymous_reply_count":0,"_bbp_topic_count_hidden":0,"_bbp_reply_count_hidden":0,"_bbp_forum_subforum_count":0,"footnotes":""},"class_list":["post-596","page","type-page","status-publish","hentry"],"post_mailing_queue_ids":[],"_links":{"self":[{"href":"https:\/\/agora.xtec.cat\/ieslajonquera\/wp-json\/wp\/v2\/pages\/596","targetHints":{"allow":["GET"]}}],"collection":[{"href":"https:\/\/agora.xtec.cat\/ieslajonquera\/wp-json\/wp\/v2\/pages"}],"about":[{"href":"https:\/\/agora.xtec.cat\/ieslajonquera\/wp-json\/wp\/v2\/types\/page"}],"author":[{"embeddable":true,"href":"https:\/\/agora.xtec.cat\/ieslajonquera\/wp-json\/wp\/v2\/users\/3"}],"replies":[{"embeddable":true,"href":"https:\/\/agora.xtec.cat\/ieslajonquera\/wp-json\/wp\/v2\/comments?post=596"}],"version-history":[{"count":2,"href":"https:\/\/agora.xtec.cat\/ieslajonquera\/wp-json\/wp\/v2\/pages\/596\/revisions"}],"predecessor-version":[{"id":621,"href":"https:\/\/agora.xtec.cat\/ieslajonquera\/wp-json\/wp\/v2\/pages\/596\/revisions\/621"}],"up":[{"embeddable":true,"href":"https:\/\/agora.xtec.cat\/ieslajonquera\/wp-json\/wp\/v2\/pages\/57"}],"wp:attachment":[{"href":"https:\/\/agora.xtec.cat\/ieslajonquera\/wp-json\/wp\/v2\/media?parent=596"}],"curies":[{"name":"wp","href":"https:\/\/api.w.org\/{rel}","templated":true}]}}