{"id":4631,"date":"2023-03-29T11:12:01","date_gmt":"2023-03-29T09:12:01","guid":{"rendered":"https:\/\/agora.xtec.cat\/ieslajonquera\/?page_id=4631"},"modified":"2023-07-05T16:54:47","modified_gmt":"2023-07-05T14:54:47","slug":"curs-2022-2023","status":"publish","type":"page","link":"https:\/\/agora.xtec.cat\/ieslajonquera\/projectes\/club-de-lectura\/curs-2022-2023\/","title":{"rendered":"Curs 2022-2023"},"content":{"rendered":"<p>Al llarg del curs hi van participar uns 25 alumnes. Les lectures que es van fer van ser: <a href=\"https:\/\/drive.google.com\/drive\/folders\/1WIlp85MuqljndxTg7LROjWF_Jui-uDQu?usp=sharing\"><em>La sombra del gato y otros relatos de terror<\/em><\/a> (Concha L\u00f3pez Narv\u00e1ez), <a href=\"https:\/\/drive.google.com\/drive\/folders\/1WIlp85MuqljndxTg7LROjWF_Jui-uDQu?usp=sharing\"><em>El gat negre i altres relats<\/em><\/a> (Edgar Allan Poe), <a href=\"https:\/\/drive.google.com\/drive\/folders\/1fI3-HkKS2m7o13xJtUcjpwfdxXlyRDxI?usp=sharing\"><em>Barcelona Escape Room<\/em><\/a> (\u00c0ngel Burgas), <a href=\"https:\/\/drive.google.com\/drive\/folders\/1Um8OK200l_NWYntnc2TnqgoetRl-RCiG?usp=sharing\"><em>El noi del vestit<\/em><\/a> (David Walliams) i <a href=\"https:\/\/drive.google.com\/drive\/folders\/11a0jyQdyupZJbjjhCwBLRfUpqQJULYNe?usp=sharing\"><em>Por<\/em><\/a> (Care Santos).<\/p>\n<p>A la <a href=\"https:\/\/drive.google.com\/drive\/folders\/1mk4m8uUczItnkAtF1moJJyB33qIXJHuG?usp=sharing\">Trobada de Clubs de Lectura de secund\u00e0ria de l\u2019Alt Empord\u00e0<\/a> l\u2019escriptor convidat va ser \u00c0ngel Burgas. Aprofitant el despla\u00e7ament a Figueres, es va fer una visita guiada a la Biblioteca de Figueres al mat\u00ed i a la Taberna Libraria a la tarda.<\/p>\n<p>L&#8217;activitat de cloenda del curs va ser l&#8217;elaboraci\u00f3 d&#8217;una <a href=\"https:\/\/drive.google.com\/drive\/folders\/1kNkWdxUXXNrKfroAMkKRilpQrkIlYpL3?usp=sharing\">pintura contra els estereotips de g\u00e8nere<\/a> inspirada en la lectura d&#8217;<em>El noi del vestit<\/em> i basada en la proposta de l&#8217;alumne Jad Taligui. L&#8217;obra ha quedar exposada de manera permanent a la sala polivalent del centre.<\/p>\n<table style=\"border-collapse: collapse; width: 100%;\">\n<tbody>\n<tr>\n<td style=\"width: 20%;\"><a href=\"https:\/\/agora.xtec.cat\/ieslajonquera\/wp-content\/uploads\/usu2014\/2023\/03\/51KnoXWS3qL.jpg\"><img loading=\"lazy\" decoding=\"async\" class=\"aligncenter size-medium wp-image-4645\" src=\"https:\/\/agora.xtec.cat\/ieslajonquera\/wp-content\/uploads\/usu2014\/2023\/03\/51KnoXWS3qL-172x300.jpg\" alt=\"\" width=\"172\" height=\"300\" srcset=\"https:\/\/agora.xtec.cat\/ieslajonquera\/wp-content\/uploads\/usu2014\/2023\/03\/51KnoXWS3qL-172x300.jpg 172w, https:\/\/agora.xtec.cat\/ieslajonquera\/wp-content\/uploads\/usu2014\/2023\/03\/51KnoXWS3qL.jpg 287w\" sizes=\"auto, (max-width: 172px) 100vw, 172px\" \/><\/a><\/td>\n<td style=\"width: 20%;\"><a href=\"https:\/\/agora.xtec.cat\/ieslajonquera\/wp-content\/uploads\/usu2014\/2023\/03\/71Fgo0lZKL.jpg\"><img loading=\"lazy\" decoding=\"async\" class=\"aligncenter size-medium wp-image-4646\" src=\"https:\/\/agora.xtec.cat\/ieslajonquera\/wp-content\/uploads\/usu2014\/2023\/03\/71Fgo0lZKL-200x300.jpg\" alt=\"\" width=\"200\" height=\"300\" srcset=\"https:\/\/agora.xtec.cat\/ieslajonquera\/wp-content\/uploads\/usu2014\/2023\/03\/71Fgo0lZKL-200x300.jpg 200w, https:\/\/agora.xtec.cat\/ieslajonquera\/wp-content\/uploads\/usu2014\/2023\/03\/71Fgo0lZKL-681x1024.jpg 681w, https:\/\/agora.xtec.cat\/ieslajonquera\/wp-content\/uploads\/usu2014\/2023\/03\/71Fgo0lZKL-768x1154.jpg 768w, https:\/\/agora.xtec.cat\/ieslajonquera\/wp-content\/uploads\/usu2014\/2023\/03\/71Fgo0lZKL.jpg 1000w\" sizes=\"auto, (max-width: 200px) 100vw, 200px\" \/><\/a><\/td>\n<td style=\"width: 20%;\"><a href=\"https:\/\/agora.xtec.cat\/ieslajonquera\/wp-content\/uploads\/usu2014\/2023\/03\/baixa.png\"><img loading=\"lazy\" decoding=\"async\" class=\"aligncenter wp-image-4647\" src=\"https:\/\/agora.xtec.cat\/ieslajonquera\/wp-content\/uploads\/usu2014\/2023\/03\/baixa.png\" alt=\"\" width=\"191\" height=\"291\" \/><\/a><\/td>\n<td style=\"width: 20%;\"><img loading=\"lazy\" decoding=\"async\" class=\"aligncenter size-medium wp-image-4649\" src=\"https:\/\/agora.xtec.cat\/ieslajonquera\/wp-content\/uploads\/usu2014\/2023\/03\/la-increible-historia-de-el-noi-del-vestit-194x300.jpg\" alt=\"\" width=\"194\" height=\"300\" srcset=\"https:\/\/agora.xtec.cat\/ieslajonquera\/wp-content\/uploads\/usu2014\/2023\/03\/la-increible-historia-de-el-noi-del-vestit-194x300.jpg 194w, https:\/\/agora.xtec.cat\/ieslajonquera\/wp-content\/uploads\/usu2014\/2023\/03\/la-increible-historia-de-el-noi-del-vestit.jpg 381w\" sizes=\"auto, (max-width: 194px) 100vw, 194px\" \/><\/td>\n<td style=\"width: 20%;\"><a href=\"https:\/\/agora.xtec.cat\/ieslajonquera\/wp-content\/uploads\/usu2014\/2023\/03\/9788468341149.jpg\"><img loading=\"lazy\" decoding=\"async\" class=\"aligncenter size-medium wp-image-4651\" src=\"https:\/\/agora.xtec.cat\/ieslajonquera\/wp-content\/uploads\/usu2014\/2023\/03\/9788468341149-181x300.jpg\" alt=\"\" width=\"181\" height=\"300\" srcset=\"https:\/\/agora.xtec.cat\/ieslajonquera\/wp-content\/uploads\/usu2014\/2023\/03\/9788468341149-181x300.jpg 181w, https:\/\/agora.xtec.cat\/ieslajonquera\/wp-content\/uploads\/usu2014\/2023\/03\/9788468341149.jpg 229w\" sizes=\"auto, (max-width: 181px) 100vw, 181px\" \/><\/a><\/td>\n<\/tr>\n<\/tbody>\n<\/table>\n","protected":false},"excerpt":{"rendered":"<p>Al llarg del curs hi van participar uns 25 alumnes. Les lectures que es van fer van ser: <a href=\"https:\/\/drive.google.com\/drive\/folders\/1WIlp85MuqljndxTg7LROjWF_Jui-uDQu?usp=sharing\">La sombra del gato y otros relatos de terror<\/a> (Concha L\u00f3pez Narv\u00e1ez), <a href=\"https:\/\/drive.google.com\/drive\/folders\/1WIlp85MuqljndxTg7LROjWF_Jui-uDQu?usp=sharing\">El gat negre i altres relats<\/a> (Edgar Allan Poe), <a href=\"https:\/\/drive.google.com\/drive\/folders\/1fI3-HkKS2m7o13xJtUcjpwfdxXlyRDxI?usp=sharing\">Barcelona Escape Room<\/a>&hellip;  <a href=\"https:\/\/agora.xtec.cat\/ieslajonquera\/projectes\/club-de-lectura\/curs-2022-2023\/\" title=\"Read Curs 2022-2023\">Llegeix m\u00e9s\u00bb<\/a><\/p>\n","protected":false},"author":3,"featured_media":0,"parent":1609,"menu_order":0,"comment_status":"closed","ping_status":"closed","template":"page-templates\/side-menu.php","meta":{"_bbp_topic_count":0,"_bbp_reply_count":0,"_bbp_total_topic_count":0,"_bbp_total_reply_count":0,"_bbp_voice_count":0,"_bbp_anonymous_reply_count":0,"_bbp_topic_count_hidden":0,"_bbp_reply_count_hidden":0,"_bbp_forum_subforum_count":0,"footnotes":""},"class_list":["post-4631","page","type-page","status-publish","hentry"],"post_mailing_queue_ids":[],"_links":{"self":[{"href":"https:\/\/agora.xtec.cat\/ieslajonquera\/wp-json\/wp\/v2\/pages\/4631","targetHints":{"allow":["GET"]}}],"collection":[{"href":"https:\/\/agora.xtec.cat\/ieslajonquera\/wp-json\/wp\/v2\/pages"}],"about":[{"href":"https:\/\/agora.xtec.cat\/ieslajonquera\/wp-json\/wp\/v2\/types\/page"}],"author":[{"embeddable":true,"href":"https:\/\/agora.xtec.cat\/ieslajonquera\/wp-json\/wp\/v2\/users\/3"}],"replies":[{"embeddable":true,"href":"https:\/\/agora.xtec.cat\/ieslajonquera\/wp-json\/wp\/v2\/comments?post=4631"}],"version-history":[{"count":3,"href":"https:\/\/agora.xtec.cat\/ieslajonquera\/wp-json\/wp\/v2\/pages\/4631\/revisions"}],"predecessor-version":[{"id":4957,"href":"https:\/\/agora.xtec.cat\/ieslajonquera\/wp-json\/wp\/v2\/pages\/4631\/revisions\/4957"}],"up":[{"embeddable":true,"href":"https:\/\/agora.xtec.cat\/ieslajonquera\/wp-json\/wp\/v2\/pages\/1609"}],"wp:attachment":[{"href":"https:\/\/agora.xtec.cat\/ieslajonquera\/wp-json\/wp\/v2\/media?parent=4631"}],"curies":[{"name":"wp","href":"https:\/\/api.w.org\/{rel}","templated":true}]}}

<p>Al llarg del curs hi van participar uns 25 alumnes. Les lectures que es van fer van ser: <a href="https://drive.google.com/drive/folders/1WIlp85MuqljndxTg7LROjWF_Jui-uDQu?usp=sharing"><em>La sombra del gato y otros relatos de terror</em></a> (Concha López Narváez), <a href="https://drive.google.com/drive/folders/1WIlp85MuqljndxTg7LROjWF_Jui-uDQu?usp=sharing"><em>El gat negre i altres relats</em></a> (Edgar Allan Poe), <a href="https://drive.google.com/drive/folders/1fI3-HkKS2m7o13xJtUcjpwfdxXlyRDxI?usp=sharing"><em>Barcelona Escape Room</em></a> (Àngel Burgas), <a href="https://drive.google.com/drive/folders/1Um8OK200l_NWYntnc2TnqgoetRl-RCiG?usp=sharing"><em>El noi del vestit</em></a> (David Walliams) i <a href="https://drive.google.com/drive/folders/11a0jyQdyupZJbjjhCwBLRfUpqQJULYNe?usp=sharing"><em>Por</em></a> (Care Santos).</p>
<p>A la <a href="https://drive.google.com/drive/folders/1mk4m8uUczItnkAtF1moJJyB33qIXJHuG?usp=sharing">Trobada de Clubs de Lectura de secundària de l’Alt Empordà</a> l’escriptor convidat va ser Àngel Burgas. Aprofitant el desplaçament a Figueres, es va fer una visita guiada a la Biblioteca de Figueres al matí i a la Taberna Libraria a la tarda.</p>
<p>L&#8217;activitat de cloenda del curs va ser l&#8217;elaboració d&#8217;una <a href="https://drive.google.com/drive/folders/1kNkWdxUXXNrKfroAMkKRilpQrkIlYpL3?usp=sharing">pintura contra els estereotips de gènere</a> inspirada en la lectura d&#8217;<em>El noi del vestit</em> i basada en la proposta de l&#8217;alumne Jad Taligui. L&#8217;obra ha quedar exposada de manera permanent a la sala polivalent del centre.</p>
<table style="border-collapse: collapse; width: 100%;">
<tbody>
<tr>
<td style="width: 20%;"><a href="https://agora.xtec.cat/ieslajonquera/wp-content/uploads/usu2014/2023/03/51KnoXWS3qL.jpg"><img loading="lazy" decoding="async" class="aligncenter size-medium wp-image-4645" src="https://agora.xtec.cat/ieslajonquera/wp-content/uploads/usu2014/2023/03/51KnoXWS3qL-172x300.jpg" alt="" width="172" height="300" srcset="https://agora.xtec.cat/ieslajonquera/wp-content/uploads/usu2014/2023/03/51KnoXWS3qL-172x300.jpg 172w, https://agora.xtec.cat/ieslajonquera/wp-content/uploads/usu2014/2023/03/51KnoXWS3qL.jpg 287w" sizes="auto, (max-width: 172px) 100vw, 172px" /></a></td>
<td style="width: 20%;"><a href="https://agora.xtec.cat/ieslajonquera/wp-content/uploads/usu2014/2023/03/71Fgo0lZKL.jpg"><img loading="lazy" decoding="async" class="aligncenter size-medium wp-image-4646" src="https://agora.xtec.cat/ieslajonquera/wp-content/uploads/usu2014/2023/03/71Fgo0lZKL-200x300.jpg" alt="" width="200" height="300" srcset="https://agora.xtec.cat/ieslajonquera/wp-content/uploads/usu2014/2023/03/71Fgo0lZKL-200x300.jpg 200w, https://agora.xtec.cat/ieslajonquera/wp-content/uploads/usu2014/2023/03/71Fgo0lZKL-681x1024.jpg 681w, https://agora.xtec.cat/ieslajonquera/wp-content/uploads/usu2014/2023/03/71Fgo0lZKL-768x1154.jpg 768w, https://agora.xtec.cat/ieslajonquera/wp-content/uploads/usu2014/2023/03/71Fgo0lZKL.jpg 1000w" sizes="auto, (max-width: 200px) 100vw, 200px" /></a></td>
<td style="width: 20%;"><a href="https://agora.xtec.cat/ieslajonquera/wp-content/uploads/usu2014/2023/03/baixa.png"><img loading="lazy" decoding="async" class="aligncenter wp-image-4647" src="https://agora.xtec.cat/ieslajonquera/wp-content/uploads/usu2014/2023/03/baixa.png" alt="" width="191" height="291" /></a></td>
<td style="width: 20%;"><img loading="lazy" decoding="async" class="aligncenter size-medium wp-image-4649" src="https://agora.xtec.cat/ieslajonquera/wp-content/uploads/usu2014/2023/03/la-increible-historia-de-el-noi-del-vestit-194x300.jpg" alt="" width="194" height="300" srcset="https://agora.xtec.cat/ieslajonquera/wp-content/uploads/usu2014/2023/03/la-increible-historia-de-el-noi-del-vestit-194x300.jpg 194w, https://agora.xtec.cat/ieslajonquera/wp-content/uploads/usu2014/2023/03/la-increible-historia-de-el-noi-del-vestit.jpg 381w" sizes="auto, (max-width: 194px) 100vw, 194px" /></td>
<td style="width: 20%;"><a href="https://agora.xtec.cat/ieslajonquera/wp-content/uploads/usu2014/2023/03/9788468341149.jpg"><img loading="lazy" decoding="async" class="aligncenter size-medium wp-image-4651" src="https://agora.xtec.cat/ieslajonquera/wp-content/uploads/usu2014/2023/03/9788468341149-181x300.jpg" alt="" width="181" height="300" srcset="https://agora.xtec.cat/ieslajonquera/wp-content/uploads/usu2014/2023/03/9788468341149-181x300.jpg 181w, https://agora.xtec.cat/ieslajonquera/wp-content/uploads/usu2014/2023/03/9788468341149.jpg 229w" sizes="auto, (max-width: 181px) 100vw, 181px" /></a></td>
</tr>
</tbody>
</table>

<p>Al llarg del curs hi van participar uns 25 alumnes. Les lectures que es van fer van ser: <a href="https://drive.google.com/drive/folders/1WIlp85MuqljndxTg7LROjWF_Jui-uDQu?usp=sharing">La sombra del gato y otros relatos de terror</a> (Concha López Narváez), <a href="https://drive.google.com/drive/folders/1WIlp85MuqljndxTg7LROjWF_Jui-uDQu?usp=sharing">El gat negre i altres relats</a> (Edgar Allan Poe), <a href="https://drive.google.com/drive/folders/1fI3-HkKS2m7o13xJtUcjpwfdxXlyRDxI?usp=sharing">Barcelona Escape Room</a>&hellip;  <a href="https://agora.xtec.cat/ieslajonquera/projectes/club-de-lectura/curs-2022-2023/" title="Read Curs 2022-2023">Llegeix més»</a></p>
