{"id":4157,"date":"2022-10-21T19:51:53","date_gmt":"2022-10-21T17:51:53","guid":{"rendered":"https:\/\/agora.xtec.cat\/ieslajonquera\/?page_id=4157"},"modified":"2024-07-04T19:11:17","modified_gmt":"2024-07-04T17:11:17","slug":"projecte-llavor","status":"publish","type":"page","link":"https:\/\/agora.xtec.cat\/ieslajonquera\/altres-projectes\/projecte-llavor\/","title":{"rendered":"Projecte Llavor"},"content":{"rendered":"<p><b><a href=\"https:\/\/agora.xtec.cat\/ieslajonquera\/wp-content\/uploads\/usu2014\/2022\/10\/Banner.png\"><img loading=\"lazy\" decoding=\"async\" class=\" wp-image-4158 alignleft\" src=\"https:\/\/agora.xtec.cat\/ieslajonquera\/wp-content\/uploads\/usu2014\/2022\/10\/Banner-300x149.png\" alt=\"\" width=\"242\" height=\"120\" srcset=\"https:\/\/agora.xtec.cat\/ieslajonquera\/wp-content\/uploads\/usu2014\/2022\/10\/Banner-300x149.png 300w, https:\/\/agora.xtec.cat\/ieslajonquera\/wp-content\/uploads\/usu2014\/2022\/10\/Banner-768x380.png 768w, https:\/\/agora.xtec.cat\/ieslajonquera\/wp-content\/uploads\/usu2014\/2022\/10\/Banner.png 907w\" sizes=\"auto, (max-width: 242px) 100vw, 242px\" \/><\/a>Llavor<\/b> \u00e9s un projecte interdisciplinar a 3r d&#8217;ESO que es va impartir al llarg del <strong>curs 2022-2023<\/strong> en el format de dues hores amb codoc\u00e8ncia a l&#8217;aula polivalent, i que posava l&#8217;\u00e8mfasi en l&#8217;educaci\u00f3 en valors, l&#8217;autoconeixement, la gesti\u00f3 de les emocions, i la conviv\u00e8ncia positiva.<\/p>\n<p>Constava de 5 Llavors i cadascuna tenia un format diferent basat en les metodologies actives:<\/p>\n<p>&nbsp;<\/p>\n<table style=\"border-collapse: collapse; width: 79.8955%;\">\n<tbody>\n<tr>\n<td style=\"width: 36.1732%;\"><strong>LLAVOR 1: Ens cuidem<\/strong><\/p>\n<p><strong>LLAVOR 2: El meu cos mola!<\/strong><\/p>\n<p><strong>LLAVOR 3: Comviure<\/strong><\/p>\n<p><strong>LLAVOR 4: Posiciona&#8217;t<\/strong><\/p>\n<p><strong>LLAVOR 5: Actua<\/strong><\/td>\n<td style=\"width: 21.165%;\"><a href=\"https:\/\/agora.xtec.cat\/ieslajonquera\/wp-content\/uploads\/usu2014\/2022\/10\/20221005_132208-11-rotated.jpg\"><img loading=\"lazy\" decoding=\"async\" class=\"size-medium wp-image-4160 alignleft\" src=\"https:\/\/agora.xtec.cat\/ieslajonquera\/wp-content\/uploads\/usu2014\/2022\/10\/20221005_132208-11-225x300.jpg\" alt=\"\" width=\"225\" height=\"300\" srcset=\"https:\/\/agora.xtec.cat\/ieslajonquera\/wp-content\/uploads\/usu2014\/2022\/10\/20221005_132208-11-225x300.jpg 225w, https:\/\/agora.xtec.cat\/ieslajonquera\/wp-content\/uploads\/usu2014\/2022\/10\/20221005_132208-11-rotated.jpg 768w\" sizes=\"auto, (max-width: 225px) 100vw, 225px\" \/><\/a><\/td>\n<td style=\"width: 21.2185%;\"><a href=\"https:\/\/agora.xtec.cat\/ieslajonquera\/wp-content\/uploads\/usu2014\/2022\/10\/20221005_1320301-rotated.jpg\"><img loading=\"lazy\" decoding=\"async\" class=\"size-medium wp-image-4161 alignleft\" src=\"https:\/\/agora.xtec.cat\/ieslajonquera\/wp-content\/uploads\/usu2014\/2022\/10\/20221005_1320301-225x300.jpg\" alt=\"\" width=\"225\" height=\"300\" srcset=\"https:\/\/agora.xtec.cat\/ieslajonquera\/wp-content\/uploads\/usu2014\/2022\/10\/20221005_1320301-225x300.jpg 225w, https:\/\/agora.xtec.cat\/ieslajonquera\/wp-content\/uploads\/usu2014\/2022\/10\/20221005_1320301-rotated.jpg 768w\" sizes=\"auto, (max-width: 225px) 100vw, 225px\" \/><\/a><\/td>\n<td style=\"width: 21.4095%;\"><a href=\"https:\/\/agora.xtec.cat\/ieslajonquera\/wp-content\/uploads\/usu2014\/2022\/10\/20221007_090744-scaled.jpg\"><img loading=\"lazy\" decoding=\"async\" class=\"size-medium wp-image-4159 alignleft\" src=\"https:\/\/agora.xtec.cat\/ieslajonquera\/wp-content\/uploads\/usu2014\/2022\/10\/20221007_090744-225x300.jpg\" alt=\"\" width=\"225\" height=\"300\" srcset=\"https:\/\/agora.xtec.cat\/ieslajonquera\/wp-content\/uploads\/usu2014\/2022\/10\/20221007_090744-225x300.jpg 225w, https:\/\/agora.xtec.cat\/ieslajonquera\/wp-content\/uploads\/usu2014\/2022\/10\/20221007_090744-768x1024.jpg 768w, https:\/\/agora.xtec.cat\/ieslajonquera\/wp-content\/uploads\/usu2014\/2022\/10\/20221007_090744-1152x1536.jpg 1152w, https:\/\/agora.xtec.cat\/ieslajonquera\/wp-content\/uploads\/usu2014\/2022\/10\/20221007_090744-1536x2048.jpg 1536w, https:\/\/agora.xtec.cat\/ieslajonquera\/wp-content\/uploads\/usu2014\/2022\/10\/20221007_090744-scaled.jpg 1920w\" sizes=\"auto, (max-width: 225px) 100vw, 225px\" \/><\/a><\/td>\n<\/tr>\n<\/tbody>\n<\/table>\n<p>&nbsp;<\/p>\n","protected":false},"excerpt":{"rendered":"<p><a href=\"https:\/\/agora.xtec.cat\/ieslajonquera\/wp-content\/uploads\/usu2014\/2022\/10\/Banner.png\"><\/a>Llavor \u00e9s un projecte interdisciplinar a 3r d&#8217;ESO que es va impartir al llarg del curs 2022-2023 en el format de dues hores amb codoc\u00e8ncia a l&#8217;aula polivalent, i que posava l&#8217;\u00e8mfasi en l&#8217;educaci\u00f3 en valors, l&#8217;autoconeixement, la gesti\u00f3 de les emocions, i la&hellip;  <a href=\"https:\/\/agora.xtec.cat\/ieslajonquera\/altres-projectes\/projecte-llavor\/\" title=\"Read Projecte Llavor\">Llegeix m\u00e9s\u00bb<\/a><\/p>\n","protected":false},"author":3,"featured_media":0,"parent":5643,"menu_order":0,"comment_status":"closed","ping_status":"closed","template":"page-templates\/side-menu.php","meta":{"_bbp_topic_count":0,"_bbp_reply_count":0,"_bbp_total_topic_count":0,"_bbp_total_reply_count":0,"_bbp_voice_count":0,"_bbp_anonymous_reply_count":0,"_bbp_topic_count_hidden":0,"_bbp_reply_count_hidden":0,"_bbp_forum_subforum_count":0,"footnotes":""},"class_list":["post-4157","page","type-page","status-publish","hentry"],"post_mailing_queue_ids":[],"_links":{"self":[{"href":"https:\/\/agora.xtec.cat\/ieslajonquera\/wp-json\/wp\/v2\/pages\/4157","targetHints":{"allow":["GET"]}}],"collection":[{"href":"https:\/\/agora.xtec.cat\/ieslajonquera\/wp-json\/wp\/v2\/pages"}],"about":[{"href":"https:\/\/agora.xtec.cat\/ieslajonquera\/wp-json\/wp\/v2\/types\/page"}],"author":[{"embeddable":true,"href":"https:\/\/agora.xtec.cat\/ieslajonquera\/wp-json\/wp\/v2\/users\/3"}],"replies":[{"embeddable":true,"href":"https:\/\/agora.xtec.cat\/ieslajonquera\/wp-json\/wp\/v2\/comments?post=4157"}],"version-history":[{"count":3,"href":"https:\/\/agora.xtec.cat\/ieslajonquera\/wp-json\/wp\/v2\/pages\/4157\/revisions"}],"predecessor-version":[{"id":4994,"href":"https:\/\/agora.xtec.cat\/ieslajonquera\/wp-json\/wp\/v2\/pages\/4157\/revisions\/4994"}],"up":[{"embeddable":true,"href":"https:\/\/agora.xtec.cat\/ieslajonquera\/wp-json\/wp\/v2\/pages\/5643"}],"wp:attachment":[{"href":"https:\/\/agora.xtec.cat\/ieslajonquera\/wp-json\/wp\/v2\/media?parent=4157"}],"curies":[{"name":"wp","href":"https:\/\/api.w.org\/{rel}","templated":true}]}}