{"id":3127,"date":"2021-07-13T22:24:00","date_gmt":"2021-07-13T20:24:00","guid":{"rendered":"https:\/\/agora.xtec.cat\/ieslajonquera\/?page_id=3127"},"modified":"2025-07-15T17:51:24","modified_gmt":"2025-07-15T15:51:24","slug":"setmana-de-la-dona","status":"publish","type":"page","link":"https:\/\/agora.xtec.cat\/ieslajonquera\/projectes\/setmana-de-la-dona\/","title":{"rendered":"Setmana de la Dona"},"content":{"rendered":"<p><a href=\"https:\/\/agora.xtec.cat\/ieslajonquera\/wp-content\/uploads\/usu2014\/2021\/03\/setmana-de-la-dona1.jpg\"><img loading=\"lazy\" decoding=\"async\" class=\"size-medium wp-image-2721 alignleft\" src=\"https:\/\/agora.xtec.cat\/ieslajonquera\/wp-content\/uploads\/usu2014\/2021\/03\/setmana-de-la-dona1-300x212.jpg\" alt=\"\" width=\"300\" height=\"212\" srcset=\"https:\/\/agora.xtec.cat\/ieslajonquera\/wp-content\/uploads\/usu2014\/2021\/03\/setmana-de-la-dona1-300x212.jpg 300w, https:\/\/agora.xtec.cat\/ieslajonquera\/wp-content\/uploads\/usu2014\/2021\/03\/setmana-de-la-dona1-768x543.jpg 768w, https:\/\/agora.xtec.cat\/ieslajonquera\/wp-content\/uploads\/usu2014\/2021\/03\/setmana-de-la-dona1-1024x724.jpg 1024w, https:\/\/agora.xtec.cat\/ieslajonquera\/wp-content\/uploads\/usu2014\/2021\/03\/setmana-de-la-dona1.jpg 2000w\" sizes=\"auto, (max-width: 300px) 100vw, 300px\" \/><\/a><\/p>\n<p style=\"text-align: justify;\">La Setmana de la Dona \u00e9s una iniciativa que es va engegar el curs 2020-2021 amb l&#8217;objectiu d&#8217;aprofundir en les activitats que tradicionalment es portaven a terme al centre el 8 de mar\u00e7 tot coincidint amb el Dia de la Dona Treballadora.<\/p>\n<p>&nbsp;<\/p>\n<p>&nbsp;<\/p>\n<p>&nbsp;<\/p>\n<p><strong>Curs 2024-2025<\/strong><\/p>\n<p style=\"text-align: justify;\"><a href=\"https:\/\/agora.xtec.cat\/ieslajonquera\/wp-content\/uploads\/usu2014\/2025\/03\/IMG-20250307-WA0005.jpg\"><img loading=\"lazy\" decoding=\"async\" class=\" wp-image-6012 alignleft\" src=\"https:\/\/agora.xtec.cat\/ieslajonquera\/wp-content\/uploads\/usu2014\/2025\/03\/IMG-20250307-WA0005-1024x565.jpg\" alt=\"\" width=\"431\" height=\"238\" srcset=\"https:\/\/agora.xtec.cat\/ieslajonquera\/wp-content\/uploads\/usu2014\/2025\/03\/IMG-20250307-WA0005-1024x565.jpg 1024w, https:\/\/agora.xtec.cat\/ieslajonquera\/wp-content\/uploads\/usu2014\/2025\/03\/IMG-20250307-WA0005-300x166.jpg 300w, https:\/\/agora.xtec.cat\/ieslajonquera\/wp-content\/uploads\/usu2014\/2025\/03\/IMG-20250307-WA0005-768x424.jpg 768w, https:\/\/agora.xtec.cat\/ieslajonquera\/wp-content\/uploads\/usu2014\/2025\/03\/IMG-20250307-WA0005-1536x848.jpg 1536w, https:\/\/agora.xtec.cat\/ieslajonquera\/wp-content\/uploads\/usu2014\/2025\/03\/IMG-20250307-WA0005.jpg 1600w\" sizes=\"auto, (max-width: 431px) 100vw, 431px\" \/><\/a>Va haver-hi diferents activitats al centre, com la creaci\u00f3 d\u2019un punt lila, l\u2019elaboraci\u00f3 d\u2019un mural o la participaci\u00f3 en un cinef\u00f2rum amb la visualitzaci\u00f3 de la pel\u00b7l\u00edcula <em>Figuras ocultas<\/em>\u00a0i un debat posterior.<\/p>\n<p style=\"text-align: justify;\">L\u2019alumnat de 1r i 2n de Batxillerat va assistir a l\u2019acte institucional previ a la celebraci\u00f3 del 8M organitzat per l\u2019Ajuntament de la Jonquera i el Museu Memorial de l\u2019Exili en qu\u00e8 es va llegir un manifest escrit pels propis alumnes. Tamb\u00e9 va haver-hi la presentaci\u00f3 del llibre <em>Las ni\u00f1as de Elna<\/em>, de l\u2019autor Marc Solanes Calder\u00f3n, i van poder participar en un petit col\u00b7loqui amb l\u2019autor i la seva \u00e0via, testimoni dels fets que es relaten en el llibre.<\/p>\n<p><strong>Curs 2023-2024<\/strong><\/p>\n<p style=\"text-align: justify;\"><a href=\"https:\/\/agora.xtec.cat\/ieslajonquera\/wp-content\/uploads\/usu2014\/2024\/03\/IMG-20240308-WA0003.jpg\"><img loading=\"lazy\" decoding=\"async\" class=\" wp-image-5388 alignleft\" src=\"https:\/\/agora.xtec.cat\/ieslajonquera\/wp-content\/uploads\/usu2014\/2024\/03\/IMG-20240308-WA0003.jpg\" alt=\"\" width=\"235\" height=\"314\" srcset=\"https:\/\/agora.xtec.cat\/ieslajonquera\/wp-content\/uploads\/usu2014\/2024\/03\/IMG-20240308-WA0003.jpg 768w, https:\/\/agora.xtec.cat\/ieslajonquera\/wp-content\/uploads\/usu2014\/2024\/03\/IMG-20240308-WA0003-225x300.jpg 225w\" sizes=\"auto, (max-width: 235px) 100vw, 235px\" \/><\/a>Es van portar a terme les seg\u00fcents activitats:<\/p>\n<p style=\"text-align: justify;\">Elaboraci\u00f3 del mural \u201cJuntes\u201d al 1r pis de l\u2019institut. La fotografia \u00e9s amb totes les alumnes que hi van voler sortir.<\/p>\n<p style=\"text-align: justify;\">Treball sobre les dones m\u00e9s importants de l\u2019Edat Antiga a 1r d\u2019ESO des de la mat\u00e8ria de Socials.<\/p>\n<p style=\"text-align: justify;\">Gravaci\u00f3 per part de la Comissi\u00f3 de Coeducaci\u00f3 d\u2019un v\u00eddeo en qu\u00e8 hi va participar tot l\u2019institut.<\/p>\n<p style=\"text-align: justify;\">Assist\u00e8ncia a l\u2019acte organitzat per l\u2019Ajuntament de la Jonquera de l\u2019alumnat de Batxillerat i les delegades i delegats de cada curs en qu\u00e8 van llegir un\u00a0<a href=\"https:\/\/drive.google.com\/file\/d\/1q1hCWYsDRQrfMDqFTRDZ8Uy1c-R0fVrk\/view?usp=sharing\">manifest<\/a>\u00a0en representaci\u00f3 de tot l\u2019institut.<\/p>\n<p style=\"text-align: justify;\">Visionat del documental \u201c508 dies\u201d, de Marc Planagum\u00e0, sobre el paper de les dones en la lluita antifranquista a Batxillerat als Porxos de Can Laporta. L\u2019activitat va ser organitzada pel MUME i l\u2019Amical Antics Guerrillers Catalans.<\/p>\n<p style=\"text-align: justify;\">Exposici\u00f3 a la planta baixa del centre amb fotografies de dones de l\u2019entorn de l\u2019alumnat treballant organitzada per l\u2019alumnat de 2n i 3r d\u2019ESO des de la mat\u00e8ria de Socials.<\/p>\n<p style=\"text-align: justify;\"><strong>Curs 2022-2023<\/strong><\/p>\n<p style=\"text-align: justify;\"><a href=\"https:\/\/agora.xtec.cat\/ieslajonquera\/wp-content\/uploads\/usu2014\/2023\/07\/20230307_1223501-rotated.jpg\"><img loading=\"lazy\" decoding=\"async\" class=\"size-medium wp-image-4986 alignleft\" src=\"https:\/\/agora.xtec.cat\/ieslajonquera\/wp-content\/uploads\/usu2014\/2023\/07\/20230307_1223501-225x300.jpg\" alt=\"\" width=\"225\" height=\"300\" srcset=\"https:\/\/agora.xtec.cat\/ieslajonquera\/wp-content\/uploads\/usu2014\/2023\/07\/20230307_1223501-225x300.jpg 225w, https:\/\/agora.xtec.cat\/ieslajonquera\/wp-content\/uploads\/usu2014\/2023\/07\/20230307_1223501-rotated.jpg 768w\" sizes=\"auto, (max-width: 225px) 100vw, 225px\" \/><\/a>A les sessions de treball i la manifestaci\u00f3 iniciades el curs anterior, es van sumar les xerrades de dones de la Jonquera en qu\u00e8 explicaven les seves experi\u00e8ncies vitals a l&#8217;alumnat.<\/p>\n<p style=\"text-align: justify;\"><a href=\"https:\/\/drive.google.com\/drive\/folders\/10PwonZKEwJel9XZmjsf6f_jRXuEsmpik?usp=sharing\">Fotos i v\u00eddeos<\/a> de la celebraci\u00f3.<\/p>\n<p>&nbsp;<\/p>\n<p>&nbsp;<\/p>\n<p>&nbsp;<\/p>\n<p>&nbsp;<\/p>\n<p style=\"text-align: justify;\"><strong>Curs 2021-2022<\/strong><\/p>\n<p style=\"text-align: justify;\"><a href=\"https:\/\/agora.xtec.cat\/ieslajonquera\/wp-content\/uploads\/usu2014\/2023\/07\/20220308_1231091.jpg\"><img loading=\"lazy\" decoding=\"async\" class=\" wp-image-4985 alignleft\" src=\"https:\/\/agora.xtec.cat\/ieslajonquera\/wp-content\/uploads\/usu2014\/2023\/07\/20220308_1231091-300x225.jpg\" alt=\"\" width=\"468\" height=\"351\" srcset=\"https:\/\/agora.xtec.cat\/ieslajonquera\/wp-content\/uploads\/usu2014\/2023\/07\/20220308_1231091-300x225.jpg 300w, https:\/\/agora.xtec.cat\/ieslajonquera\/wp-content\/uploads\/usu2014\/2023\/07\/20220308_1231091-768x576.jpg 768w, https:\/\/agora.xtec.cat\/ieslajonquera\/wp-content\/uploads\/usu2014\/2023\/07\/20220308_1231091-200x150.jpg 200w, https:\/\/agora.xtec.cat\/ieslajonquera\/wp-content\/uploads\/usu2014\/2023\/07\/20220308_1231091.jpg 1024w\" sizes=\"auto, (max-width: 468px) 100vw, 468px\" \/><\/a>Per commemorar el dia 8 de mar\u00e7, Dia de la Dona Treballadora, es van portar a terme diverses activitats:<\/p>\n<p style=\"text-align: justify;\">\u2013<strong>Sessions de treball<\/strong>: Al llarg de tres dies, va haver-hi algunes activitats relacionades amb la situaci\u00f3 de la dona, com ara el visionat de pel\u00b7l\u00edcules (<em>Billy Elliot<\/em>, <em>Libertarias<\/em>, etc.) o documentals, reflexions sobre el paper de la dona (la seva evoluci\u00f3 al llarg de la prehist\u00f2ria, el sexisme a la publicitat, etc.) i xerrades (Identitats de g\u00e8nere. Diversitat de g\u00e8nere, afectivosexual).<\/p>\n<p style=\"text-align: justify;\">\u2013<a href=\"https:\/\/drive.google.com\/drive\/folders\/1i5pyirOCHRBLarEVosINLDKSsx61Cg_F?usp=sharing\"><strong>Tallers<\/strong><\/a>: A part de les activitats esmentades, n&#8217;hi va haver d\u2019altres destinades a preparar la manifestaci\u00f3 del 8 de mar\u00e7. D\u2019una banda, es van treballar els manifestos (en van sortir quatre: el d\u2019<a href=\"https:\/\/drive.google.com\/file\/d\/1n6UhTbMJ1ciGC1KFfB86TrlUUDK5-xBD\/view?usp=sharing\">alguns alumnes de 3r d\u2019ESO B<\/a>, el de la <a href=\"https:\/\/drive.google.com\/file\/d\/1Pc7I9xSmDPgECASTJSDpJAz4JaKF0jJs\/view?usp=sharing\">Mariam Ghaddar<\/a>, de 1r de Batxillerat, el de l\u2019<a href=\"https:\/\/drive.google.com\/file\/d\/19-D-uRful9ePeSIelidJYT5yCQ_dEwN3\/view?usp=sharing\">Eva S\u00e1nchez<\/a>, de 1r de Batxillerat, i el de l\u2019<a href=\"https:\/\/drive.google.com\/file\/d\/1vSatOcjP_u0fL8QXCsNrMeT9ino2dRUz\/view?usp=sharing\">alumnat de 2n de Batxillerat<\/a>) i, d\u2019una altra banda, es van elaborar pancartes.<\/p>\n<p style=\"text-align: justify;\">\u2013<a href=\"https:\/\/drive.google.com\/drive\/folders\/1o2RgT0BoV8dffIY0mGDs6jnlx-0uZ_G5?usp=sharing\"><strong>Manifestaci\u00f3<\/strong><\/a>: Es va anar fins la Pla\u00e7a de l\u2019Ajuntament i el manifest escollit, el de l\u2019alumna de 1r de Batxillerat Eva S\u00e1nchez, va estar llegit a davant de les autoritats locals, els alumnes del centre i tots els jonquerencs que s\u2019hi van voler afegir.<\/p>\n<p style=\"text-align: justify;\">\u2013<a href=\"https:\/\/drive.google.com\/drive\/folders\/1NcyzbVM-8ODEN07ueyvZ3jIkvcO8uUGL?usp=sharing\"><strong>8M gegant<\/strong><\/a>: Es va representar al pati de l\u2019institut, amb la participaci\u00f3 de l\u2019alumnat i la col\u00b7laboraci\u00f3 desinteressada d\u2019en Josep, de Falgu\u00e9s Fotografia, que va fer les fotografies a\u00e8ries.<\/p>\n<p style=\"text-align: justify;\"><strong>Curs 2020-2021<\/strong><\/p>\n<p style=\"text-align: justify;\">Al llarg de la Setmana de la Dona, del 8 al 12 de mar\u00e7, es van portat a terme al centre moltes activitats a tots els nivells d&#8217;ESO i Batxillerat i des de la gran majoria de les mat\u00e8ries, com ara: classes monogr\u00e0fiques sobre la situaci\u00f3 de la dona al m\u00f3n cl\u00e0ssic, les trobairitz i les dones escriptotes des de l&#8217;Edat Mitjana fins el segle XX; <a href=\"https:\/\/drive.google.com\/drive\/folders\/1eWmsabDa74gwVVU6bO0B-MdLCkq8-QeR?usp=sharing\">jocs de pistes<\/a> per l&#8217;institut sobre diferents dones que han fet hist\u00f2ria i a la biblioteca del centre, adre\u00e7ats a totes les edats, i per <a href=\"https:\/\/drive.google.com\/drive\/folders\/1Nc-i6jEWcTTEDPv6ew3-Rsl4zicfsuSg?usp=sharing\">descobrir escriptores i obres feministes<\/a>; visionat de pel\u00b7l\u00edcules com: <em>\u00c1gora<\/em>, <em>Figuras ocultas<\/em>, <em>Coco avant Chanel<\/em>, <em>Pride and Prejudice<\/em>, <em>Antonia\u2019s line<\/em>,<em> Libertarias<\/em> o <em>Chocolat<\/em> i documentals com: <em>Dones esportistes que han trencat barreres<\/em>, <em>Grandes inventos creados por mujeres<\/em>, <em>Girls toys VS boys toys, the experiment<\/em>, <em>A class that turned around kids\u2019 assumptions of gender roles<\/em>, <em>Mariama<\/em>, <em>Rachel Carson, pionera del movimiento ambientalista<\/em> i <em>Dones, ci\u00e8ncia i tecnologia&#8230;una carrera de fons<\/em>; recerca i elaboraci\u00f3 de p\u00f2sters i cartells sobre dones franceses que han deixat petjada al llarg de la hist\u00f2ria i dones rellevants de la II Rep\u00fablica i la Guerra Civil, adscripci\u00f3 al moviment <a href=\"https:\/\/www.nomorematildas.com\/\">#NoMoreMatildas<\/a>; an\u00e0lisi del llenguatge a la m\u00fasica (trap, reggaeton, electro urbana), a la publicitat, al refranyer popular i als lemes del #8M; lectura i an\u00e0lisi de contes i poemes: &#8220;<a href=\"http:\/\/associacioperlacoeducacio.org\/wp-content\/uploads\/2018\/02\/La-cenicienta-que-no-quer%C3%ADa-comer-perdices.pdf\">La cenicienta que no quer\u00eda comer perdices<\/a>&#8220;, de Nunila L\u00f3pez, &#8220;<a href=\"https:\/\/www.youtube.com\/watch?v=AtQUk04jWMY\">Diacr\u00edtic<\/a>&#8220;, de Mireia Calafell, &#8220;8 de mar\u00e7&#8221; i &#8220;T\u2019estimo perqu\u00e8 s\u00ed, perqu\u00e8 el cos m\u2019ho demana&#8221;, de Maria Merc\u00e8 Mar\u00e7al; presentacions de dones importants i estudi de <a href=\"https:\/\/drive.google.com\/drive\/folders\/1uRZ872m7xr7cP-g8d0-G2Nlymwnsg3-a?usp=sharing\">la situaci\u00f3 de la dona<\/a> als pa\u00efsos d&#8217;origen dels alumnes de l&#8217;Aula d&#8217;Acollida; creaci\u00f3 de la instal\u00b7laci\u00f3 art\u00edstica col\u00b7lectiva &#8220;<a href=\"https:\/\/drive.google.com\/drive\/folders\/1E3l8BNSgfSLiASjndT0ZN0BC-jr-Z19j?usp=sharing\">La nostra melodia d&#8217;igualtat i respecte<\/a>&#8220;.<\/p>\n","protected":false},"excerpt":{"rendered":"<p><a href=\"https:\/\/agora.xtec.cat\/ieslajonquera\/wp-content\/uploads\/usu2014\/2021\/03\/setmana-de-la-dona1.jpg\"><\/a><br \/>\nLa Setmana de la Dona \u00e9s una iniciativa que es va engegar el curs 2020-2021 amb l&#8217;objectiu d&#8217;aprofundir en les activitats que tradicionalment es portaven a terme al centre el 8 de mar\u00e7 tot coincidint amb el Dia de la Dona Treballadora.<br \/>\n&nbsp;<br \/>\n&nbsp;<br \/>\n&nbsp;<br \/>\nCurs 2024-2025<br \/>\n<a href=\"https:\/\/agora.xtec.cat\/ieslajonquera\/wp-content\/uploads\/usu2014\/2025\/03\/IMG-20250307-WA0005.jpg\"><\/a>Va&hellip;  <a href=\"https:\/\/agora.xtec.cat\/ieslajonquera\/projectes\/setmana-de-la-dona\/\" title=\"Read Setmana de la Dona\">Llegeix m\u00e9s\u00bb<\/a><\/p>\n","protected":false},"author":3,"featured_media":0,"parent":599,"menu_order":0,"comment_status":"closed","ping_status":"closed","template":"page-templates\/side-menu.php","meta":{"_bbp_topic_count":0,"_bbp_reply_count":0,"_bbp_total_topic_count":0,"_bbp_total_reply_count":0,"_bbp_voice_count":0,"_bbp_anonymous_reply_count":0,"_bbp_topic_count_hidden":0,"_bbp_reply_count_hidden":0,"_bbp_forum_subforum_count":0,"footnotes":""},"class_list":["post-3127","page","type-page","status-publish","hentry"],"post_mailing_queue_ids":[],"_links":{"self":[{"href":"https:\/\/agora.xtec.cat\/ieslajonquera\/wp-json\/wp\/v2\/pages\/3127","targetHints":{"allow":["GET"]}}],"collection":[{"href":"https:\/\/agora.xtec.cat\/ieslajonquera\/wp-json\/wp\/v2\/pages"}],"about":[{"href":"https:\/\/agora.xtec.cat\/ieslajonquera\/wp-json\/wp\/v2\/types\/page"}],"author":[{"embeddable":true,"href":"https:\/\/agora.xtec.cat\/ieslajonquera\/wp-json\/wp\/v2\/users\/3"}],"replies":[{"embeddable":true,"href":"https:\/\/agora.xtec.cat\/ieslajonquera\/wp-json\/wp\/v2\/comments?post=3127"}],"version-history":[{"count":6,"href":"https:\/\/agora.xtec.cat\/ieslajonquera\/wp-json\/wp\/v2\/pages\/3127\/revisions"}],"predecessor-version":[{"id":6323,"href":"https:\/\/agora.xtec.cat\/ieslajonquera\/wp-json\/wp\/v2\/pages\/3127\/revisions\/6323"}],"up":[{"embeddable":true,"href":"https:\/\/agora.xtec.cat\/ieslajonquera\/wp-json\/wp\/v2\/pages\/599"}],"wp:attachment":[{"href":"https:\/\/agora.xtec.cat\/ieslajonquera\/wp-json\/wp\/v2\/media?parent=3127"}],"curies":[{"name":"wp","href":"https:\/\/api.w.org\/{rel}","templated":true}]}}