{"id":3112,"date":"2021-07-13T20:31:07","date_gmt":"2021-07-13T18:31:07","guid":{"rendered":"https:\/\/agora.xtec.cat\/ieslajonquera\/?page_id=3112"},"modified":"2023-07-05T16:59:04","modified_gmt":"2023-07-05T14:59:04","slug":"curs-2020-2021","status":"publish","type":"page","link":"https:\/\/agora.xtec.cat\/ieslajonquera\/projectes\/club-de-lectura\/curs-2020-2021\/","title":{"rendered":"Curs 2020-2021"},"content":{"rendered":"<p>Com a conseq\u00fc\u00e8ncia de les mesures contra la covid-19, no podem fer les sessions del Club de Lectura presencials, aix\u00ed \u00e9s que hem decidit que les xarxes socials seran les nostres aliades en aquesta nova etapa. Crearem booktrailers, ens convertirem en booktubers i comentarem les lectures a trav\u00e9s d&#8217;Instagram i Youtube. Per\u00f2, sobretot, continuarem fent el que m\u00e9s ens agrada: gaudir de la lectura.<\/p>\n<p>Al mal temps, bona cara.<\/p>\n<table>\n<tbody>\n<tr>\n<td>\n<h4><strong>CONCURS<\/strong><\/h4>\n<h5><a href=\"https:\/\/agora.xtec.cat\/ieslajonquera\/wp-content\/uploads\/usu2014\/2021\/01\/Club-de-Lectural21.png\"><img loading=\"lazy\" decoding=\"async\" class=\"aligncenter wp-image-2488\" src=\"https:\/\/agora.xtec.cat\/ieslajonquera\/wp-content\/uploads\/usu2014\/2021\/01\/Club-de-Lectural21-300x300.png\" alt=\"\" width=\"349\" height=\"349\" srcset=\"https:\/\/agora.xtec.cat\/ieslajonquera\/wp-content\/uploads\/usu2014\/2021\/01\/Club-de-Lectural21-300x300.png 300w, https:\/\/agora.xtec.cat\/ieslajonquera\/wp-content\/uploads\/usu2014\/2021\/01\/Club-de-Lectural21-150x150.png 150w, https:\/\/agora.xtec.cat\/ieslajonquera\/wp-content\/uploads\/usu2014\/2021\/01\/Club-de-Lectural21.png 500w\" sizes=\"auto, (max-width: 349px) 100vw, 349px\" \/><\/a><\/h5>\n<\/td>\n<td><a href=\"https:\/\/femunbooktrailer.cruilla.cat\/index.html\">Com fer un booktrailer<\/a><\/p>\n<p><strong>Sobre quin llibre ha de ser?<\/strong><\/p>\n<p>Qualsevol llibre que t&#8217;hagi agradat serveix!<\/p>\n<p><strong>Com pots fer-nos arribar el teu booktrailer?<\/strong><\/p>\n<p>Per correu electr\u00f2nic, pel Drive o per instagram<\/p>\n<p><strong>Quina \u00e9s la data l\u00edmit per enviar-nos-el?<\/strong><\/p>\n<p>El 29 de gener de 2021<\/p>\n<p><strong>Qu\u00e8 implica participar en el concurs?<\/strong><\/p>\n<p>Publicarem el teu booktrailer a l&#8217;Instagram i al canal de Youtube del Club de Lectura. Si no vols que surti el teu nom, pots posar un pseud\u00f2nim, per\u00f2 que hi participis no t&#8217;obliga a formar part del Club. I, encara que no hi participis, tamb\u00e9 pots formar part del Club.<\/td>\n<\/tr>\n<\/tbody>\n<\/table>\n<p><a href=\"https:\/\/www.youtube.com\/watch?v=yHcZU6_2DHw\">Qu\u00e8 s\u00f3n els &#8220;booktubers&#8221;?<\/a><\/p>\n<p><a href=\"https:\/\/agora.xtec.cat\/ieslajonquera\/wp-content\/uploads\/usu2014\/2021\/01\/wonder.jpg\"><img loading=\"lazy\" decoding=\"async\" class=\" wp-image-2521 alignleft\" src=\"https:\/\/agora.xtec.cat\/ieslajonquera\/wp-content\/uploads\/usu2014\/2021\/01\/wonder.jpg\" alt=\"\" width=\"321\" height=\"460\" \/><\/a>El primer llibre que llegirem aquest curs \u00e9s <em>Wonder<\/em>, de R. J. palacio.<\/p>\n<p>En aquest <a href=\"http:\/\/www.edu365.cat\/eso\/catala\/lectures\/wonder\/index.htm\">enlla\u00e7<\/a> trobareu m\u00e9s informaci\u00f3.<\/p>\n<p>Si ja l&#8217;heu llegit i us ha agradat, <a href=\"https:\/\/www.ccma.cat\/tv3\/super3\/infok\/tots-els-llibres-de-wonder\/post\/3020836\/\">aqu\u00ed<\/a> trobareu m\u00e9s llibres <em>Wonder. <\/em>Els tenim a la biblioteca!<em><br \/>\n<\/em><\/p>\n<p>Us proposem que <strong>del 29 de gener a l&#8217;1 de mar\u00e7<\/strong>, i a mesura que aneu llegint el llibre, participeu en alguna d&#8217;aquestes iniciatives o proposeu-ne de noves:<\/p>\n<p>-Aneu penjant les imatges i les idees que us vinguin al cap al vostre compte d&#8217;Instagram amb l&#8217;etiqueta @clubdelecturainslajonquera.<\/p>\n<p>-Envieu un comentari p\u00fablic amb la vostra opini\u00f3 al compte d&#8217;Instagram del Club de Lectura.<\/p>\n<p>-Feu de booktubers i graveu un v\u00eddeo amb la vostra opini\u00f3 sobre el llibre i ens el feu arribar a trav\u00e9s d&#8217;Instagram o pel Drive.<\/p>\n<p>-Elaboreu un booktrailer i ens el feu arribar a trav\u00e9s d&#8217;Instagram o pel Drive.<\/p>\n<p><strong>BONA LECTURA!<\/strong><\/p>\n<p><a href=\"https:\/\/agora.xtec.cat\/ieslajonquera\/wp-content\/uploads\/usu2014\/2023\/07\/Calpurnia.jpg\"><img loading=\"lazy\" decoding=\"async\" class=\"wp-image-4960 alignright\" src=\"https:\/\/agora.xtec.cat\/ieslajonquera\/wp-content\/uploads\/usu2014\/2023\/07\/Calpurnia.jpg\" alt=\"\" width=\"263\" height=\"422\" \/><\/a><\/p>\n<p>El segon llibre que llegirem, coincidint amb la Setmana de la Dona, \u00e9s <em>L&#8217;evoluci\u00f3 de la Calp\u00farnia Tate<\/em>, de <span data-ved=\"2ahUKEwjerOun06bvAhVxTxUIHd2pAuEQ2kooAjAUegQIHRAM\">Jacqueline Kelly. <\/span><\/p>\n<p>Ser l&#8217;\u00fanica noia de set fills al Texas del final del segle XIX no \u00e9s gens f\u00e0cil. La mare de la Calp\u00farnia Tate (Callie V. per als amics) vol que aprengui coses de &#8216;senyoretes&#8217;. Per\u00f2 ella \u00e9s un esperit inquiet a qui li agraden les baralles dels seus germans, observar la natura i capturar animalons. L&#8217;\u00fanic que li fa cas \u00e9s l&#8217;avi, que se l&#8217;end\u00fa a les seves excursions per fer observacions cient\u00edfiques, per\u00f2 el bullici\u00f3s entorn familiar la distreur\u00e0 en m\u00e9s d&#8217;una ocasi\u00f3.<\/p>\n<p>Us proposem que <strong>del 15 de mar\u00e7 al 15 d&#8217;abril<\/strong>, i a mesura que aneu llegint el llibre, participeu en alguna d&#8217;aquestes iniciatives del <a href=\"https:\/\/sites.google.com\/xtec.cat\/evolucio-de-la-calpurnia-tate\/activitats-per-cap%C3%ADtols?authuser=0\">CESIRE<\/a> o proposeu-ne de noves:<\/p>\n<p>-Escolliu un dels temes que penseu que s\u2019han tractat en aquest llibre (paper de la dona a la societat, com ha evolucionat la ci\u00e8ncia, relacions familiars\u2026) i compareu l\u2019estat actual amb el de l\u2019\u00e8poca de la Calp\u00farnia Tate. Expliqueu-ho, contrastant les dues visions,\u00a0 mitjan\u00e7ant un v\u00eddeo com aquest: <a href=\"https:\/\/www.danielmercadante.com\/symmetry\">https:\/\/www.danielmercadante.com\/symmetry<\/a><\/p>\n<p>Ara que ja heu acabat de llegir el llibre el podeu compartir i recomanar amb altres lectors, tot explicant la vostra experi\u00e8ncia i donant la vostra opini\u00f3. Per aix\u00f2 us proposem que feu alguna de les seg\u00fcent propostes:<\/p>\n<p>-Booktrailer: En qu\u00e8 feu com si fos un tr\u00e0iler d\u2019una pel\u00b7l\u00edcula per\u00f2 en aquest cas del llibre.<\/p>\n<p>-Booktuber: Graveu un v\u00eddeo recomanant el llibre i explicant per qu\u00e8 us ha agradat, a qui el recomanar\u00edeu, etc.<\/p>\n<p>-Taller de creaci\u00f3:Una vegada us heu acabat el llibre us proposem que us poseu al paper de l\u2019autora i redacteu o b\u00e9 un altre final diferent o una segona part de llibre.<\/p>\n<p>-Podeu escriure un assaig per comparar les cites sobre la teoria de l\u2019evoluci\u00f3 amb el concepte <i>d\u2019evoluci\u00f3<\/i> de la protagonista.<\/p>\n<p>-Us atreviu a fer un gui\u00f3 i preparar una representaci\u00f3 de teatre o amb titelles?<\/p>\n<p>-Si us agrada dibuixar, podeu fer una representaci\u00f3 art\u00edstica de l\u2019habitaci\u00f3 de la Calp\u00farnia o d\u2019algun altre dels llocs que es descriuen en el llibre.<\/p>\n<p>-Podeu fer una entrada al vostre perfil d\u2019Instagram (amb l&#8217;etiqueta @clubdelecturainslajonquera) fent una fotografia inspiradora sobre el llibre i acompanyada d\u2019un petit text fent una recomanaci\u00f3 per a la seva lectura.<\/p>\n<p><strong>BONA LECTURA!<\/strong><\/p>\n<p><a href=\"https:\/\/agora.xtec.cat\/ieslajonquera\/wp-content\/uploads\/usu2014\/2021\/05\/La-mosca.jpg\"><img loading=\"lazy\" decoding=\"async\" class=\" wp-image-2924 alignleft\" src=\"https:\/\/agora.xtec.cat\/ieslajonquera\/wp-content\/uploads\/usu2014\/2021\/05\/La-mosca.jpg\" alt=\"\" width=\"248\" height=\"412\" \/><\/a>El tercer llibre que llegirem \u00e9s <em>La mosca. Assetjament a les aules<\/em>, de Gemma Pasqual i Escriv\u00e0.<\/p>\n<p><span dir=\"ltr\">La mosca<\/span><span dir=\"ltr\"> comen\u00e7a amb el soterrar de Marc, un adolescent que s\u2019ha <\/span><span dir=\"ltr\">su\u00efcidat perqu\u00e8 ja no suportava m\u00e9s l\u2019assetj<\/span><span dir=\"ltr\">ament al qual estava sotm\u00e9s. Isona, la <\/span><span dir=\"ltr\">seua amiga \u2013l\u2019\u00fanica\u2013 far\u00e0 sonar el viol\u00ed <\/span><span dir=\"ltr\">en un \u00faltim cant per pair la r\u00e0bia, la <\/span><span dir=\"ltr\">indignaci\u00f3, la impot\u00e8ncia, per<\/span><span dir=\"ltr\">\u00f2 sobretot el sentiment de <\/span><span dir=\"ltr\">culpa que la perseguir\u00e0 al <\/span><span dir=\"ltr\">llarg de tota la novel\u00b7la. <\/span><\/p>\n<p><span dir=\"ltr\">Ella, protagonista d\u2019aquesta hist\u00f2ria, es veur\u00e0 obligada a canviar\u00e0 d\u2019institut <\/span><span dir=\"ltr\">per fugir d\u2019una conviv\u00e8ncia impossible. T<\/span><span dir=\"ltr\">anmateix, al nou centre la mateixa <\/span><span dir=\"ltr\">situaci\u00f3 viscuda es <\/span><span dir=\"ltr\">repetir\u00e0. Aquesta vegada, per\u00f2, <\/span><span dir=\"ltr\">decideix fer el<\/span><span dir=\"ltr\"> cor fort i <\/span><span dir=\"ltr\">enfrontar-se als fets, juntament amb la complicitat de dos nous amics \u2013Miquel i <\/span><span dir=\"ltr\">Laila\u2013, al seu passat i a les persones q<\/span><span dir=\"ltr\">ue fan de la por dels m\u00e9s febles un <\/span><span dir=\"ltr\">instrument per sentir-se poderosos. <\/span><\/p>\n<p><span dir=\"ltr\">De la m\u00e0 d\u2019Isona serem testimonis de le<\/span><span dir=\"ltr\">s diverses etapes que travessa un <\/span><span dir=\"ltr\">alumne v\u00edctima de l\u2019assetjament escolar, des de la primera broma fins a les <\/span><span dir=\"ltr\">agressions f\u00edsiques i vexacions m\u00e9s greus<\/span><span dir=\"ltr\">. Passat i present, records i somnis, <\/span><span dir=\"ltr\">aniran entrella\u00e7ant-se per dibuixar la vertader<\/span><span dir=\"ltr\">a hist\u00f2ria de Marc i all\u00f2 que per tots <\/span><span dir=\"ltr\">els mitjans intenta oblidar Isona. <\/span><\/p>\n<p><a href=\"http:\/\/perifericedicions.com\/wp-content\/uploads\/2014\/10\/Guia-17.pdf\">Guia de lectura<\/a><\/p>\n<p><a href=\"https:\/\/www.escriptors.cat\/autors\/pasqualg\/obra\/la-mosca-assetjament-les-aules\">Entrevista amb l&#8217;autora<\/a><\/p>\n<p><strong>BONA LECTURA!<\/strong><\/p>\n<p>La quarta lectura ser\u00e0 lliure, per\u00f2 al voltant d&#8217;una tem\u00e0tica comuna: la xocolata i la pastisseria.<\/p>\n<p>Vine a la biblioteca, busca els bitllets daurats que hi ha amagats, bescanvia&#8217;ls per un obsequi i aprofita que hi ets per escollir un llibre de la nostyra selecci\u00f3.<\/p>\n<p><strong>BONA LECTURA!<\/strong><\/p>\n","protected":false},"excerpt":{"rendered":"<p>Com a conseq\u00fc\u00e8ncia de les mesures contra la covid-19, no podem fer les sessions del Club de Lectura presencials, aix\u00ed \u00e9s que hem decidit que les xarxes socials seran les nostres aliades en aquesta nova etapa. Crearem booktrailers, ens convertirem en booktubers i comentarem les&hellip;  <a href=\"https:\/\/agora.xtec.cat\/ieslajonquera\/projectes\/club-de-lectura\/curs-2020-2021\/\" title=\"Read Curs 2020-2021\">Llegeix m\u00e9s\u00bb<\/a><\/p>\n","protected":false},"author":3,"featured_media":0,"parent":1609,"menu_order":0,"comment_status":"closed","ping_status":"closed","template":"page-templates\/side-menu.php","meta":{"_bbp_topic_count":0,"_bbp_reply_count":0,"_bbp_total_topic_count":0,"_bbp_total_reply_count":0,"_bbp_voice_count":0,"_bbp_anonymous_reply_count":0,"_bbp_topic_count_hidden":0,"_bbp_reply_count_hidden":0,"_bbp_forum_subforum_count":0,"footnotes":""},"class_list":["post-3112","page","type-page","status-publish","hentry"],"post_mailing_queue_ids":[],"_links":{"self":[{"href":"https:\/\/agora.xtec.cat\/ieslajonquera\/wp-json\/wp\/v2\/pages\/3112","targetHints":{"allow":["GET"]}}],"collection":[{"href":"https:\/\/agora.xtec.cat\/ieslajonquera\/wp-json\/wp\/v2\/pages"}],"about":[{"href":"https:\/\/agora.xtec.cat\/ieslajonquera\/wp-json\/wp\/v2\/types\/page"}],"author":[{"embeddable":true,"href":"https:\/\/agora.xtec.cat\/ieslajonquera\/wp-json\/wp\/v2\/users\/3"}],"replies":[{"embeddable":true,"href":"https:\/\/agora.xtec.cat\/ieslajonquera\/wp-json\/wp\/v2\/comments?post=3112"}],"version-history":[{"count":2,"href":"https:\/\/agora.xtec.cat\/ieslajonquera\/wp-json\/wp\/v2\/pages\/3112\/revisions"}],"predecessor-version":[{"id":4961,"href":"https:\/\/agora.xtec.cat\/ieslajonquera\/wp-json\/wp\/v2\/pages\/3112\/revisions\/4961"}],"up":[{"embeddable":true,"href":"https:\/\/agora.xtec.cat\/ieslajonquera\/wp-json\/wp\/v2\/pages\/1609"}],"wp:attachment":[{"href":"https:\/\/agora.xtec.cat\/ieslajonquera\/wp-json\/wp\/v2\/media?parent=3112"}],"curies":[{"name":"wp","href":"https:\/\/api.w.org\/{rel}","templated":true}]}}