{"id":2858,"date":"2021-04-07T14:11:13","date_gmt":"2021-04-07T12:11:13","guid":{"rendered":"https:\/\/agora.xtec.cat\/ieslajonquera\/?page_id=2858"},"modified":"2023-10-10T11:01:14","modified_gmt":"2023-10-10T09:01:14","slug":"criteris-davaluacio-de-batxillerat","status":"publish","type":"page","link":"https:\/\/agora.xtec.cat\/ieslajonquera\/estudis\/batxillerat\/criteris-davaluacio-de-batxillerat\/","title":{"rendered":"Criteris d&#8217;avaluaci\u00f3 de Batxillerat"},"content":{"rendered":"<p style=\"text-align: justify;\">&#8211; Els alumnes hauran de treure una puntuaci\u00f3 m\u00ednima d&#8217;entre 3 i 4 punts sobre 10 a les proves avaluatives perqu\u00e8 se&#8217;ls faci mitjana a l&#8217;hora de calcular la qualificaci\u00f3 del trimestre.<\/p>\n<p style=\"text-align: justify;\">&#8211; Es faran recuperacions internes trimestrals (despr\u00e9s de cada trimestre o a final de curs) dins del per\u00edode lectiu (maig-juny). Si la recuperaci\u00f3 \u00e9s trimestral, s&#8217;ha de fer el trimestre seg\u00fcent.<\/p>\n<p style=\"text-align: justify;\">&#8211; A l&#8217;avaluaci\u00f3 extraordin\u00e0ria, la nota final ser\u00e0 l&#8217;obtinguda en les proves de recuperaci\u00f3 de les mat\u00e8ries.<\/p>\n<p style=\"text-align: justify;\">&#8211; Si l&#8217;alumne\/a copia, tindr\u00e0 un 0 en la prova. Conseq\u00fcentment i at\u00e8s que no podr\u00e0 fer mitjana, li quedar\u00e0 el trimestre de la mat\u00e8ria susp\u00e8s.<\/p>\n<p style=\"text-align: justify;\">&#8211; A totes les mat\u00e8ries es pot baixar fins a 1 punt per faltes d&#8217;ortografia en les tasques avaluables; en les proves d\u2019avaluaci\u00f3 (ex\u00e0mens) de lleng\u00fces aquesta baixada \u00e9s il\u00b7limitada, mentre que en la resta de mat\u00e8ries no es penalitza.<\/p>\n","protected":false},"excerpt":{"rendered":"<p>&#8211; Els alumnes hauran de treure una puntuaci\u00f3 m\u00ednima d&#8217;entre 3 i 4 punts sobre 10 a les proves avaluatives perqu\u00e8 se&#8217;ls faci mitjana a l&#8217;hora de calcular la qualificaci\u00f3 del trimestre.<br \/>\n&#8211; Es faran recuperacions internes trimestrals (despr\u00e9s de cada trimestre o a final de&hellip;  <a href=\"https:\/\/agora.xtec.cat\/ieslajonquera\/estudis\/batxillerat\/criteris-davaluacio-de-batxillerat\/\" title=\"Read Criteris d&#8217;avaluaci\u00f3 de Batxillerat\">Llegeix m\u00e9s\u00bb<\/a><\/p>\n","protected":false},"author":3,"featured_media":0,"parent":583,"menu_order":0,"comment_status":"closed","ping_status":"closed","template":"","meta":{"_bbp_topic_count":0,"_bbp_reply_count":0,"_bbp_total_topic_count":0,"_bbp_total_reply_count":0,"_bbp_voice_count":0,"_bbp_anonymous_reply_count":0,"_bbp_topic_count_hidden":0,"_bbp_reply_count_hidden":0,"_bbp_forum_subforum_count":0,"footnotes":""},"class_list":["post-2858","page","type-page","status-publish","hentry"],"post_mailing_queue_ids":[],"_links":{"self":[{"href":"https:\/\/agora.xtec.cat\/ieslajonquera\/wp-json\/wp\/v2\/pages\/2858","targetHints":{"allow":["GET"]}}],"collection":[{"href":"https:\/\/agora.xtec.cat\/ieslajonquera\/wp-json\/wp\/v2\/pages"}],"about":[{"href":"https:\/\/agora.xtec.cat\/ieslajonquera\/wp-json\/wp\/v2\/types\/page"}],"author":[{"embeddable":true,"href":"https:\/\/agora.xtec.cat\/ieslajonquera\/wp-json\/wp\/v2\/users\/3"}],"replies":[{"embeddable":true,"href":"https:\/\/agora.xtec.cat\/ieslajonquera\/wp-json\/wp\/v2\/comments?post=2858"}],"version-history":[{"count":6,"href":"https:\/\/agora.xtec.cat\/ieslajonquera\/wp-json\/wp\/v2\/pages\/2858\/revisions"}],"predecessor-version":[{"id":5134,"href":"https:\/\/agora.xtec.cat\/ieslajonquera\/wp-json\/wp\/v2\/pages\/2858\/revisions\/5134"}],"up":[{"embeddable":true,"href":"https:\/\/agora.xtec.cat\/ieslajonquera\/wp-json\/wp\/v2\/pages\/583"}],"wp:attachment":[{"href":"https:\/\/agora.xtec.cat\/ieslajonquera\/wp-json\/wp\/v2\/media?parent=2858"}],"curies":[{"name":"wp","href":"https:\/\/api.w.org\/{rel}","templated":true}]}}

Criteris d&#8217;avaluació de Batxillerat

<p style="text-align: justify;">&#8211; Els alumnes hauran de treure una puntuació mínima d&#8217;entre 3 i 4 punts sobre 10 a les proves avaluatives perquè se&#8217;ls faci mitjana a l&#8217;hora de calcular la qualificació del trimestre.</p>
<p style="text-align: justify;">&#8211; Es faran recuperacions internes trimestrals (després de cada trimestre o a final de curs) dins del període lectiu (maig-juny). Si la recuperació és trimestral, s&#8217;ha de fer el trimestre següent.</p>
<p style="text-align: justify;">&#8211; A l&#8217;avaluació extraordinària, la nota final serà l&#8217;obtinguda en les proves de recuperació de les matèries.</p>
<p style="text-align: justify;">&#8211; Si l&#8217;alumne/a copia, tindrà un 0 en la prova. Conseqüentment i atès que no podrà fer mitjana, li quedarà el trimestre de la matèria suspès.</p>
<p style="text-align: justify;">&#8211; A totes les matèries es pot baixar fins a 1 punt per faltes d&#8217;ortografia en les tasques avaluables; en les proves d’avaluació (exàmens) de llengües aquesta baixada és il·limitada, mentre que en la resta de matèries no es penalitza.</p>

<p>&#8211; Els alumnes hauran de treure una puntuació mínima d&#8217;entre 3 i 4 punts sobre 10 a les proves avaluatives perquè se&#8217;ls faci mitjana a l&#8217;hora de calcular la qualificació del trimestre.<br />
&#8211; Es faran recuperacions internes trimestrals (després de cada trimestre o a final de&hellip;  <a href="https://agora.xtec.cat/ieslajonquera/estudis/batxillerat/criteris-davaluacio-de-batxillerat/" title="Read Criteris d&#8217;avaluació de Batxillerat">Llegeix més»</a></p>
