{"id":1641,"date":"2020-03-09T23:51:27","date_gmt":"2020-03-09T22:51:27","guid":{"rendered":"https:\/\/agora.xtec.cat\/ieslajonquera\/?page_id=1641"},"modified":"2023-07-05T17:26:12","modified_gmt":"2023-07-05T15:26:12","slug":"projecte-rius-2","status":"publish","type":"page","link":"https:\/\/agora.xtec.cat\/ieslajonquera\/projectes\/projecte-rius-2\/","title":{"rendered":"Projecte Rius"},"content":{"rendered":"<div>\n<p style=\"text-align: justify;\"><strong><a href=\"https:\/\/agora.xtec.cat\/ieslajonquera\/wp-content\/uploads\/usu2014\/2020\/03\/projecte-rius.gif\"><img loading=\"lazy\" decoding=\"async\" class=\"size-full wp-image-1640 alignleft\" src=\"https:\/\/agora.xtec.cat\/ieslajonquera\/wp-content\/uploads\/usu2014\/2020\/03\/projecte-rius.gif\" alt=\"\" width=\"170\" height=\"113\" \/><\/a>El <a href=\"http:\/\/www.projecterius.cat\/front\">Projecte Rius<\/a> \u00e9s una iniciativa de l\u2019Associaci\u00f3 H\u00e0bitat<\/strong>, una entitat sense afany de lucre que des del 1997 treballa per apropar les persones als rius i les rieres.<\/p>\n<p style=\"text-align: justify;\">El projecte neix al Departament d\u2019Ecologia de la Universitat de Barcelona (Facultat de Biologia), on professorat i alumnes conceben una iniciativa que combina la vessant ambiental amb la social, ideant aix\u00ed un gran projecte de participaci\u00f3 ciutadana i de voluntariat ambiental per l&#8217;an\u00e0lisi, seguiment i millora dels <strong>ecosistemes fluvials.<\/strong><\/p>\n<p style=\"text-align: justify;\">El Projecte Rius basa la seva tasca en tres pilars fonamentals:<\/p>\n<ul>\n<li style=\"text-align: justify;\">La import\u00e0ncia de <strong>l\u2019educaci\u00f3<\/strong> per con\u00e8ixer millor els ecosistemes aqu\u00e0tics.<\/li>\n<li style=\"text-align: justify;\">La const\u00e0ncia del treball del <strong>voluntariat<\/strong>, que vetlla per la conservaci\u00f3 d\u2019un tram de riu a l\u2019\u00e0mbit local.<\/li>\n<li style=\"text-align: justify;\">El foment de la <strong>participaci\u00f3<\/strong> ciutadana, com a eina fonamental que ens condueix cap a una societat m\u00e9s conscient i capacitada per emprendre accions de protecci\u00f3 i millora d\u2019aquests ecosistemes.<\/li>\n<\/ul>\n<\/div>\n<p><strong>Curs 2022-2023<\/strong><\/p>\n<p>Un cop m\u00e9s, els alumnes de 3r d&#8217;ESO van ser els encarregats de prendre les mesures, des de les mat\u00e8ries de F\u00edsica i Qu\u00edmica i Biologia, en dues \u00e8poques de l&#8217;any:<\/p>\n<p>Mostres de <a href=\"https:\/\/drive.google.com\/drive\/folders\/1q04BpLaxBaYd5NynvCpi8A89NjpaTdw0?usp=sharing\">tardor<\/a><\/p>\n<p>Mostres de <a href=\"https:\/\/drive.google.com\/drive\/folders\/1ssnqlYaUhQ7lIBvVz6V54_hfsccG8p3j?usp=sharing\">primavera<\/a><\/p>\n<p><strong>Curs 2021-2022<\/strong><\/p>\n<p>Els alumnes de 3r d&#8217;ESO van ser els encarregats de prendre les mesures, des de les mat\u00e8ries de F\u00edsica i Qu\u00edmica i Biologia, en dues \u00e8poques de l&#8217;any:<\/p>\n<p>Mostres de <a href=\"https:\/\/drive.google.com\/drive\/folders\/1li0iubx7pR4PA055seNeruY7_1Bq5ahb?usp=sharing\">tardor<\/a><\/p>\n<p>Mostres de <a href=\"https:\/\/drive.google.com\/drive\/folders\/1nNxpLRN4-EIYijRFUWK8nRjMPUuMuwwY?usp=sharing\">primavera<\/a><\/p>\n<p style=\"text-align: justify;\"><strong>Curs 2020-2021<\/strong> s&#8217;inicia la presa de mesures fisicoqu\u00edmiques i biol\u00f2giques a la tardor i a la primavera es fan les segones mesures.<\/p>\n<p><a href=\"https:\/\/agora.xtec.cat\/ieslajonquera\/wp-content\/uploads\/usu2014\/2023\/07\/IMG-20210428-WA0002.jpg\"><img loading=\"lazy\" decoding=\"async\" class=\" wp-image-4973 alignleft\" src=\"https:\/\/agora.xtec.cat\/ieslajonquera\/wp-content\/uploads\/usu2014\/2023\/07\/IMG-20210428-WA0002-224x300.jpg\" alt=\"\" width=\"210\" height=\"281\" srcset=\"https:\/\/agora.xtec.cat\/ieslajonquera\/wp-content\/uploads\/usu2014\/2023\/07\/IMG-20210428-WA0002-224x300.jpg 224w, https:\/\/agora.xtec.cat\/ieslajonquera\/wp-content\/uploads\/usu2014\/2023\/07\/IMG-20210428-WA0002-765x1024.jpg 765w, https:\/\/agora.xtec.cat\/ieslajonquera\/wp-content\/uploads\/usu2014\/2023\/07\/IMG-20210428-WA0002-768x1027.jpg 768w, https:\/\/agora.xtec.cat\/ieslajonquera\/wp-content\/uploads\/usu2014\/2023\/07\/IMG-20210428-WA0002-1148x1536.jpg 1148w, https:\/\/agora.xtec.cat\/ieslajonquera\/wp-content\/uploads\/usu2014\/2023\/07\/IMG-20210428-WA0002.jpg 1196w\" sizes=\"auto, (max-width: 210px) 100vw, 210px\" \/><\/a>El <a href=\"http:\/\/www.projecterius.cat\/\">Projecte Rius<\/a> es fonamenta en el treball que realitzen diferents grups de voluntaris i volunt\u00e0ries a tota Catalunya. Els grups de voluntaris es compromet a realitzar\u00a0dues inspeccions\u00a0anuals a un tram de riu de\u00a0500 metres\u00a0que ells mateixos han escollit i que, normalment, \u00e9s proper al seu domicili habitual o segona resid\u00e8ncia.<\/p>\n<div>\n<p style=\"text-align: justify;\">Les inspeccions de riu s\u2019emmarquen dins\u00a0dues campanyes d\u2019inspecci\u00f3: la\u00a0campanya de primavera\u00a0(del 15 d&#8217;abril al 30 de maig)i la de la\u00a0tardor\u00a0(del 15 de setembre al 30 d&#8217;octubre).\u00a0Un cop el grup de voluntaris ha realitzat la seva inspecci\u00f3 ha d&#8217;enviar les dades al Projecte Rius, mitjan\u00e7ant l&#8217;espai web de l&#8217;Entitat. Gr\u00e0cies a totes aquestes dades s&#8217;elabora l&#8217;<a href=\"http:\/\/www.projecterius.cat\/pdf\/Informe-RiusCat-2019.pdf\" target=\"_blank\" rel=\"noopener noreferrer\" data-saferedirecturl=\"https:\/\/www.google.com\/url?q=http:\/\/www.projecterius.cat\/pdf\/Informe-RiusCat-2019.pdf&amp;source=gmail&amp;ust=1602674299286000&amp;usg=AFQjCNFYvebtHJN5ZYZQWVCG5DdRRT9rUQ\">Informe RiusCat<\/a>.<\/p>\n<p style=\"text-align: justify;\">Associaci\u00f3 H\u00e0bitats proporciona als grups la metodologia d&#8217;inspecci\u00f3, el materials necessaris i una formaci\u00f3 incial. A m\u00e9s els grups disposen del\u00a0<a href=\"http:\/\/www.projecterius.cat\/pdf\/Projecte-Rius-manual-inspeccio-2019.pdf\" target=\"_blank\" rel=\"noopener noreferrer\" data-saferedirecturl=\"https:\/\/www.google.com\/url?q=http:\/\/www.projecterius.cat\/pdf\/Projecte-Rius-manual-inspeccio-2019.pdf&amp;source=gmail&amp;ust=1602674299286000&amp;usg=AFQjCNHA3m5hO68nPkXaPunfxe1TzMSP9w\">Manual d&#8217;inspecci\u00f3 de riu<\/a>. Cada grup utilitza una\u00a0carpeta d\u2019inspecci\u00f3 que cont\u00e9 tot el material necessari per a prendre mesures al riu (l\u00e0mines identificatives de flora i fauna, term\u00f2metre, lupa, reactius qu\u00edmics&#8230;). Durant la inspecci\u00f3 es prenen mesures de factors hidromorfol\u00f2gics, fisicoqu\u00edmics i biol\u00f2gics:<\/p>\n<ul>\n<li style=\"text-align: justify;\">A partir de l\u2019an\u00e0lisi de l\u2019h\u00e0bitat, del bosc de ribera, del cabal i de las alteracions presents al medi es determina la\u00a0qualitat hidromorfol\u00f2gica\u00a0del riu o riera.<\/li>\n<li style=\"text-align: justify;\">A partir de la mesura de diferents par\u00e0metres fisicoqu\u00edmics, com al temperatura, el pH, la concentraci\u00f3 de nitrats o l\u2019oxigen dissolt en l\u2019aigua es determina la\u00a0qualitat fisicoqu\u00edmica\u00a0de l\u2019aigua.<\/li>\n<li style=\"text-align: justify;\">A partir de la pres\u00e8ncia de certes fam\u00edlies de macroinvertebrats aqu\u00e0tics es determina la\u00a0qualitat biol\u00f2gica\u00a0del riu o riera.<\/li>\n<\/ul>\n<p><strong>Curs 2019-2020<\/strong><\/p>\n<p>El centre es va adherir al Projecte Rius, per\u00f2 no es va poder portar a terme l&#8217;an\u00e0lisi de la primavera a causa del confinament per la covid-19.<\/p>\n<\/div>\n","protected":false},"excerpt":{"rendered":"<p><a href=\"https:\/\/agora.xtec.cat\/ieslajonquera\/wp-content\/uploads\/usu2014\/2020\/03\/projecte-rius.gif\"><\/a>El <a href=\"http:\/\/www.projecterius.cat\/front\">Projecte Rius<\/a> \u00e9s una iniciativa de l\u2019Associaci\u00f3 H\u00e0bitat, una entitat sense afany de lucre que des del 1997 treballa per apropar les persones als rius i les rieres.<br \/>\nEl projecte neix al Departament d\u2019Ecologia de la Universitat de Barcelona (Facultat de Biologia), on&hellip;  <a href=\"https:\/\/agora.xtec.cat\/ieslajonquera\/projectes\/projecte-rius-2\/\" title=\"Read Projecte Rius\">Llegeix m\u00e9s\u00bb<\/a><\/p>\n","protected":false},"author":3,"featured_media":0,"parent":599,"menu_order":0,"comment_status":"closed","ping_status":"closed","template":"page-templates\/side-menu.php","meta":{"_bbp_topic_count":0,"_bbp_reply_count":0,"_bbp_total_topic_count":0,"_bbp_total_reply_count":0,"_bbp_voice_count":0,"_bbp_anonymous_reply_count":0,"_bbp_topic_count_hidden":0,"_bbp_reply_count_hidden":0,"_bbp_forum_subforum_count":0,"footnotes":""},"class_list":["post-1641","page","type-page","status-publish","hentry"],"post_mailing_queue_ids":[],"_links":{"self":[{"href":"https:\/\/agora.xtec.cat\/ieslajonquera\/wp-json\/wp\/v2\/pages\/1641","targetHints":{"allow":["GET"]}}],"collection":[{"href":"https:\/\/agora.xtec.cat\/ieslajonquera\/wp-json\/wp\/v2\/pages"}],"about":[{"href":"https:\/\/agora.xtec.cat\/ieslajonquera\/wp-json\/wp\/v2\/types\/page"}],"author":[{"embeddable":true,"href":"https:\/\/agora.xtec.cat\/ieslajonquera\/wp-json\/wp\/v2\/users\/3"}],"replies":[{"embeddable":true,"href":"https:\/\/agora.xtec.cat\/ieslajonquera\/wp-json\/wp\/v2\/comments?post=1641"}],"version-history":[{"count":4,"href":"https:\/\/agora.xtec.cat\/ieslajonquera\/wp-json\/wp\/v2\/pages\/1641\/revisions"}],"predecessor-version":[{"id":4974,"href":"https:\/\/agora.xtec.cat\/ieslajonquera\/wp-json\/wp\/v2\/pages\/1641\/revisions\/4974"}],"up":[{"embeddable":true,"href":"https:\/\/agora.xtec.cat\/ieslajonquera\/wp-json\/wp\/v2\/pages\/599"}],"wp:attachment":[{"href":"https:\/\/agora.xtec.cat\/ieslajonquera\/wp-json\/wp\/v2\/media?parent=1641"}],"curies":[{"name":"wp","href":"https:\/\/api.w.org\/{rel}","templated":true}]}}