{"id":1625,"date":"2020-03-09T22:48:32","date_gmt":"2020-03-09T21:48:32","guid":{"rendered":"https:\/\/agora.xtec.cat\/ieslajonquera\/?page_id=1625"},"modified":"2023-07-05T17:14:00","modified_gmt":"2023-07-05T15:14:00","slug":"treball-cooperatiu","status":"publish","type":"page","link":"https:\/\/agora.xtec.cat\/ieslajonquera\/projectes\/treball-cooperatiu\/","title":{"rendered":"Projecte Roma"},"content":{"rendered":"<p style=\"text-align: justify;\">L&#8217;Aprenentatge Cooperatiu \u00e9s un terme gen\u00e8ric usat per referir-se a un grup de procediments d&#8217;ensenyament que parteixen de l&#8217;organitzaci\u00f3 de la classe en petits grups mixtos i heterogenis on els alumnes treballen conjuntament de manera coordinada per resoldre tasques acad\u00e8miques i aprofundir en el seu propi aprenentatge.<\/p>\n<p style=\"text-align: justify;\">Cada curs acad\u00e8mic, al llarg de cinc setmanes consecutives (aproximadament vuit hores setmanals) el alumnes de 1r d\u2019ESO porten a terme a l&#8217;aula ordin\u00e0ria un projecte per treballar l&#8217;Imperi Rom\u00e0 de manera interdisciplin\u00e0ria i mitjan\u00e7ant grups cooperatius.<\/p>\n<p style=\"text-align: justify;\">Tot i que es tracta d\u2019un projecte estructurat a partir del temari de Socials (la responsable \u00e9s l&#8217;Emma Cornell\u00e0, professora de la mat\u00e8ria) es treballen molts altres continguts des de la majoria de les mat\u00e8ries de 1r d\u2019ESO.<\/p>\n<p style=\"text-align: justify;\">Com a cloenda del projecte, els cursos 2017-2018 i 2018-2019, els alumnes van fer una estada al Camp d&#8217;Aprenentatge de Tarragona que els va permetre acabar de treballar d&#8217;una manera m\u00e9s vivencial tot all\u00f2 que pr\u00e8viament havien estudiat a l&#8217;aula.<\/p>\n<p><a href=\"https:\/\/agora.xtec.cat\/ieslajonquera\/wp-content\/uploads\/usu2014\/2020\/07\/IMG-20190408-WA0011.jpg\"><img loading=\"lazy\" decoding=\"async\" class=\"wp-image-2018 alignleft\" src=\"https:\/\/agora.xtec.cat\/ieslajonquera\/wp-content\/uploads\/usu2014\/2020\/07\/IMG-20190408-WA0011-300x225.jpg\" alt=\"\" width=\"336\" height=\"252\" srcset=\"https:\/\/agora.xtec.cat\/ieslajonquera\/wp-content\/uploads\/usu2014\/2020\/07\/IMG-20190408-WA0011-300x225.jpg 300w, https:\/\/agora.xtec.cat\/ieslajonquera\/wp-content\/uploads\/usu2014\/2020\/07\/IMG-20190408-WA0011-200x150.jpg 200w, https:\/\/agora.xtec.cat\/ieslajonquera\/wp-content\/uploads\/usu2014\/2020\/07\/IMG-20190408-WA0011.jpg 400w\" sizes=\"auto, (max-width: 336px) 100vw, 336px\" \/><\/a><\/p>\n<p>&nbsp;<\/p>\n<p>&nbsp;<\/p>\n<p>&nbsp;<\/p>\n<p><strong>\u00a0<\/strong><\/p>\n<p>&nbsp;<\/p>\n","protected":false},"excerpt":{"rendered":"<p>L&#8217;Aprenentatge Cooperatiu \u00e9s un terme gen\u00e8ric usat per referir-se a un grup de procediments d&#8217;ensenyament que parteixen de l&#8217;organitzaci\u00f3 de la classe en petits grups mixtos i heterogenis on els alumnes treballen conjuntament de manera coordinada per resoldre tasques acad\u00e8miques i aprofundir en el seu&hellip;  <a href=\"https:\/\/agora.xtec.cat\/ieslajonquera\/projectes\/treball-cooperatiu\/\" title=\"Read Projecte Roma\">Llegeix m\u00e9s\u00bb<\/a><\/p>\n","protected":false},"author":3,"featured_media":0,"parent":599,"menu_order":0,"comment_status":"closed","ping_status":"closed","template":"page-templates\/side-menu.php","meta":{"_bbp_topic_count":0,"_bbp_reply_count":0,"_bbp_total_topic_count":0,"_bbp_total_reply_count":0,"_bbp_voice_count":0,"_bbp_anonymous_reply_count":0,"_bbp_topic_count_hidden":0,"_bbp_reply_count_hidden":0,"_bbp_forum_subforum_count":0,"footnotes":""},"class_list":["post-1625","page","type-page","status-publish","hentry"],"post_mailing_queue_ids":[],"_links":{"self":[{"href":"https:\/\/agora.xtec.cat\/ieslajonquera\/wp-json\/wp\/v2\/pages\/1625","targetHints":{"allow":["GET"]}}],"collection":[{"href":"https:\/\/agora.xtec.cat\/ieslajonquera\/wp-json\/wp\/v2\/pages"}],"about":[{"href":"https:\/\/agora.xtec.cat\/ieslajonquera\/wp-json\/wp\/v2\/types\/page"}],"author":[{"embeddable":true,"href":"https:\/\/agora.xtec.cat\/ieslajonquera\/wp-json\/wp\/v2\/users\/3"}],"replies":[{"embeddable":true,"href":"https:\/\/agora.xtec.cat\/ieslajonquera\/wp-json\/wp\/v2\/comments?post=1625"}],"version-history":[{"count":4,"href":"https:\/\/agora.xtec.cat\/ieslajonquera\/wp-json\/wp\/v2\/pages\/1625\/revisions"}],"predecessor-version":[{"id":4969,"href":"https:\/\/agora.xtec.cat\/ieslajonquera\/wp-json\/wp\/v2\/pages\/1625\/revisions\/4969"}],"up":[{"embeddable":true,"href":"https:\/\/agora.xtec.cat\/ieslajonquera\/wp-json\/wp\/v2\/pages\/599"}],"wp:attachment":[{"href":"https:\/\/agora.xtec.cat\/ieslajonquera\/wp-json\/wp\/v2\/media?parent=1625"}],"curies":[{"name":"wp","href":"https:\/\/api.w.org\/{rel}","templated":true}]}}