{"id":1619,"date":"2020-03-09T22:45:33","date_gmt":"2020-03-09T21:45:33","guid":{"rendered":"https:\/\/agora.xtec.cat\/ieslajonquera\/?page_id=1619"},"modified":"2025-07-15T18:11:04","modified_gmt":"2025-07-15T16:11:04","slug":"hort","status":"publish","type":"page","link":"https:\/\/agora.xtec.cat\/ieslajonquera\/projectes\/hort\/","title":{"rendered":"Projecte Hort"},"content":{"rendered":"<p style=\"text-align: justify;\">El Projecte Hort ha anat canviant i, des de fa uns quants cursos, es troba ubicat al pati de l&#8217;institut.<\/p>\n<p style=\"text-align: justify;\">L\u2019hort ecol\u00f2gic \u00e9s un projecte que t\u00e9 per objectiu fonamental educar en uns valors de progr\u00e9s sostenible, de respecte a la natura, de socialitzaci\u00f3 de l\u2019entorn i de treball en equip.<\/p>\n<p><strong>Curs 2024-2025<\/strong><\/p>\n<p>Es va reprendre el projecte i l&#8217;alumnat encarregat de tenir cura de l&#8217;hort va ser el d&#8217;Aula d&#8217;Acollida.<\/p>\n<table style=\"border-collapse: collapse; width: 100%;\">\n<tbody>\n<tr>\n<td style=\"width: 25%;\"><a href=\"https:\/\/agora.xtec.cat\/ieslajonquera\/wp-content\/uploads\/usu2014\/2025\/07\/IMG-20241014-WA0021.jpg\"><img loading=\"lazy\" decoding=\"async\" class=\"alignnone size-large wp-image-6329\" src=\"https:\/\/agora.xtec.cat\/ieslajonquera\/wp-content\/uploads\/usu2014\/2025\/07\/IMG-20241014-WA0021-1024x768.jpg\" alt=\"\" width=\"1024\" height=\"768\" srcset=\"https:\/\/agora.xtec.cat\/ieslajonquera\/wp-content\/uploads\/usu2014\/2025\/07\/IMG-20241014-WA0021-1024x768.jpg 1024w, https:\/\/agora.xtec.cat\/ieslajonquera\/wp-content\/uploads\/usu2014\/2025\/07\/IMG-20241014-WA0021-300x225.jpg 300w, https:\/\/agora.xtec.cat\/ieslajonquera\/wp-content\/uploads\/usu2014\/2025\/07\/IMG-20241014-WA0021-768x576.jpg 768w, https:\/\/agora.xtec.cat\/ieslajonquera\/wp-content\/uploads\/usu2014\/2025\/07\/IMG-20241014-WA0021-1536x1152.jpg 1536w, https:\/\/agora.xtec.cat\/ieslajonquera\/wp-content\/uploads\/usu2014\/2025\/07\/IMG-20241014-WA0021-200x150.jpg 200w, https:\/\/agora.xtec.cat\/ieslajonquera\/wp-content\/uploads\/usu2014\/2025\/07\/IMG-20241014-WA0021.jpg 1600w\" sizes=\"auto, (max-width: 1024px) 100vw, 1024px\" \/><\/a><\/td>\n<td style=\"width: 25%;\"><a href=\"https:\/\/agora.xtec.cat\/ieslajonquera\/wp-content\/uploads\/usu2014\/2025\/07\/IMG-20241015-WA0000.jpg\"><img loading=\"lazy\" decoding=\"async\" class=\"alignnone size-large wp-image-6330\" src=\"https:\/\/agora.xtec.cat\/ieslajonquera\/wp-content\/uploads\/usu2014\/2025\/07\/IMG-20241015-WA0000-1024x768.jpg\" alt=\"\" width=\"1024\" height=\"768\" srcset=\"https:\/\/agora.xtec.cat\/ieslajonquera\/wp-content\/uploads\/usu2014\/2025\/07\/IMG-20241015-WA0000-1024x768.jpg 1024w, https:\/\/agora.xtec.cat\/ieslajonquera\/wp-content\/uploads\/usu2014\/2025\/07\/IMG-20241015-WA0000-300x225.jpg 300w, https:\/\/agora.xtec.cat\/ieslajonquera\/wp-content\/uploads\/usu2014\/2025\/07\/IMG-20241015-WA0000-768x576.jpg 768w, https:\/\/agora.xtec.cat\/ieslajonquera\/wp-content\/uploads\/usu2014\/2025\/07\/IMG-20241015-WA0000-1536x1152.jpg 1536w, https:\/\/agora.xtec.cat\/ieslajonquera\/wp-content\/uploads\/usu2014\/2025\/07\/IMG-20241015-WA0000-200x150.jpg 200w, https:\/\/agora.xtec.cat\/ieslajonquera\/wp-content\/uploads\/usu2014\/2025\/07\/IMG-20241015-WA0000.jpg 1600w\" sizes=\"auto, (max-width: 1024px) 100vw, 1024px\" \/><\/a><\/td>\n<td style=\"width: 25%;\"><a href=\"https:\/\/agora.xtec.cat\/ieslajonquera\/wp-content\/uploads\/usu2014\/2025\/07\/IMG-20250204-WA0002.jpg\"><img loading=\"lazy\" decoding=\"async\" class=\"alignnone size-large wp-image-6331\" src=\"https:\/\/agora.xtec.cat\/ieslajonquera\/wp-content\/uploads\/usu2014\/2025\/07\/IMG-20250204-WA0002-1024x768.jpg\" alt=\"\" width=\"1024\" height=\"768\" srcset=\"https:\/\/agora.xtec.cat\/ieslajonquera\/wp-content\/uploads\/usu2014\/2025\/07\/IMG-20250204-WA0002-1024x768.jpg 1024w, https:\/\/agora.xtec.cat\/ieslajonquera\/wp-content\/uploads\/usu2014\/2025\/07\/IMG-20250204-WA0002-300x225.jpg 300w, https:\/\/agora.xtec.cat\/ieslajonquera\/wp-content\/uploads\/usu2014\/2025\/07\/IMG-20250204-WA0002-768x576.jpg 768w, https:\/\/agora.xtec.cat\/ieslajonquera\/wp-content\/uploads\/usu2014\/2025\/07\/IMG-20250204-WA0002-1536x1152.jpg 1536w, https:\/\/agora.xtec.cat\/ieslajonquera\/wp-content\/uploads\/usu2014\/2025\/07\/IMG-20250204-WA0002-200x150.jpg 200w, https:\/\/agora.xtec.cat\/ieslajonquera\/wp-content\/uploads\/usu2014\/2025\/07\/IMG-20250204-WA0002.jpg 1600w\" sizes=\"auto, (max-width: 1024px) 100vw, 1024px\" \/><\/a><\/td>\n<\/tr>\n<\/tbody>\n<\/table>\n<p><strong>Cursos 2022-2023 i 2023-2024<\/strong><\/p>\n<p>El projecte no es va poder portar a terme per motius organitzatius.<\/p>\n<p><strong>Curs 2021-2022<\/strong><\/p>\n<p>Els alumnes de 2n i 3r d&#8217;ESO que tenien atencions individualitzades a la mat\u00e8ria de Tecnologia van plantar cols, cebes, alls, enciams i maduixes.<\/p>\n<p class=\"gmail_attr\" style=\"text-align: justify;\"><strong>Curs 2020-2021<\/strong><\/p>\n<p class=\"gmail_attr\" style=\"text-align: justify;\">Els alumnes del grup flexible de Ci\u00e8ncies de 3r d&#8217;ESO van dedicar una hora a la setmana al projecte.\u00a0 Despr\u00e9s d&#8217;investigar quines hortalisses podien plantar cada estaci\u00f3, van decidir inicialment, amb l&#8217;Eloi Bagu\u00e9, el professor que se&#8217;n cuida, plantar dos tipus d&#8217;enciams, porros i alls. Posteriorment, aprofitant la primavera, van plantar patates, carbassons, pastanagues, p\u00e8sols, tomates i enciams. Els carbassons i els enciams van cr\u00e9ixer molt b\u00e9, en canvi els p\u00e8sols no. Tamb\u00e9 van instal\u00b7lar unes canyes lligades que permetran aguantar les tomateres quan creixin m\u00e9s. A m\u00e9s a m\u00e9s, van posar travessers de fusta per delimitar un nou espai a la cantonada del pati i hi van plantar diversos arbustos de fruits vermells.<\/p>\n<p class=\"gmail_attr\" style=\"text-align: justify;\"><a href=\"https:\/\/agora.xtec.cat\/ieslajonquera\/wp-content\/uploads\/usu2014\/2023\/07\/20210615_0927511.jpg\"><img loading=\"lazy\" decoding=\"async\" class=\"aligncenter size-medium wp-image-4971\" src=\"https:\/\/agora.xtec.cat\/ieslajonquera\/wp-content\/uploads\/usu2014\/2023\/07\/20210615_0927511-300x225.jpg\" alt=\"\" width=\"300\" height=\"225\" srcset=\"https:\/\/agora.xtec.cat\/ieslajonquera\/wp-content\/uploads\/usu2014\/2023\/07\/20210615_0927511-300x225.jpg 300w, https:\/\/agora.xtec.cat\/ieslajonquera\/wp-content\/uploads\/usu2014\/2023\/07\/20210615_0927511-768x576.jpg 768w, https:\/\/agora.xtec.cat\/ieslajonquera\/wp-content\/uploads\/usu2014\/2023\/07\/20210615_0927511-200x150.jpg 200w, https:\/\/agora.xtec.cat\/ieslajonquera\/wp-content\/uploads\/usu2014\/2023\/07\/20210615_0927511.jpg 1024w\" sizes=\"auto, (max-width: 300px) 100vw, 300px\" \/><\/a><\/p>\n","protected":false},"excerpt":{"rendered":"<p>El Projecte Hort ha anat canviant i, des de fa uns quants cursos, es troba ubicat al pati de l&#8217;institut.<br \/>\nL\u2019hort ecol\u00f2gic \u00e9s un projecte que t\u00e9 per objectiu fonamental educar en uns valors de progr\u00e9s sostenible, de respecte a la natura, de socialitzaci\u00f3 de l\u2019entorn&hellip;  <a href=\"https:\/\/agora.xtec.cat\/ieslajonquera\/projectes\/hort\/\" title=\"Read Projecte Hort\">Llegeix m\u00e9s\u00bb<\/a><\/p>\n","protected":false},"author":3,"featured_media":0,"parent":599,"menu_order":0,"comment_status":"closed","ping_status":"closed","template":"page-templates\/side-menu.php","meta":{"_bbp_topic_count":0,"_bbp_reply_count":0,"_bbp_total_topic_count":0,"_bbp_total_reply_count":0,"_bbp_voice_count":0,"_bbp_anonymous_reply_count":0,"_bbp_topic_count_hidden":0,"_bbp_reply_count_hidden":0,"_bbp_forum_subforum_count":0,"footnotes":""},"class_list":["post-1619","page","type-page","status-publish","hentry"],"post_mailing_queue_ids":[],"_links":{"self":[{"href":"https:\/\/agora.xtec.cat\/ieslajonquera\/wp-json\/wp\/v2\/pages\/1619","targetHints":{"allow":["GET"]}}],"collection":[{"href":"https:\/\/agora.xtec.cat\/ieslajonquera\/wp-json\/wp\/v2\/pages"}],"about":[{"href":"https:\/\/agora.xtec.cat\/ieslajonquera\/wp-json\/wp\/v2\/types\/page"}],"author":[{"embeddable":true,"href":"https:\/\/agora.xtec.cat\/ieslajonquera\/wp-json\/wp\/v2\/users\/3"}],"replies":[{"embeddable":true,"href":"https:\/\/agora.xtec.cat\/ieslajonquera\/wp-json\/wp\/v2\/comments?post=1619"}],"version-history":[{"count":5,"href":"https:\/\/agora.xtec.cat\/ieslajonquera\/wp-json\/wp\/v2\/pages\/1619\/revisions"}],"predecessor-version":[{"id":6333,"href":"https:\/\/agora.xtec.cat\/ieslajonquera\/wp-json\/wp\/v2\/pages\/1619\/revisions\/6333"}],"up":[{"embeddable":true,"href":"https:\/\/agora.xtec.cat\/ieslajonquera\/wp-json\/wp\/v2\/pages\/599"}],"wp:attachment":[{"href":"https:\/\/agora.xtec.cat\/ieslajonquera\/wp-json\/wp\/v2\/media?parent=1619"}],"curies":[{"name":"wp","href":"https:\/\/api.w.org\/{rel}","templated":true}]}}