{"id":1613,"date":"2020-03-09T22:41:37","date_gmt":"2020-03-09T21:41:37","guid":{"rendered":"https:\/\/agora.xtec.cat\/ieslajonquera\/?page_id=1613"},"modified":"2024-07-04T19:11:41","modified_gmt":"2024-07-04T17:11:41","slug":"teatre-i-dansa","status":"publish","type":"page","link":"https:\/\/agora.xtec.cat\/ieslajonquera\/altres-projectes\/teatre-i-dansa\/","title":{"rendered":"Teatre i dansa"},"content":{"rendered":"<p style=\"text-align: justify;\">El projecte, que inicialment barrejava teatre i dansa, anava adre\u00e7at als alumnes de 3r d\u2019ESO de les mat\u00e8ries Cultura Cl\u00e0ssica-Emprenedoria (amb la professora Laia Tom\u00e0s) i Educaci\u00f3 F\u00edsica (amb el professor Jordi del Campo) i es portava a terme a l\u2019institut i a la Societat de la Jonquera al llarg d&#8217;un quadrimestre de cada curs amb la col\u00b7laboraci\u00f3 d&#8217;<a href=\"https:\/\/www.facebook.com\/agitartfigueres\">Agitart<\/a>. Es va realitzar, en aquest format, entre els cursos 2016-2017 i 2019-2020.<\/p>\n<p>Els objectius b\u00e0sics eren:<br \/>\n&#8211; Oferir experi\u00e8ncies participatives i de pr\u00e0ctica esc\u00e8nica en l\u2019\u00e0mbit escolar com a recurs pedag\u00f2gic per desenvolupar noves estrat\u00e8gies d\u2019aprenentatge del curr\u00edculum educatiu i de les compet\u00e8ncies b\u00e0siques.<br \/>\n&#8211; Garantir la igualtat d\u2019oportunitats d\u2019acc\u00e9s als alumnes a l\u2019oferta art\u00edstica sigui quina sigui la seva proced\u00e8ncia geogr\u00e0fica.<\/p>\n<p>Els alumnes implicats pagaven una part del viatge que farien a final de 4t d\u2019ESO amb els diners obtinguts de la venda d\u2019entrades.<\/p>\n<p><a href=\"https:\/\/drive.google.com\/drive\/folders\/11AvfVUcoB9BCfPToQlZoeLjqrRqUDzNR?usp=sharing\">Curs 2022-2023<\/a>: Nascuda de l&#8217;escuma<\/p>\n<p>El curs 2022-2023 es va tornar a barrejar el teatre i la dansa amb la col\u00b7laboraci\u00f3 d&#8217;Agitart i els alumnes implicats van ser els de 3r d&#8217;ESO des de la mat\u00e8ria d&#8217;Educaci\u00f3 F\u00edsica (amb el professor Jordi del Campo) pel que fa a la dansa i els de 4t d&#8217;ESO de la mat\u00e8ria de Llat\u00ed (amb la professora Laia Tom\u00e0s) pel que fa al teatre.<\/p>\n<p><a href=\"https:\/\/drive.google.com\/drive\/folders\/1bd6Ezmy38GQ0n95-TGyqOAqc2da6tVT1?usp=sharing\">Curs 2018-2019<\/a>: El laberint del minotaure<\/p>\n<p><iframe loading=\"lazy\" src=\"\/\/www.youtube.com\/embed\/TQ3a1u7fJpQ\" width=\"901\" height=\"501\" frameborder=\"0\"><\/iframe><\/p>\n<p><a href=\"https:\/\/drive.google.com\/drive\/folders\/1wXNKDzxlbcZjrqKwqv_6J5mriECmDpkS?usp=sharing\">Curs 2017-2018<\/a>: La poma de la disc\u00f2rdia<\/p>\n<p><iframe loading=\"lazy\" src=\"\/\/www.youtube.com\/embed\/-lR43oAOBL0\" width=\"891\" height=\"797\" frameborder=\"0\"><\/iframe><\/p>\n<p><strong>Curs 2016-2017<\/strong>: Apolo i Dafne<\/p>\n<p><iframe loading=\"lazy\" src=\"\/\/www.youtube.com\/embed\/SN0Fwhv19vI\" width=\"891\" height=\"501\" frameborder=\"0\"><\/iframe><\/p>\n","protected":false},"excerpt":{"rendered":"<p>El projecte, que inicialment barrejava teatre i dansa, anava adre\u00e7at als alumnes de 3r d\u2019ESO de les mat\u00e8ries Cultura Cl\u00e0ssica-Emprenedoria (amb la professora Laia Tom\u00e0s) i Educaci\u00f3 F\u00edsica (amb el professor Jordi del Campo) i es portava a terme a l\u2019institut i a la Societat&hellip;  <a href=\"https:\/\/agora.xtec.cat\/ieslajonquera\/altres-projectes\/teatre-i-dansa\/\" title=\"Read Teatre i dansa\">Llegeix m\u00e9s\u00bb<\/a><\/p>\n","protected":false},"author":3,"featured_media":0,"parent":5643,"menu_order":0,"comment_status":"closed","ping_status":"closed","template":"page-templates\/side-menu.php","meta":{"_bbp_topic_count":0,"_bbp_reply_count":0,"_bbp_total_topic_count":0,"_bbp_total_reply_count":0,"_bbp_voice_count":0,"_bbp_anonymous_reply_count":0,"_bbp_topic_count_hidden":0,"_bbp_reply_count_hidden":0,"_bbp_forum_subforum_count":0,"footnotes":""},"class_list":["post-1613","page","type-page","status-publish","hentry"],"post_mailing_queue_ids":[],"_links":{"self":[{"href":"https:\/\/agora.xtec.cat\/ieslajonquera\/wp-json\/wp\/v2\/pages\/1613","targetHints":{"allow":["GET"]}}],"collection":[{"href":"https:\/\/agora.xtec.cat\/ieslajonquera\/wp-json\/wp\/v2\/pages"}],"about":[{"href":"https:\/\/agora.xtec.cat\/ieslajonquera\/wp-json\/wp\/v2\/types\/page"}],"author":[{"embeddable":true,"href":"https:\/\/agora.xtec.cat\/ieslajonquera\/wp-json\/wp\/v2\/users\/3"}],"replies":[{"embeddable":true,"href":"https:\/\/agora.xtec.cat\/ieslajonquera\/wp-json\/wp\/v2\/comments?post=1613"}],"version-history":[{"count":3,"href":"https:\/\/agora.xtec.cat\/ieslajonquera\/wp-json\/wp\/v2\/pages\/1613\/revisions"}],"predecessor-version":[{"id":5034,"href":"https:\/\/agora.xtec.cat\/ieslajonquera\/wp-json\/wp\/v2\/pages\/1613\/revisions\/5034"}],"up":[{"embeddable":true,"href":"https:\/\/agora.xtec.cat\/ieslajonquera\/wp-json\/wp\/v2\/pages\/5643"}],"wp:attachment":[{"href":"https:\/\/agora.xtec.cat\/ieslajonquera\/wp-json\/wp\/v2\/media?parent=1613"}],"curies":[{"name":"wp","href":"https:\/\/api.w.org\/{rel}","templated":true}]}}