{"id":63,"date":"2014-09-18T10:06:31","date_gmt":"2014-09-18T08:06:31","guid":{"rendered":"http:\/\/agora.xtec.cat\/ieslaguineueta\/?page_id=63"},"modified":"2017-10-09T10:51:45","modified_gmt":"2017-10-09T08:51:45","slug":"serveis","status":"publish","type":"page","link":"https:\/\/agora.xtec.cat\/ieslaguineueta\/serveis\/","title":{"rendered":"Serveis"},"content":{"rendered":"<p>L\u2019oferta educativa de l&#8217;INS La Guineueta es complementa amb tot un conjunt de serveis i activitats, amb l\u2019objectiu d\u2019oferir a les fam\u00edlies i als alumnes una oferta integral, tot mantenint el projecte educatiu de centre.<br \/>\nL\u2019oferta del conjunt d\u2019aquests serveis i activitats tamb\u00e9 pret\u00e9n per un costat donar resposta a les diverses demandes de les fam\u00edlies en \u00e0mbits com els dels serveis de menjador, mediaci\u00f3, biblioteca, etc&#8230;<\/p>\n<p><!--\n\n\n<p style=\"color: #444444;\">Secci\u00f3 que ha d\u2019informar a les fam\u00edlies dels serveis que ofereix el centre. La missi\u00f3 educativa no es limita a l\u2019eix curricular, per aix\u00f2 \u00e9s imprescindible que aquest apartat del web estigui en un primer nivell de navegaci\u00f3. \u00c9s recomanable que s\u2019introdueixi informaci\u00f3 relacionada amb:<\/p>\n\n\n\n\n\n<ul style=\"color: #444444;\">\n \t\n\n<li>serveis digitals (en cas que el centre\u00a0compti amb\u00a0serveis digitals en l\u00ednia com ara Moodle, blogs, tutoria o gesti\u00f3 acad\u00e8mica, aplicacions m\u00f2bils\u2026)<\/li>\n\n\n \t\n\n<li>el menjador escolar<\/li>\n\n\n \t\n\n<li>l\u2019acollida<\/li>\n\n\n \t\n\n<li>el transport escolar<\/li>\n\n\n \t\n\n<li>el casal d\u2019estiu<\/li>\n\n\n \t\n\n<li>les activitats extraescolars<\/li>\n\n\n<\/ul>\n\n\n--><\/p>\n","protected":false},"excerpt":{"rendered":"<p>L\u2019oferta educativa de l&#8217;INS La Guineueta es complementa amb tot un conjunt de serveis i activitats, amb l\u2019objectiu d\u2019oferir a les fam\u00edlies i als alumnes una oferta integral, tot mantenint el projecte educatiu de centre.<br \/>\nL\u2019oferta del conjunt d\u2019aquests serveis i activitats tamb\u00e9 pret\u00e9n per un&hellip;  <a href=\"https:\/\/agora.xtec.cat\/ieslaguineueta\/serveis\/\" title=\"Read Serveis\">Llegeix m\u00e9s\u00bb<\/a><\/p>\n","protected":false},"author":1,"featured_media":0,"parent":0,"menu_order":0,"comment_status":"closed","ping_status":"closed","template":"page-templates\/side-menu.php","meta":{"_bbp_topic_count":0,"_bbp_reply_count":0,"_bbp_total_topic_count":0,"_bbp_total_reply_count":0,"_bbp_voice_count":0,"_bbp_anonymous_reply_count":0,"_bbp_topic_count_hidden":0,"_bbp_reply_count_hidden":0,"_bbp_forum_subforum_count":0,"footnotes":""},"class_list":["post-63","page","type-page","status-publish","hentry"],"post_mailing_queue_ids":[],"_links":{"self":[{"href":"https:\/\/agora.xtec.cat\/ieslaguineueta\/wp-json\/wp\/v2\/pages\/63","targetHints":{"allow":["GET"]}}],"collection":[{"href":"https:\/\/agora.xtec.cat\/ieslaguineueta\/wp-json\/wp\/v2\/pages"}],"about":[{"href":"https:\/\/agora.xtec.cat\/ieslaguineueta\/wp-json\/wp\/v2\/types\/page"}],"author":[{"embeddable":true,"href":"https:\/\/agora.xtec.cat\/ieslaguineueta\/wp-json\/wp\/v2\/users\/1"}],"replies":[{"embeddable":true,"href":"https:\/\/agora.xtec.cat\/ieslaguineueta\/wp-json\/wp\/v2\/comments?post=63"}],"version-history":[{"count":4,"href":"https:\/\/agora.xtec.cat\/ieslaguineueta\/wp-json\/wp\/v2\/pages\/63\/revisions"}],"predecessor-version":[{"id":1296,"href":"https:\/\/agora.xtec.cat\/ieslaguineueta\/wp-json\/wp\/v2\/pages\/63\/revisions\/1296"}],"wp:attachment":[{"href":"https:\/\/agora.xtec.cat\/ieslaguineueta\/wp-json\/wp\/v2\/media?parent=63"}],"curies":[{"name":"wp","href":"https:\/\/api.w.org\/{rel}","templated":true}]}}

<p>L’oferta educativa de l&#8217;INS La Guineueta es complementa amb tot un conjunt de serveis i activitats, amb l’objectiu d’oferir a les famílies i als alumnes una oferta integral, tot mantenint el projecte educatiu de centre.<br />
L’oferta del conjunt d’aquests serveis i activitats també pretén per un costat donar resposta a les diverses demandes de les famílies en àmbits com els dels serveis de menjador, mediació, biblioteca, etc&#8230;</p>
<p><!--


<p style="color: #444444;">Secció que ha d’informar a les famílies dels serveis que ofereix el centre. La missió educativa no es limita a l’eix curricular, per això és imprescindible que aquest apartat del web estigui en un primer nivell de navegació. És recomanable que s’introdueixi informació relacionada amb:</p>





<ul style="color: #444444;">
 	

<li>serveis digitals (en cas que el centre compti amb serveis digitals en línia com ara Moodle, blogs, tutoria o gestió acadèmica, aplicacions mòbils…)</li>


 	

<li>el menjador escolar</li>


 	

<li>l’acollida</li>


 	

<li>el transport escolar</li>


 	

<li>el casal d’estiu</li>


 	

<li>les activitats extraescolars</li>


</ul>


--></p>

<p>L’oferta educativa de l&#8217;INS La Guineueta es complementa amb tot un conjunt de serveis i activitats, amb l’objectiu d’oferir a les famílies i als alumnes una oferta integral, tot mantenint el projecte educatiu de centre.<br />
L’oferta del conjunt d’aquests serveis i activitats també pretén per un&hellip;  <a href="https://agora.xtec.cat/ieslaguineueta/serveis/" title="Read Serveis">Llegeix més»</a></p>
