{"id":517,"date":"2016-07-18T11:53:00","date_gmt":"2016-07-18T10:53:00","guid":{"rendered":"http:\/\/agora.xtec.cat\/ieslaguineueta\/?page_id=517"},"modified":"2016-07-20T12:16:44","modified_gmt":"2016-07-20T11:16:44","slug":"benvinguda","status":"publish","type":"page","link":"https:\/\/agora.xtec.cat\/ieslaguineueta\/linstitut\/benvinguda\/","title":{"rendered":"Benvinguda"},"content":{"rendered":"<p>Com director de l\u2019institut LA GUINEUETA i en nom de totes les persones que hi conviuen i treballen: professorat, alumnat, personal no docent i AMPA, vull saludar i donar la benvinguda als visitants de la nostra p\u00e0gina web que ens volen con\u00e8ixer.<\/p>\n<p>En aquest escrit de benvinguda vull remarcar els dos valors o objectius que ha dirigit i marcat la traject\u00f2ria de l\u2019institut: voluntat de servei i de formaci\u00f3 del nostre alumnat.<\/p>\n<p>La primera etapa de l\u2019institut, quan era Institut de Formaci\u00f3 Professional la GUINEUETA, aquests valors van determinar que l\u2019institut fos un centre de refer\u00e8ncia per molts joves de Nou Barris que van rebre una formaci\u00f3 personal i una preparaci\u00f3 professional que els va permetre accedir en millors condicions al mercat laboral.<\/p>\n<p>La posterior impartici\u00f3 a l\u2019institut dels ensenyaments obligatoris a partir dels 12 anys, va suposar una adaptaci\u00f3 del centre a una nova tipologia d\u2019alumnat, tant a nivell d\u2019edat com d\u2019entorn social. Aquesta situaci\u00f3 va propiciar la implementaci\u00f3 de noves metodologies d\u2019aprenentatge i de relaci\u00f3 amb l\u2019alumnat.<\/p>\n<p>L\u2019arribada d\u2019un important nombre d\u2019alumnat provinent de diferents cultures, a m\u00e9s d\u2019\u00e9sser una experi\u00e8ncia positiva que ha perm\u00e8s un enriquiment mutu, ha accelerat la capacitat d\u2019adaptaci\u00f3 a noves realitats mantenint com a refer\u00e8ncia els valors de servei i formaci\u00f3 vers el nostre alumnat.<\/p>\n<p>El futur ens depara nous reptes, noves dificultats i nous plantejaments pedag\u00f2gics i metodol\u00f2gics, i estic segur que mantenint la il\u2022lusi\u00f3 per fer la feina ben feta per part de tothom, aquest futur ser\u00e0 ple d\u2019esperan\u00e7a i ens deparar\u00e0 moltes satisfaccions.<\/p>\n<p>Josep Noguera. Director Institut LA GUINEUETA<\/p>\n","protected":false},"excerpt":{"rendered":"<p>Com director de l\u2019institut LA GUINEUETA i en nom de totes les persones que hi conviuen i treballen: professorat, alumnat, personal no docent i AMPA, vull saludar i donar la benvinguda als visitants de la nostra p\u00e0gina web que ens volen con\u00e8ixer.<br \/>\nEn aquest escrit de&hellip;  <a href=\"https:\/\/agora.xtec.cat\/ieslaguineueta\/linstitut\/benvinguda\/\" title=\"Read Benvinguda\">Llegeix m\u00e9s\u00bb<\/a><\/p>\n","protected":false},"author":1,"featured_media":0,"parent":19,"menu_order":10,"comment_status":"closed","ping_status":"closed","template":"page-templates\/side-menu.php","meta":{"_bbp_topic_count":0,"_bbp_reply_count":0,"_bbp_total_topic_count":0,"_bbp_total_reply_count":0,"_bbp_voice_count":0,"_bbp_anonymous_reply_count":0,"_bbp_topic_count_hidden":0,"_bbp_reply_count_hidden":0,"_bbp_forum_subforum_count":0,"footnotes":""},"class_list":["post-517","page","type-page","status-publish","hentry"],"post_mailing_queue_ids":[],"_links":{"self":[{"href":"https:\/\/agora.xtec.cat\/ieslaguineueta\/wp-json\/wp\/v2\/pages\/517","targetHints":{"allow":["GET"]}}],"collection":[{"href":"https:\/\/agora.xtec.cat\/ieslaguineueta\/wp-json\/wp\/v2\/pages"}],"about":[{"href":"https:\/\/agora.xtec.cat\/ieslaguineueta\/wp-json\/wp\/v2\/types\/page"}],"author":[{"embeddable":true,"href":"https:\/\/agora.xtec.cat\/ieslaguineueta\/wp-json\/wp\/v2\/users\/1"}],"replies":[{"embeddable":true,"href":"https:\/\/agora.xtec.cat\/ieslaguineueta\/wp-json\/wp\/v2\/comments?post=517"}],"version-history":[{"count":3,"href":"https:\/\/agora.xtec.cat\/ieslaguineueta\/wp-json\/wp\/v2\/pages\/517\/revisions"}],"predecessor-version":[{"id":537,"href":"https:\/\/agora.xtec.cat\/ieslaguineueta\/wp-json\/wp\/v2\/pages\/517\/revisions\/537"}],"up":[{"embeddable":true,"href":"https:\/\/agora.xtec.cat\/ieslaguineueta\/wp-json\/wp\/v2\/pages\/19"}],"wp:attachment":[{"href":"https:\/\/agora.xtec.cat\/ieslaguineueta\/wp-json\/wp\/v2\/media?parent=517"}],"curies":[{"name":"wp","href":"https:\/\/api.w.org\/{rel}","templated":true}]}}