{"id":19,"date":"2014-09-17T14:56:56","date_gmt":"2014-09-17T14:56:56","guid":{"rendered":"http:\/\/agora.xtec.cat\/ieslaguineueta\/?page_id=19"},"modified":"2016-07-20T18:26:18","modified_gmt":"2016-07-20T17:26:18","slug":"linstitut","status":"publish","type":"page","link":"https:\/\/agora.xtec.cat\/ieslaguineueta\/linstitut\/","title":{"rendered":"L&#8217;institut"},"content":{"rendered":"<h2> Situaci\u00f3 i entorn de l\u2019institut <\/h2>\n<p>L\u2019institut LA GUINEUETA est\u00e0 situat a la zona nord\u2013est de Barcelona al districte de Nou Barris, on conflueixen  Canyelles, Verdum i La Guineueta.<br \/>\nAquests barris es van configurar a les d\u00e8cades del seixanta i setanta amb una poblaci\u00f3 provinent majorit\u00e0riament de diferents zones d\u2019Espanya.<br \/>\nEls darrers anys una nova emigraci\u00f3, en gran part llatinoamericana, ha canviat en part la fisonomia de la zona.<\/p>\n<h2> Estudis impartits a l\u2019institut <\/h2>\n<ul>\n<li> ESO <\/li>\n<li> BATXILLERAT: <\/li>\n<ul>\n<li> Modalitat de Ci\u00e8ncies i Tecnologia <\/li>\n<li> Modalitat d\u2019Humanitats i Ci\u00e8ncies socials <\/li>\n<\/ul>\n<li> FORMACI\u00d3 PROFESSIONAL: <\/li>\n<ul>\n<li> CICLES FORMATIUS DE GRAU MITJ\u00c0: <\/li>\n<ul>\n<li> Fam\u00edlia de Manteniment de vehicles: <\/li>\n<ul>\n<li> CFGM d\u2019Electromec\u00e0nica de Vehicles <\/li>\n<li> CFGM de Carrosseria <\/li>\n<\/ul>\n<li> Fam\u00edlia de Administraci\u00f3 i gesti\u00f3: <\/li>\n<ul>\n<li> CFGM de Gesti\u00f3 administrativa <\/li>\n<\/ul>\n<li> Fam\u00edlia d\u2019Inform\u00e0tica i comunicaci\u00f3: <\/li>\n<ul>\n<li> CFGM de Sistemes microinform\u00e0tics i xarxes <\/li>\n<\/ul>\n<li> Famil\u00eda de Sanitat: <\/li>\n<ul>\n<li> CFGM d\u2019Emerg\u00e8ncies sanit\u00e0ries <\/li>\n<li> CFGM de Cures auxiliars d\u2019infermeria <\/li>\n<li> CFGM de Farm\u00e0cia i parafarm\u00e0cia <\/li>\n<\/ul>\n<\/ul>\n<\/ul>\n<ul>\n<li> CICLES FORMATIUS DE GRAU SUPERIOR: <\/li>\n<ul>\n<li> Fam\u00edlia de Manteniment de vehicles: <\/li>\n<ul>\n<li> CFGS d\u2019Automoci\u00f3 <\/li>\n<\/ul>\n<li> Fam\u00edlia de Administraci\u00f3 i gesti\u00f3: <\/li>\n<ul>\n<li> CFGS d\u2019Administraci\u00f3 i finances <\/li>\n<\/ul>\n<li> Fam\u00edlia d\u2019Inform\u00e0tica i comunicaci\u00f3: <\/li>\n<ul>\n<li> CFGS d\u2019Administraci\u00f3 de sistemes inform\u00e0tics i xarxes <\/li>\n<\/ul>\n<li> Famil\u00eda de Sanitat: <\/li>\n<ul>\n<li> CFGS d\u2019Anatomia patol\u00f2gica i citologia <\/li>\n<li> CFGS de Laboratori de diagnosi cl\u00ednic <\/li>\n<li> CFGS de Salut Ambiental <\/li>\n<li> CFGS de Diet\u00e8tica <\/li>\n<\/ul>\n<\/ul>\n<li> PROGRAMES DE FORMACI\u00d3 I INSERCI\u00d3 <\/li>\n<ul>\n<li> Auxiliar de reparaci\u00f3 i manteniment de vehicles lleugers <\/li>\n<\/ul>\n<\/ul>\n<p><strong> Al panell lateral i al menu en trobareu tota la informaci\u00f3 sobre el centre. <\/strong><\/p>\n<p><!--\n\n\n<p style=\"color: #444444;\">Aquesta secci\u00f3\u00a0pot contenir\u00a0totes les p\u00e0gines necess\u00e0ries per a oferir una descripci\u00f3 general de l\u2019institut: ubicaci\u00f3, hist\u00f2ria, instal\u00b7lacions, equip docent, consell escolar, pla de qualitat, calendari, salut, informacions pr\u00e0ctiques, normativa\u2026<\/p>\n\n\n\n\n<p style=\"color: #444444;\">En la maqueta inicial s\u2019inclouen algunes d\u2019aquestes p\u00e0gines amb contingut simulat. L\u2019administrador\/a pot\u00a0editar-les,\u00a0eliminar-les o crear-ne de noves des del tauler. \u00c9s important que\u00a0a la caixa\u00a0<em>Atributs\u00a0de la p\u00e0gina<\/em>\u00a0hi consti com a\u00a0<em>pare\/mare<\/em>\u00a0la p\u00e0gina \u201c<em>L\u2019institut<\/em>\u201c, i que tinguin\u00a0seleccionada la plantilla \u201c<em>Men\u00fa lateral<\/em>\u201c.<\/p>\n\n\n--><\/p>\n","protected":false},"excerpt":{"rendered":"<p> Situaci\u00f3 i entorn de l\u2019institut<br \/>\nL\u2019institut LA GUINEUETA est\u00e0 situat a la zona nord\u2013est de Barcelona al districte de Nou Barris, on conflueixen  Canyelles, Verdum i La Guineueta.<br \/>\nAquests barris es van configurar a les d\u00e8cades del seixanta i setanta amb una poblaci\u00f3 provinent&hellip;  <a href=\"https:\/\/agora.xtec.cat\/ieslaguineueta\/linstitut\/\" title=\"Read L&#8217;institut\">Llegeix m\u00e9s\u00bb<\/a><\/p>\n","protected":false},"author":1,"featured_media":0,"parent":0,"menu_order":1,"comment_status":"closed","ping_status":"closed","template":"page-templates\/side-menu.php","meta":{"_bbp_topic_count":0,"_bbp_reply_count":0,"_bbp_total_topic_count":0,"_bbp_total_reply_count":0,"_bbp_voice_count":0,"_bbp_anonymous_reply_count":0,"_bbp_topic_count_hidden":0,"_bbp_reply_count_hidden":0,"_bbp_forum_subforum_count":0,"footnotes":""},"class_list":["post-19","page","type-page","status-publish","hentry"],"post_mailing_queue_ids":[],"_links":{"self":[{"href":"https:\/\/agora.xtec.cat\/ieslaguineueta\/wp-json\/wp\/v2\/pages\/19","targetHints":{"allow":["GET"]}}],"collection":[{"href":"https:\/\/agora.xtec.cat\/ieslaguineueta\/wp-json\/wp\/v2\/pages"}],"about":[{"href":"https:\/\/agora.xtec.cat\/ieslaguineueta\/wp-json\/wp\/v2\/types\/page"}],"author":[{"embeddable":true,"href":"https:\/\/agora.xtec.cat\/ieslaguineueta\/wp-json\/wp\/v2\/users\/1"}],"replies":[{"embeddable":true,"href":"https:\/\/agora.xtec.cat\/ieslaguineueta\/wp-json\/wp\/v2\/comments?post=19"}],"version-history":[{"count":4,"href":"https:\/\/agora.xtec.cat\/ieslaguineueta\/wp-json\/wp\/v2\/pages\/19\/revisions"}],"predecessor-version":[{"id":597,"href":"https:\/\/agora.xtec.cat\/ieslaguineueta\/wp-json\/wp\/v2\/pages\/19\/revisions\/597"}],"wp:attachment":[{"href":"https:\/\/agora.xtec.cat\/ieslaguineueta\/wp-json\/wp\/v2\/media?parent=19"}],"curies":[{"name":"wp","href":"https:\/\/api.w.org\/{rel}","templated":true}]}}

<h2> Situació i entorn de l’institut </h2>
<p>L’institut LA GUINEUETA està situat a la zona nord–est de Barcelona al districte de Nou Barris, on conflueixen  Canyelles, Verdum i La Guineueta.<br />
Aquests barris es van configurar a les dècades del seixanta i setanta amb una població provinent majoritàriament de diferents zones d’Espanya.<br />
Els darrers anys una nova emigració, en gran part llatinoamericana, ha canviat en part la fisonomia de la zona.</p>
<h2> Estudis impartits a l’institut </h2>
<ul>
<li> ESO </li>
<li> BATXILLERAT: </li>
<ul>
<li> Modalitat de Ciències i Tecnologia </li>
<li> Modalitat d’Humanitats i Ciències socials </li>
</ul>
<li> FORMACIÓ PROFESSIONAL: </li>
<ul>
<li> CICLES FORMATIUS DE GRAU MITJÀ: </li>
<ul>
<li> Família de Manteniment de vehicles: </li>
<ul>
<li> CFGM d’Electromecànica de Vehicles </li>
<li> CFGM de Carrosseria </li>
</ul>
<li> Família de Administració i gestió: </li>
<ul>
<li> CFGM de Gestió administrativa </li>
</ul>
<li> Família d’Informàtica i comunicació: </li>
<ul>
<li> CFGM de Sistemes microinformàtics i xarxes </li>
</ul>
<li> Familía de Sanitat: </li>
<ul>
<li> CFGM d’Emergències sanitàries </li>
<li> CFGM de Cures auxiliars d’infermeria </li>
<li> CFGM de Farmàcia i parafarmàcia </li>
</ul>
</ul>
</ul>
<ul>
<li> CICLES FORMATIUS DE GRAU SUPERIOR: </li>
<ul>
<li> Família de Manteniment de vehicles: </li>
<ul>
<li> CFGS d’Automoció </li>
</ul>
<li> Família de Administració i gestió: </li>
<ul>
<li> CFGS d’Administració i finances </li>
</ul>
<li> Família d’Informàtica i comunicació: </li>
<ul>
<li> CFGS d’Administració de sistemes informàtics i xarxes </li>
</ul>
<li> Familía de Sanitat: </li>
<ul>
<li> CFGS d’Anatomia patològica i citologia </li>
<li> CFGS de Laboratori de diagnosi clínic </li>
<li> CFGS de Salut Ambiental </li>
<li> CFGS de Dietètica </li>
</ul>
</ul>
<li> PROGRAMES DE FORMACIÓ I INSERCIÓ </li>
<ul>
<li> Auxiliar de reparació i manteniment de vehicles lleugers </li>
</ul>
</ul>
<p><strong> Al panell lateral i al menu en trobareu tota la informació sobre el centre. </strong></p>
<p><!--


<p style="color: #444444;">Aquesta secció pot contenir totes les pàgines necessàries per a oferir una descripció general de l’institut: ubicació, història, instal·lacions, equip docent, consell escolar, pla de qualitat, calendari, salut, informacions pràctiques, normativa…</p>




<p style="color: #444444;">En la maqueta inicial s’inclouen algunes d’aquestes pàgines amb contingut simulat. L’administrador/a pot editar-les, eliminar-les o crear-ne de noves des del tauler. És important que a la caixa <em>Atributs de la pàgina</em> hi consti com a <em>pare/mare</em> la pàgina “<em>L’institut</em>“, i que tinguin seleccionada la plantilla “<em>Menú lateral</em>“.</p>


--></p>

<p> Situació i entorn de l’institut<br />
L’institut LA GUINEUETA està situat a la zona nord–est de Barcelona al districte de Nou Barris, on conflueixen  Canyelles, Verdum i La Guineueta.<br />
Aquests barris es van configurar a les dècades del seixanta i setanta amb una població provinent&hellip;  <a href="https://agora.xtec.cat/ieslaguineueta/linstitut/" title="Read L&#8217;institut">Llegeix més»</a></p>
