{"id":1307,"date":"2017-10-11T15:29:52","date_gmt":"2017-10-11T13:29:52","guid":{"rendered":"http:\/\/agora.xtec.cat\/ieslaguineueta\/?page_id=1307"},"modified":"2017-10-11T15:29:52","modified_gmt":"2017-10-11T13:29:52","slug":"pot","status":"publish","type":"page","link":"https:\/\/agora.xtec.cat\/ieslaguineueta\/proves\/pot\/","title":{"rendered":"POT"},"content":{"rendered":"<h3 align=\"left\">Proves per a l\u2019obtenci\u00f3 del t\u00edtol de T\u00e8cnic\/a i T\u00e8cnic Superior<\/h3>\n<p>El Departament d\u2019Educaci\u00f3 convoca anualment les proves per a l\u2019obtenci\u00f3 del t\u00edtol de T\u00e8cnic\/a i T\u00e8cnic Superior.<\/p>\n<p>Aquest any, el nostre centre es desenvoluparan les proves per a l\u2019obtenci\u00f3 del t\u00edtol de T\u00e8cnic\/a en Emerg\u00e8ncies Sanit\u00e0ries.<\/p>\n<p>La informaci\u00f3 referent a aquestes proves la podreu trobar a la web del departament d\u2019educaci\u00f3 i a aquesta mateixa p\u00e0gina.<\/p>\n<p>&nbsp;<\/p>\n<p>Al web de la Generalitat trobareu tota la informaci\u00f3 referent al proc\u00e9s de les proves lliures. \u00a0<a href=\"http:\/\/ensenyament.gencat.cat\/ca\/serveis-tramits\/proves\/proves-lliures-obtencio-titols\/obtencio-titols-fp\/\">enlla\u00e7<\/a><\/p>\n<p>&nbsp;<\/p>\n<p><a href=\"http:\/\/www.inslaguineueta.cat\/category\/noticies-pot\/\"><strong>Not\u00edcies POT<\/strong><\/a><\/p>\n","protected":false},"excerpt":{"rendered":"<p>Proves per a l\u2019obtenci\u00f3 del t\u00edtol de T\u00e8cnic\/a i T\u00e8cnic Superior<br \/>\nEl Departament d\u2019Educaci\u00f3 convoca anualment les proves per a l\u2019obtenci\u00f3 del t\u00edtol de T\u00e8cnic\/a i T\u00e8cnic Superior.<br \/>\nAquest any, el nostre centre es desenvoluparan les proves per a l\u2019obtenci\u00f3 del t\u00edtol de T\u00e8cnic\/a en Emerg\u00e8ncies Sanit\u00e0ries.<br \/>\nLa&hellip;  <a href=\"https:\/\/agora.xtec.cat\/ieslaguineueta\/proves\/pot\/\" title=\"Read POT\">Llegeix m\u00e9s\u00bb<\/a><\/p>\n","protected":false},"author":1,"featured_media":0,"parent":57,"menu_order":0,"comment_status":"closed","ping_status":"closed","template":"","meta":{"_bbp_topic_count":0,"_bbp_reply_count":0,"_bbp_total_topic_count":0,"_bbp_total_reply_count":0,"_bbp_voice_count":0,"_bbp_anonymous_reply_count":0,"_bbp_topic_count_hidden":0,"_bbp_reply_count_hidden":0,"_bbp_forum_subforum_count":0,"footnotes":""},"class_list":["post-1307","page","type-page","status-publish","hentry"],"post_mailing_queue_ids":[],"_links":{"self":[{"href":"https:\/\/agora.xtec.cat\/ieslaguineueta\/wp-json\/wp\/v2\/pages\/1307","targetHints":{"allow":["GET"]}}],"collection":[{"href":"https:\/\/agora.xtec.cat\/ieslaguineueta\/wp-json\/wp\/v2\/pages"}],"about":[{"href":"https:\/\/agora.xtec.cat\/ieslaguineueta\/wp-json\/wp\/v2\/types\/page"}],"author":[{"embeddable":true,"href":"https:\/\/agora.xtec.cat\/ieslaguineueta\/wp-json\/wp\/v2\/users\/1"}],"replies":[{"embeddable":true,"href":"https:\/\/agora.xtec.cat\/ieslaguineueta\/wp-json\/wp\/v2\/comments?post=1307"}],"version-history":[{"count":1,"href":"https:\/\/agora.xtec.cat\/ieslaguineueta\/wp-json\/wp\/v2\/pages\/1307\/revisions"}],"predecessor-version":[{"id":1308,"href":"https:\/\/agora.xtec.cat\/ieslaguineueta\/wp-json\/wp\/v2\/pages\/1307\/revisions\/1308"}],"up":[{"embeddable":true,"href":"https:\/\/agora.xtec.cat\/ieslaguineueta\/wp-json\/wp\/v2\/pages\/57"}],"wp:attachment":[{"href":"https:\/\/agora.xtec.cat\/ieslaguineueta\/wp-json\/wp\/v2\/media?parent=1307"}],"curies":[{"name":"wp","href":"https:\/\/api.w.org\/{rel}","templated":true}]}}