{"id":1274,"date":"2017-10-09T10:35:46","date_gmt":"2017-10-09T08:35:46","guid":{"rendered":"http:\/\/agora.xtec.cat\/ieslaguineueta\/?page_id=1274"},"modified":"2017-10-09T10:35:46","modified_gmt":"2017-10-09T08:35:46","slug":"servei-de-mediacio","status":"publish","type":"page","link":"https:\/\/agora.xtec.cat\/ieslaguineueta\/serveis\/servei-de-mediacio\/","title":{"rendered":"Servei de mediaci\u00f3"},"content":{"rendered":"<p><strong>Comencem amb un poema de Mario Benedetti que ens agrada pensar que defineix el nostre estil:<\/strong><\/p>\n<p><strong>\u00a0<\/strong><\/p>\n<p><strong>\u201cPrimero que todo me gusta la gente que vibra,<br \/>\nQue no hay que empujarla, que no hay que decirle<br \/>\nQue haga las cosas, sino que sabe lo que<br \/>\nhay que hacer y lo hace.<\/strong><\/p>\n<p><strong>Me gusta la gente con capacidad para medir las<br \/>\nconsecuencias de sus acciones, la gente que no<br \/>\ndeja las soluciones al azar.<\/strong><\/p>\n<p><strong>Me gusta la gente justa con su gente y consigo<br \/>\nmisma, pero que no pierde de vista que somos<br \/>\nhumanos y nos podemos equivocar.<\/strong><\/p>\n<p><strong>Me gusta la gente que piensa que el trabajo en<br \/>\nequipo entre amigos produce m\u00e1s que los<br \/>\nca\u00f3ticos esfuerzos individuales.<\/strong><\/p>\n<p><strong>Me gusta la gente que sabe la importancia de la<br \/>\nAlegr\u00eda.<\/strong><\/p>\n<p><strong>Me gusta la gente sincera y franca , capaz de<br \/>\noponerse con argumentos serenos y razonables a<br \/>\nlas decisiones de un jefe.<\/strong><\/p>\n<p><strong>Me gusta la gente de criterio, la que no traga<br \/>\nentero, la que no se averg\u00fcenza de reconocer que<br \/>\nno sabe algo o que se equivoc\u00f3.<\/strong><\/p>\n<p><strong>Me gusta la gente que, al aceptar sus errores, se<br \/>\nesfuerza genuinamente por no volver a<br \/>\ncometerlos.<\/strong><\/p>\n<p><strong>Me gusta la gente capaz de criticarme<br \/>\nconstructivamente y de frente, a estos les llamo<br \/>\nmis amigos.<\/strong><\/p>\n<p><strong>Me gusta la gente fiel y persistente, que no<br \/>\ndesfallece cuando de alcanzar los objetivos e ideas<br \/>\nse trata.<\/strong><\/p>\n<p><strong>Me gusta la gente que trabaja por resultados.<br \/>\nCon gente como esa, me comprometo a lo que<br \/>\nsea, ya que con haber tenido esa gente a mi lado<br \/>\nMe doy por bien retribuido.\u201d<\/strong><\/p>\n<p><strong>Mario Benedetti<\/strong><\/p>\n<p><strong>\u00a0<\/strong><\/p>\n<p><strong>MEDIACI\u00d3 ESCOLAR<\/strong><\/p>\n<div title=\"Page 1\">\n<p>La inquietud creixent pel deteriorament de la conviv\u00e8ncia en els centres educatius no deixa ning\u00fa indiferent. Docents, alumnat, fam\u00edlies i autoritats educatives constaten que els objectius d\u2019ensenyament i aprenentatge no poden limitar\u00adse als continguts merament acad\u00e8mics. Educar consisteix, b\u00e0sicament, en formar persones capaces de viure i conviure en les nostres societats plurals enriquint\u00adse m\u00fatuament.<\/p>\n<p>La mediaci\u00f3 contribueix a regular la conviv\u00e8ncia en el centre desenvolupant actituds i habilitats relacionals positives, prevenint la viol\u00e8ncia, intervenint constructivament enfront dels conflictes i propiciant la reparaci\u00f3 responsable i la reconciliaci\u00f3 entre persones que passen molt de temps juntes. De retruc, la millora en el clima del centre incideix positivament en la resta d\u2019activitats educatives.<\/p>\n<p>&nbsp;<\/p>\n<p><strong>Qu\u00e8 cal saber sobre la mediaci\u00f3 escolar?<\/strong><\/p>\n<ul>\n<li>\u00df \u00a0La mediaci\u00f3 escolar t\u00e9 per objectiu educar la conviv\u00e8ncia.<\/li>\n<li>\u00df \u00a0Es basa en el di\u00e0leg, la cooperaci\u00f3 i la responsabilitat de cada persona enel manteniment d\u2019un clima pac\u00edfic.<\/li>\n<li>\u00df \u00a0Accepta les difer\u00e8ncies, no intenta canviar a les persones, ni les sevesidees. Tan sols contribueix a evitar enfrontaments in\u00fatils i a crear consens.<\/li>\n<li>\u00df \u00a0Parteix del fet que quan es produeix un conflicte no es tracta de \u201cjo\u201d o \u201ctu\u201d,sin\u00f3 de \u201cjo\u201d i \u201ctu\u201d, \u00e9s a dir, \u201cnosaltres\u201d.<\/li>\n<li>\u00df \u00a0Es dirigeix al conjunt de la comunitat educativa: alumnat, professorat,fam\u00edlies i personal de serveis i d\u2019administraci\u00f3.<\/li>\n<li>\u00df \u00a0Tothom que s\u2019hagi format pot fer de mediador\/a.<\/li>\n<li>\u00df \u00a0La mediaci\u00f3 no s\u2019aplica quan el conflicte requereix intervenci\u00f3 terap\u00e8uticao legal.<\/li>\n<li>\u00df \u00a0Els processos de mediaci\u00f3 resulten especialment efectius a l\u2019hora deregular els conflictes que es produeixen entre persones que mantenenuna relaci\u00f3 quotidiana.<\/li>\n<li>\u00df \u00a0Quan en un conflicte, la decisi\u00f3 final comporta que una persona \u201cguanyi\u201d il\u2019altra \u201cperdi\u201d no es pot dir mai que s\u2019ha \u201csolucionat\u201d el conflicte.<\/li>\n<li>\u00df \u00a0La mediaci\u00f3 suposa una aportaci\u00f3 a la cultura del di\u00e0leg, el consens i lapau en contrast a la cultura dominant del litigi, la controv\u00e8rsia i la guerra.<\/li>\n<\/ul>\n<\/div>\n<p><a href=\"http:\/\/ieslaguineueta.xtec.cat\/?cat=1\">Not\u00edcies i fotos<\/a><\/p>\n<p>&nbsp;<\/p>\n","protected":false},"excerpt":{"rendered":"<p>Comencem amb un poema de Mario Benedetti que ens agrada pensar que defineix el nostre estil:<br \/>\n\u00a0<br \/>\n\u201cPrimero que todo me gusta la gente que vibra,<br \/>\nQue no hay que empujarla, que no hay que decirle<br \/>\nQue haga las cosas, sino que sabe lo que<br \/>\nhay que hacer y lo&hellip;  <a href=\"https:\/\/agora.xtec.cat\/ieslaguineueta\/serveis\/servei-de-mediacio\/\" title=\"Read Servei de mediaci\u00f3\">Llegeix m\u00e9s\u00bb<\/a><\/p>\n","protected":false},"author":1,"featured_media":0,"parent":63,"menu_order":9,"comment_status":"closed","ping_status":"closed","template":"","meta":{"_bbp_topic_count":0,"_bbp_reply_count":0,"_bbp_total_topic_count":0,"_bbp_total_reply_count":0,"_bbp_voice_count":0,"_bbp_anonymous_reply_count":0,"_bbp_topic_count_hidden":0,"_bbp_reply_count_hidden":0,"_bbp_forum_subforum_count":0,"footnotes":""},"class_list":["post-1274","page","type-page","status-publish","hentry"],"post_mailing_queue_ids":[],"_links":{"self":[{"href":"https:\/\/agora.xtec.cat\/ieslaguineueta\/wp-json\/wp\/v2\/pages\/1274","targetHints":{"allow":["GET"]}}],"collection":[{"href":"https:\/\/agora.xtec.cat\/ieslaguineueta\/wp-json\/wp\/v2\/pages"}],"about":[{"href":"https:\/\/agora.xtec.cat\/ieslaguineueta\/wp-json\/wp\/v2\/types\/page"}],"author":[{"embeddable":true,"href":"https:\/\/agora.xtec.cat\/ieslaguineueta\/wp-json\/wp\/v2\/users\/1"}],"replies":[{"embeddable":true,"href":"https:\/\/agora.xtec.cat\/ieslaguineueta\/wp-json\/wp\/v2\/comments?post=1274"}],"version-history":[{"count":1,"href":"https:\/\/agora.xtec.cat\/ieslaguineueta\/wp-json\/wp\/v2\/pages\/1274\/revisions"}],"predecessor-version":[{"id":1275,"href":"https:\/\/agora.xtec.cat\/ieslaguineueta\/wp-json\/wp\/v2\/pages\/1274\/revisions\/1275"}],"up":[{"embeddable":true,"href":"https:\/\/agora.xtec.cat\/ieslaguineueta\/wp-json\/wp\/v2\/pages\/63"}],"wp:attachment":[{"href":"https:\/\/agora.xtec.cat\/ieslaguineueta\/wp-json\/wp\/v2\/media?parent=1274"}],"curies":[{"name":"wp","href":"https:\/\/api.w.org\/{rel}","templated":true}]}}

Servei de mediació

<p><strong>Comencem amb un poema de Mario Benedetti que ens agrada pensar que defineix el nostre estil:</strong></p>
<p><strong> </strong></p>
<p><strong>“Primero que todo me gusta la gente que vibra,<br />
Que no hay que empujarla, que no hay que decirle<br />
Que haga las cosas, sino que sabe lo que<br />
hay que hacer y lo hace.</strong></p>
<p><strong>Me gusta la gente con capacidad para medir las<br />
consecuencias de sus acciones, la gente que no<br />
deja las soluciones al azar.</strong></p>
<p><strong>Me gusta la gente justa con su gente y consigo<br />
misma, pero que no pierde de vista que somos<br />
humanos y nos podemos equivocar.</strong></p>
<p><strong>Me gusta la gente que piensa que el trabajo en<br />
equipo entre amigos produce más que los<br />
caóticos esfuerzos individuales.</strong></p>
<p><strong>Me gusta la gente que sabe la importancia de la<br />
Alegría.</strong></p>
<p><strong>Me gusta la gente sincera y franca , capaz de<br />
oponerse con argumentos serenos y razonables a<br />
las decisiones de un jefe.</strong></p>
<p><strong>Me gusta la gente de criterio, la que no traga<br />
entero, la que no se avergüenza de reconocer que<br />
no sabe algo o que se equivocó.</strong></p>
<p><strong>Me gusta la gente que, al aceptar sus errores, se<br />
esfuerza genuinamente por no volver a<br />
cometerlos.</strong></p>
<p><strong>Me gusta la gente capaz de criticarme<br />
constructivamente y de frente, a estos les llamo<br />
mis amigos.</strong></p>
<p><strong>Me gusta la gente fiel y persistente, que no<br />
desfallece cuando de alcanzar los objetivos e ideas<br />
se trata.</strong></p>
<p><strong>Me gusta la gente que trabaja por resultados.<br />
Con gente como esa, me comprometo a lo que<br />
sea, ya que con haber tenido esa gente a mi lado<br />
Me doy por bien retribuido.”</strong></p>
<p><strong>Mario Benedetti</strong></p>
<p><strong> </strong></p>
<p><strong>MEDIACIÓ ESCOLAR</strong></p>
<div title="Page 1">
<p>La inquietud creixent pel deteriorament de la convivència en els centres educatius no deixa ningú indiferent. Docents, alumnat, famílies i autoritats educatives constaten que els objectius d’ensenyament i aprenentatge no poden limitar­se als continguts merament acadèmics. Educar consisteix, bàsicament, en formar persones capaces de viure i conviure en les nostres societats plurals enriquint­se mútuament.</p>
<p>La mediació contribueix a regular la convivència en el centre desenvolupant actituds i habilitats relacionals positives, prevenint la violència, intervenint constructivament enfront dels conflictes i propiciant la reparació responsable i la reconciliació entre persones que passen molt de temps juntes. De retruc, la millora en el clima del centre incideix positivament en la resta d’activitats educatives.</p>
<p>&nbsp;</p>
<p><strong>Què cal saber sobre la mediació escolar?</strong></p>
<ul>
<li>ß  La mediació escolar té per objectiu educar la convivència.</li>
<li>ß  Es basa en el diàleg, la cooperació i la responsabilitat de cada persona enel manteniment d’un clima pacífic.</li>
<li>ß  Accepta les diferències, no intenta canviar a les persones, ni les sevesidees. Tan sols contribueix a evitar enfrontaments inútils i a crear consens.</li>
<li>ß  Parteix del fet que quan es produeix un conflicte no es tracta de “jo” o “tu”,sinó de “jo” i “tu”, és a dir, “nosaltres”.</li>
<li>ß  Es dirigeix al conjunt de la comunitat educativa: alumnat, professorat,famílies i personal de serveis i d’administració.</li>
<li>ß  Tothom que s’hagi format pot fer de mediador/a.</li>
<li>ß  La mediació no s’aplica quan el conflicte requereix intervenció terapèuticao legal.</li>
<li>ß  Els processos de mediació resulten especialment efectius a l’hora deregular els conflictes que es produeixen entre persones que mantenenuna relació quotidiana.</li>
<li>ß  Quan en un conflicte, la decisió final comporta que una persona “guanyi” il’altra “perdi” no es pot dir mai que s’ha “solucionat” el conflicte.</li>
<li>ß  La mediació suposa una aportació a la cultura del diàleg, el consens i lapau en contrast a la cultura dominant del litigi, la controvèrsia i la guerra.</li>
</ul>
</div>
<p><a href="http://ieslaguineueta.xtec.cat/?cat=1">Notícies i fotos</a></p>
<p>&nbsp;</p>

<p>Comencem amb un poema de Mario Benedetti que ens agrada pensar que defineix el nostre estil:<br />
 <br />
“Primero que todo me gusta la gente que vibra,<br />
Que no hay que empujarla, que no hay que decirle<br />
Que haga las cosas, sino que sabe lo que<br />
hay que hacer y lo&hellip;  <a href="https://agora.xtec.cat/ieslaguineueta/serveis/servei-de-mediacio/" title="Read Servei de mediació">Llegeix més»</a></p>
