{"id":1245,"date":"2017-10-05T23:09:32","date_gmt":"2017-10-05T21:09:32","guid":{"rendered":"http:\/\/agora.xtec.cat\/ieslaguineueta\/?page_id=1245"},"modified":"2017-10-05T23:09:32","modified_gmt":"2017-10-05T21:09:32","slug":"visio","status":"publish","type":"page","link":"https:\/\/agora.xtec.cat\/ieslaguineueta\/qualitat\/visio\/","title":{"rendered":"Visi\u00f3"},"content":{"rendered":"<p style=\"text-align: justify;\">L\u2019Institut La Guineueta vol ser un centre on<\/p>\n<ul>\n<li style=\"text-align: justify;\">Es fomenti el gust pel coneixement i l\u2019estudi de tots els agents del proc\u00e9s educatiu en un ambient agradable, net, endre\u00e7at, din\u00e0mic, participatiu i creatiu.<\/li>\n<li style=\"text-align: justify;\">L\u2019\u00fas de les diferents tecnologies educatives (TE), especialment les Tecnologies de l\u2019Aprenentatge i el Coneixement (TAC), amb eines TIC sigui una pr\u00e0ctica habitual en tots els \u00e0mbits de la doc\u00e8ncia i no pas una fet excepcional o anecd\u00f2tic per tal de formar persones que puguin incorporar-se a la societat amb un alt grau d\u2019autonomia e independ\u00e8ncia.<\/li>\n<li style=\"text-align: justify;\">La formaci\u00f3 en valors sigui alguna cosa m\u00e9s que paraules escrites en una programaci\u00f3, un projecte, un reglament,\u2026 i es converteixi en una pr\u00e0ctica educativa di\u00e0ria amb propostes concretes d\u2019actuaci\u00f3.<\/li>\n<li style=\"text-align: justify;\">La inserci\u00f3 laboral de l\u2019alumnat de FP sigui alta i on existeixi una bossa de treball activa i din\u00e0mica.<\/li>\n<li style=\"text-align: justify;\">La continu\u00eftat d\u2019estudis sigui un fet habitual i majoritari i, especialment, en finalitzar l&#8217;etapa de l\u2019ensenyament obligatori.<\/li>\n<li style=\"text-align: justify;\">A nivell del barri sigui un centre atractiu per a les fam\u00edlies tant pel que fa refer\u00e8ncia a l\u2019atenci\u00f3 individualitzada com per l\u2019oferta d\u2019uns ensenyaments de qualitat.<\/li>\n<li style=\"text-align: justify;\">S\u2019utilitzin estrat\u00e8gies educatives pr\u00f2pies i foranies que permetin afrontar els conflictes de conviv\u00e8ncia que sorgeixen i resoldre\u2019ls mitjan\u00e7ant el di\u00e0leg, la mediaci\u00f3 i resoluci\u00f3 de conflictes<\/li>\n<li style=\"text-align: justify;\">L\u2019entorn laboral sigui de respecte i cordialitat per tal de facilitar la implicaci\u00f3 de la majoria del professorat en les diferents aspectes dels processos d\u2019ensenyament \u2013 aprenentatge.<\/li>\n<li style=\"text-align: justify;\">La formaci\u00f3 permanent, la innovaci\u00f3, la participaci\u00f3 en projectes de diferents \u00e0mbits tant locals com nacionals i internacionals sigui un signe d\u2019identitat del centre.<\/li>\n<li style=\"text-align: justify;\">L\u2019alumnat de FP finalitzi els seus estudis amb un alt nivell de qualificaci\u00f3 professional.<\/li>\n<\/ul>\n","protected":false},"excerpt":{"rendered":"<p>L\u2019Institut La Guineueta vol ser un centre on<\/p>\n<ul>\n<li style=\"text-align: justify;\">Es fomenti el gust pel coneixement i l\u2019estudi de tots els agents del proc\u00e9s educatiu en un ambient agradable, net, endre\u00e7at, din\u00e0mic, participatiu i creatiu.<\/li>\n<li style=\"text-align: justify;\">L\u2019\u00fas de les diferents tecnologies educatives (TE), especialment les Tecnologies&hellip;  <a href=\"https:\/\/agora.xtec.cat\/ieslaguineueta\/qualitat\/visio\/\" title=\"Read Visi\u00f3\">Llegeix m\u00e9s\u00bb<\/a><br \/>\n","protected":false},"author":1,"featured_media":0,"parent":1237,"menu_order":3,"comment_status":"closed","ping_status":"closed","template":"","meta":{"_bbp_topic_count":0,"_bbp_reply_count":0,"_bbp_total_topic_count":0,"_bbp_total_reply_count":0,"_bbp_voice_count":0,"_bbp_anonymous_reply_count":0,"_bbp_topic_count_hidden":0,"_bbp_reply_count_hidden":0,"_bbp_forum_subforum_count":0,"footnotes":""},"class_list":["post-1245","page","type-page","status-publish","hentry"],"post_mailing_queue_ids":[],"_links":{"self":[{"href":"https:\/\/agora.xtec.cat\/ieslaguineueta\/wp-json\/wp\/v2\/pages\/1245","targetHints":{"allow":["GET"]}}],"collection":[{"href":"https:\/\/agora.xtec.cat\/ieslaguineueta\/wp-json\/wp\/v2\/pages"}],"about":[{"href":"https:\/\/agora.xtec.cat\/ieslaguineueta\/wp-json\/wp\/v2\/types\/page"}],"author":[{"embeddable":true,"href":"https:\/\/agora.xtec.cat\/ieslaguineueta\/wp-json\/wp\/v2\/users\/1"}],"replies":[{"embeddable":true,"href":"https:\/\/agora.xtec.cat\/ieslaguineueta\/wp-json\/wp\/v2\/comments?post=1245"}],"version-history":[{"count":1,"href":"https:\/\/agora.xtec.cat\/ieslaguineueta\/wp-json\/wp\/v2\/pages\/1245\/revisions"}],"predecessor-version":[{"id":1246,"href":"https:\/\/agora.xtec.cat\/ieslaguineueta\/wp-json\/wp\/v2\/pages\/1245\/revisions\/1246"}],"up":[{"embeddable":true,"href":"https:\/\/agora.xtec.cat\/ieslaguineueta\/wp-json\/wp\/v2\/pages\/1237"}],"wp:attachment":[{"href":"https:\/\/agora.xtec.cat\/ieslaguineueta\/wp-json\/wp\/v2\/media?parent=1245"}],"curies":[{"name":"wp","href":"https:\/\/api.w.org\/{rel}","templated":true}]}}

Visió

<p style="text-align: justify;">L’Institut La Guineueta vol ser un centre on</p>
<ul>
<li style="text-align: justify;">Es fomenti el gust pel coneixement i l’estudi de tots els agents del procés educatiu en un ambient agradable, net, endreçat, dinàmic, participatiu i creatiu.</li>
<li style="text-align: justify;">L’ús de les diferents tecnologies educatives (TE), especialment les Tecnologies de l’Aprenentatge i el Coneixement (TAC), amb eines TIC sigui una pràctica habitual en tots els àmbits de la docència i no pas una fet excepcional o anecdòtic per tal de formar persones que puguin incorporar-se a la societat amb un alt grau d’autonomia e independència.</li>
<li style="text-align: justify;">La formació en valors sigui alguna cosa més que paraules escrites en una programació, un projecte, un reglament,… i es converteixi en una pràctica educativa diària amb propostes concretes d’actuació.</li>
<li style="text-align: justify;">La inserció laboral de l’alumnat de FP sigui alta i on existeixi una bossa de treball activa i dinàmica.</li>
<li style="text-align: justify;">La continuïtat d’estudis sigui un fet habitual i majoritari i, especialment, en finalitzar l&#8217;etapa de l’ensenyament obligatori.</li>
<li style="text-align: justify;">A nivell del barri sigui un centre atractiu per a les famílies tant pel que fa referència a l’atenció individualitzada com per l’oferta d’uns ensenyaments de qualitat.</li>
<li style="text-align: justify;">S’utilitzin estratègies educatives pròpies i foranies que permetin afrontar els conflictes de convivència que sorgeixen i resoldre’ls mitjançant el diàleg, la mediació i resolució de conflictes</li>
<li style="text-align: justify;">L’entorn laboral sigui de respecte i cordialitat per tal de facilitar la implicació de la majoria del professorat en les diferents aspectes dels processos d’ensenyament – aprenentatge.</li>
<li style="text-align: justify;">La formació permanent, la innovació, la participació en projectes de diferents àmbits tant locals com nacionals i internacionals sigui un signe d’identitat del centre.</li>
<li style="text-align: justify;">L’alumnat de FP finalitzi els seus estudis amb un alt nivell de qualificació professional.</li>
</ul>

<p>L’Institut La Guineueta vol ser un centre on</p>
<ul>
<li style="text-align: justify;">Es fomenti el gust pel coneixement i l’estudi de tots els agents del procés educatiu en un ambient agradable, net, endreçat, dinàmic, participatiu i creatiu.</li>
<li style="text-align: justify;">L’ús de les diferents tecnologies educatives (TE), especialment les Tecnologies&hellip;  <a href="https://agora.xtec.cat/ieslaguineueta/qualitat/visio/" title="Read Visió">Llegeix més»</a><br />
