{"id":1241,"date":"2017-10-05T23:07:13","date_gmt":"2017-10-05T21:07:13","guid":{"rendered":"http:\/\/agora.xtec.cat\/ieslaguineueta\/?page_id=1241"},"modified":"2017-10-05T23:07:13","modified_gmt":"2017-10-05T21:07:13","slug":"politica-de-qualitat","status":"publish","type":"page","link":"https:\/\/agora.xtec.cat\/ieslaguineueta\/qualitat\/politica-de-qualitat\/","title":{"rendered":"Pol\u00edtica de Qualitat"},"content":{"rendered":"<p style=\"text-align: justify;\">La pol\u00edtica de qualitat de l\u2019Institut la Guineueta, d\u2019acord amb el Projecte de Direcci\u00f3, est\u00e0 orientada a satisfer les expectatives i necessitats educatives de tots els membres de la comunitat educativa, oferint uns ensenyaments i serveis de qualitat. A m\u00e9s, tal i com s\u2019especifica en el Projecte Educatiu de Centre, est\u00e0 dirigida a:<\/p>\n<p style=\"text-align: justify;\">&#8211; Contribuir a la consolidaci\u00f3 d\u2019un ensenyament de qualitat garantint la igualtat d\u2019oportunitats.<\/p>\n<p style=\"text-align: justify;\">&#8211; Aplicar una pol\u00edtica de qualitat i millora cont\u00ednua en tots els processos propis del centre, perqu\u00e8 permetin la consolidaci\u00f3 de les bones pr\u00e0ctiques existents, l\u2019assegurament dels correctes serveis del centre i la coher\u00e8ncia de totes les accions educatives.<\/p>\n<p style=\"text-align: justify;\">&#8211; Donar compliment als condicionaments que marquen les lleis en mat\u00e8ria d\u2019educaci\u00f3 o relacionades i, si escau, als requisits de les normes acreditadores de qualitat.<\/p>\n<p style=\"text-align: justify;\">Cal dir que la nostra pol\u00edtica es concreta amb una s\u00e8rie d\u2019objectius relacionats amb la satisfacci\u00f3 dels usuaris, fam\u00edlies, empreses, treballadors del centre i societat. Els nostres objectius s\u00f3n:<\/p>\n<p style=\"text-align: justify;\">&#8211; Millorar els resultats educatius, optimitzant al m\u00e0xim la utilitzaci\u00f3 dels espais on s\u2019imparteixen classes, el servei de Biblioteca i en general els resultats dels indicadors del centre.<\/p>\n<p style=\"text-align: justify;\">&#8211; Millorar la confian\u00e7a dels grups d\u2019inter\u00e8s, mitjan\u00e7ant la creaci\u00f3 d\u2019equips de millora, formaci\u00f3 del professorat, gesti\u00f3 de la documentaci\u00f3, habilitaci\u00f3 d\u2019espais per a l\u2019alumnat i manteniment de la confian\u00e7a de les empreses col\u00b7laboradores amb la formaci\u00f3 de l\u2019alumnat d\u2019FP.<\/p>\n<p style=\"text-align: justify;\">Per fer possible els resultats que es deriven d\u2019aquests objectius, el centre desenvolupa un sistema de gesti\u00f3 de qualitat coherent amb la missi\u00f3 i comprom\u00e8s amb la millora cont\u00ednua. Aquest sistema es desplega en un conjunt de processos interrelacionats entre ells, contemplats en el mapa de processos, i mesurats d\u2019acord amb els indicadors corresponents.<\/p>\n<p style=\"text-align: justify;\">El sistema amb el que treballem est\u00e0 basat i acreditat per la norma ISO 9001-2008 des del curs 2007 \u2013 2008 i renovat per l\u2019empresa ECA del grup Bureau Veritas. Al mateix temps el centre se sotmet cada curs escolar a dues auditories per fer possible la finalitat \u00faltima de la Qualitat que no \u00e9s altra sin\u00f3 la millora cont\u00ednua.<\/p>\n","protected":false},"excerpt":{"rendered":"<p>La pol\u00edtica de qualitat de l\u2019Institut la Guineueta, d\u2019acord amb el Projecte de Direcci\u00f3, est\u00e0 orientada a satisfer les expectatives i necessitats educatives de tots els membres de la comunitat educativa, oferint uns ensenyaments i serveis de qualitat. A m\u00e9s, tal i com s\u2019especifica en&hellip;  <a href=\"https:\/\/agora.xtec.cat\/ieslaguineueta\/qualitat\/politica-de-qualitat\/\" title=\"Read Pol\u00edtica de Qualitat\">Llegeix m\u00e9s\u00bb<\/a><\/p>\n","protected":false},"author":1,"featured_media":0,"parent":1237,"menu_order":1,"comment_status":"closed","ping_status":"closed","template":"","meta":{"_bbp_topic_count":0,"_bbp_reply_count":0,"_bbp_total_topic_count":0,"_bbp_total_reply_count":0,"_bbp_voice_count":0,"_bbp_anonymous_reply_count":0,"_bbp_topic_count_hidden":0,"_bbp_reply_count_hidden":0,"_bbp_forum_subforum_count":0,"footnotes":""},"class_list":["post-1241","page","type-page","status-publish","hentry"],"post_mailing_queue_ids":[],"_links":{"self":[{"href":"https:\/\/agora.xtec.cat\/ieslaguineueta\/wp-json\/wp\/v2\/pages\/1241","targetHints":{"allow":["GET"]}}],"collection":[{"href":"https:\/\/agora.xtec.cat\/ieslaguineueta\/wp-json\/wp\/v2\/pages"}],"about":[{"href":"https:\/\/agora.xtec.cat\/ieslaguineueta\/wp-json\/wp\/v2\/types\/page"}],"author":[{"embeddable":true,"href":"https:\/\/agora.xtec.cat\/ieslaguineueta\/wp-json\/wp\/v2\/users\/1"}],"replies":[{"embeddable":true,"href":"https:\/\/agora.xtec.cat\/ieslaguineueta\/wp-json\/wp\/v2\/comments?post=1241"}],"version-history":[{"count":1,"href":"https:\/\/agora.xtec.cat\/ieslaguineueta\/wp-json\/wp\/v2\/pages\/1241\/revisions"}],"predecessor-version":[{"id":1242,"href":"https:\/\/agora.xtec.cat\/ieslaguineueta\/wp-json\/wp\/v2\/pages\/1241\/revisions\/1242"}],"up":[{"embeddable":true,"href":"https:\/\/agora.xtec.cat\/ieslaguineueta\/wp-json\/wp\/v2\/pages\/1237"}],"wp:attachment":[{"href":"https:\/\/agora.xtec.cat\/ieslaguineueta\/wp-json\/wp\/v2\/media?parent=1241"}],"curies":[{"name":"wp","href":"https:\/\/api.w.org\/{rel}","templated":true}]}}