{"id":838,"date":"2022-03-18T09:43:44","date_gmt":"2022-03-18T08:43:44","guid":{"rendered":"https:\/\/agora.xtec.cat\/ieslaferreria\/?page_id=838"},"modified":"2023-11-03T13:18:19","modified_gmt":"2023-11-03T12:18:19","slug":"fp-basica","status":"publish","type":"page","link":"https:\/\/agora.xtec.cat\/ieslaferreria\/fp-basica\/","title":{"rendered":"FP B\u00e0sica"},"content":{"rendered":"<div class=\"etapa\">\n<div>\n<div>\n<div class=\"padding-15\">\n<p>Els estudis de formaci\u00f3 professional s\u00f3n els ensenyaments reglats m\u00e9s connectats amb el mercat laboral. Donen resposta a la necessitat de professionals qualificats i qualificades, especialitzats i especialitzades en els diferents sectors de producci\u00f3. L&#8217;oferta formativa at\u00e9n les tend\u00e8ncies del mercat laboral, tant les ocupacions demandades com les ocupacions emergents, en un entorn laboral canviant. Amb aquesta finalitat, s&#8217;organitzen en cicles formatius agrupats en fam\u00edlies professionals i en diferents nivells. El primer nivell \u00e9s el corresponent als cicles formatius de grau b\u00e0sic.<\/p>\n<p>Els cicles formatius de grau b\u00e0sic complementen l&#8217;oferta formativa de la formaci\u00f3 professional, conjuntament amb els cicles formatius de grau mitj\u00e0 i de grau superior. L&#8217;educaci\u00f3 prim\u00e0ria, l&#8217;educaci\u00f3 secund\u00e0ria obligat\u00f2ria i els cicles formatius de grau b\u00e0sic (CFGB) constitueixen l&#8217;educaci\u00f3 b\u00e0sica.<\/p>\n<p><strong>A qui van adre\u00e7ats?<\/strong><br \/>\nAquests cicles formatius s\u00f3n una oportunitat per als alumnes especialment motivats pels aprenentatges professionals i que presentin m\u00e9s possibilitats d&#8217;aprenentatge i d&#8217;assoliment de les compet\u00e8ncies d&#8217;educaci\u00f3 secund\u00e0ria obligat\u00f2ria\u00a0en un entorn vinculat al m\u00f3n professional. Van dirigits a l&#8217;alumnat que ha cursat tercer curs d&#8217;educaci\u00f3 secund\u00e0ria obligat\u00f2ria (o, excepcionalment, segon curs), amb la proposta de l&#8217;equip docent mitjan\u00e7ant el Consell orientador.<\/p>\n<p>Els cicles formatius de grau b\u00e0sic tenen una durada de dos cursos\u00a0acad\u00e8mics.<\/p>\n<p>La superaci\u00f3 de la totalitat dels \u00e0mbits inclosos en un cicle formatiu de grau b\u00e0sic permet l&#8217;obtenci\u00f3 del t\u00edtol de graduat o graduada en educaci\u00f3 secund\u00e0ria obligat\u00f2ria i del t\u00edtol de t\u00e8cnica o t\u00e8cnic b\u00e0sic en l&#8217;especialitat corresponent, que acredita les compet\u00e8ncies professionals adquirides.<\/p>\n<\/div>\n<\/div>\n<\/div>\n<\/div>\n<div class=\"etapa csectionodd\">\n<div>\n<div>\n<div class=\"row\">\n<h2 class=\"subtitle\">Qu\u00e8 necessito per accedir-hi<\/h2>\n<\/div>\n<\/div>\n<\/div>\n<div class=\"pd-15x\">\n<p>Per accedir a un cicle formatiu de grau b\u00e0sic, cal complir simult\u00e0niament els requisits seg\u00fcents:<\/p>\n<ul>\n<li>Tenir quinze\u00a0anys complerts o complir-los durant l&#8217;any natural en el qual s&#8217;accedeix al cicle formatiu.<\/li>\n<li>Haver cursat tercer curs d&#8217;educaci\u00f3 secund\u00e0ria obligat\u00f2ria. Excepcionalment, s&#8217;hi pot accedir despr\u00e9s de haver cursat\u00a0el segon curs.<\/li>\n<li>Haver rebut, el Consell orientador, una recomanaci\u00f3 de l&#8217;equip docent d&#8217;educaci\u00f3 secund\u00e0ria obligat\u00f2ria en aquest sentit.<\/li>\n<\/ul>\n<\/div>\n<\/div>\n<div class=\"etapa \">\n<div>\n<div>\n<div class=\"row\">\n<h2 class=\"subtitle\">Quines s\u00f3n les sortides acad\u00e8miques i professionals<\/h2>\n<\/div>\n<\/div>\n<\/div>\n<div class=\"pd-15x\">\n<p>Les persones que superen un cicle formatiu de grau b\u00e0sic poden accedir:<\/p>\n<ul>\n<li>als cicles formatius de grau mitj\u00e0,<\/li>\n<li>al batxillerat o<\/li>\n<li>al m\u00f3n laboral.<\/li>\n<\/ul>\n<\/div>\n<\/div>\n","protected":false},"excerpt":{"rendered":"<p>Els estudis de formaci\u00f3 professional s\u00f3n els ensenyaments reglats m\u00e9s connectats amb el mercat laboral. Donen resposta a la necessitat de professionals qualificats i qualificades, especialitzats i especialitzades en els diferents sectors de producci\u00f3. L&#8217;oferta formativa at\u00e9n les tend\u00e8ncies del mercat laboral, tant les ocupacions&hellip;  <a href=\"https:\/\/agora.xtec.cat\/ieslaferreria\/fp-basica\/\" title=\"Read FP B\u00e0sica\">Llegeix m\u00e9s\u00bb<\/a><\/p>\n","protected":false},"author":1,"featured_media":0,"parent":0,"menu_order":0,"comment_status":"closed","ping_status":"closed","template":"","meta":{"_bbp_topic_count":0,"_bbp_reply_count":0,"_bbp_total_topic_count":0,"_bbp_total_reply_count":0,"_bbp_voice_count":0,"_bbp_anonymous_reply_count":0,"_bbp_topic_count_hidden":0,"_bbp_reply_count_hidden":0,"_bbp_forum_subforum_count":0,"footnotes":""},"class_list":["post-838","page","type-page","status-publish","hentry"],"post_mailing_queue_ids":[],"_links":{"self":[{"href":"https:\/\/agora.xtec.cat\/ieslaferreria\/wp-json\/wp\/v2\/pages\/838","targetHints":{"allow":["GET"]}}],"collection":[{"href":"https:\/\/agora.xtec.cat\/ieslaferreria\/wp-json\/wp\/v2\/pages"}],"about":[{"href":"https:\/\/agora.xtec.cat\/ieslaferreria\/wp-json\/wp\/v2\/types\/page"}],"author":[{"embeddable":true,"href":"https:\/\/agora.xtec.cat\/ieslaferreria\/wp-json\/wp\/v2\/users\/1"}],"replies":[{"embeddable":true,"href":"https:\/\/agora.xtec.cat\/ieslaferreria\/wp-json\/wp\/v2\/comments?post=838"}],"version-history":[{"count":2,"href":"https:\/\/agora.xtec.cat\/ieslaferreria\/wp-json\/wp\/v2\/pages\/838\/revisions"}],"predecessor-version":[{"id":1106,"href":"https:\/\/agora.xtec.cat\/ieslaferreria\/wp-json\/wp\/v2\/pages\/838\/revisions\/1106"}],"wp:attachment":[{"href":"https:\/\/agora.xtec.cat\/ieslaferreria\/wp-json\/wp\/v2\/media?parent=838"}],"curies":[{"name":"wp","href":"https:\/\/api.w.org\/{rel}","templated":true}]}}