{"id":2830,"date":"2026-09-03T19:17:06","date_gmt":"2026-09-03T17:17:06","guid":{"rendered":"https:\/\/agora.xtec.cat\/ieslaferreria\/?page_id=2830"},"modified":"2026-09-03T19:20:44","modified_gmt":"2026-09-03T17:20:44","slug":"avis-important-8-de-setembre-vaga","status":"publish","type":"page","link":"https:\/\/agora.xtec.cat\/ieslaferreria\/avis-important-8-de-setembre-vaga\/","title":{"rendered":"<span style=\"color: red;\">AV\u00cdS IMPORTANT: 8 de setembre vaga<\/span>"},"content":{"rendered":"<h3><\/h3>\n<h3><strong>El dia 8 de setembre hi ha convocada una jornada de vaga.<\/strong><\/h3>\n<p>&nbsp;<\/p>\n<p>Com ja us hav\u00edem informat el dia 8 ten\u00edem programades les acollides d\u2019inici de curs. No podem garantir que tots els tutors\/es estiguin al centre i que les acollides es puguin realitzar de manera correcta.<\/p>\n<p>Per aquest motiu us informem que:<\/p>\n<ul>\n<li>Les acollides es realitzaran el dia 9 de setembre.<\/li>\n<li>Els grups de 1r ESO estan convocats a les 10h<\/li>\n<li>Els grups de 2n, 3r, 4t i 1r i 2n de Batxillerat estan convocats a les 10.30h<\/li>\n<li>Els grups de 1r i 2n de CF Grau b\u00e0sic estan convocats a les 10h<\/li>\n<li>Despr\u00e9s de les acollides hi haur\u00e0 classe ordin\u00e0ria (fins a les 13.30h 1r i 2n de grau b\u00e0sic i fins les 14.30h ESO i Batxillerat)<\/li>\n<\/ul>\n<p>El dia 8 de setembre:<\/p>\n<ul>\n<li>El centre romandr\u00e0 obert en l\u2019horari habitual<\/li>\n<li>Es compliran els serveis m\u00ednims establerts per la llei.<\/li>\n<\/ul>\n","protected":false},"excerpt":{"rendered":"<p>El dia 8 de setembre hi ha convocada una jornada de vaga.<br \/>\n&nbsp;<br \/>\nCom ja us hav\u00edem informat el dia 8 ten\u00edem programades les acollides d\u2019inici de curs. No podem garantir que tots els tutors\/es estiguin al centre i que les acollides es puguin realitzar de manera&hellip;  <a href=\"https:\/\/agora.xtec.cat\/ieslaferreria\/avis-important-8-de-setembre-vaga\/\" title=\"Read <span style=\"color: red;\">AV\u00cdS IMPORTANT: 8 de setembre vaga<\/span>&#8220;>Llegeix m\u00e9s\u00bb<\/a><\/p>\n","protected":false},"author":1,"featured_media":0,"parent":0,"menu_order":0,"comment_status":"closed","ping_status":"closed","template":"","meta":{"_bbp_topic_count":0,"_bbp_reply_count":0,"_bbp_total_topic_count":0,"_bbp_total_reply_count":0,"_bbp_voice_count":0,"_bbp_anonymous_reply_count":0,"_bbp_topic_count_hidden":0,"_bbp_reply_count_hidden":0,"_bbp_forum_subforum_count":0,"footnotes":""},"class_list":["post-2830","page","type-page","status-publish","hentry"],"post_mailing_queue_ids":[],"_links":{"self":[{"href":"https:\/\/agora.xtec.cat\/ieslaferreria\/wp-json\/wp\/v2\/pages\/2830","targetHints":{"allow":["GET"]}}],"collection":[{"href":"https:\/\/agora.xtec.cat\/ieslaferreria\/wp-json\/wp\/v2\/pages"}],"about":[{"href":"https:\/\/agora.xtec.cat\/ieslaferreria\/wp-json\/wp\/v2\/types\/page"}],"author":[{"embeddable":true,"href":"https:\/\/agora.xtec.cat\/ieslaferreria\/wp-json\/wp\/v2\/users\/1"}],"replies":[{"embeddable":true,"href":"https:\/\/agora.xtec.cat\/ieslaferreria\/wp-json\/wp\/v2\/comments?post=2830"}],"version-history":[{"count":3,"href":"https:\/\/agora.xtec.cat\/ieslaferreria\/wp-json\/wp\/v2\/pages\/2830\/revisions"}],"predecessor-version":[{"id":2835,"href":"https:\/\/agora.xtec.cat\/ieslaferreria\/wp-json\/wp\/v2\/pages\/2830\/revisions\/2835"}],"wp:attachment":[{"href":"https:\/\/agora.xtec.cat\/ieslaferreria\/wp-json\/wp\/v2\/media?parent=2830"}],"curies":[{"name":"wp","href":"https:\/\/api.w.org\/{rel}","templated":true}]}}

<span style="color: red;">AVÍS IMPORTANT: 8 de setembre vaga</span>

<h3></h3>
<h3><strong>El dia 8 de setembre hi ha convocada una jornada de vaga.</strong></h3>
<p>&nbsp;</p>
<p>Com ja us havíem informat el dia 8 teníem programades les acollides d’inici de curs. No podem garantir que tots els tutors/es estiguin al centre i que les acollides es puguin realitzar de manera correcta.</p>
<p>Per aquest motiu us informem que:</p>
<ul>
<li>Les acollides es realitzaran el dia 9 de setembre.</li>
<li>Els grups de 1r ESO estan convocats a les 10h</li>
<li>Els grups de 2n, 3r, 4t i 1r i 2n de Batxillerat estan convocats a les 10.30h</li>
<li>Els grups de 1r i 2n de CF Grau bàsic estan convocats a les 10h</li>
<li>Després de les acollides hi haurà classe ordinària (fins a les 13.30h 1r i 2n de grau bàsic i fins les 14.30h ESO i Batxillerat)</li>
</ul>
<p>El dia 8 de setembre:</p>
<ul>
<li>El centre romandrà obert en l’horari habitual</li>
<li>Es compliran els serveis mínims establerts per la llei.</li>
</ul>

<p>El dia 8 de setembre hi ha convocada una jornada de vaga.<br />
&nbsp;<br />
Com ja us havíem informat el dia 8 teníem programades les acollides d’inici de curs. No podem garantir que tots els tutors/es estiguin al centre i que les acollides es puguin realitzar de manera&hellip;  <a href="https://agora.xtec.cat/ieslaferreria/avis-important-8-de-setembre-vaga/" title="Read <span style="color: red;">AVÍS IMPORTANT: 8 de setembre vaga</span>&#8220;>Llegeix més»</a></p>
